{"text_format":"2","workbook":"xlsx","n_sheets":13,"sheets":["Instructions","Sheet1","Total","Total Data","Unic Is Co","Unic Is Co Data","Coupeville","Coupeville Data","Langley","Langley Data","Oak Harbor","Oak Harbor Data","NAICS"],"not_rendered":{"charts":5,"images":6,"macros":0,"external_links":0,"defined_names":5,"comments":0,"pivot_tables":5},"unopened":[],"bounds":{"document_bytes":16777216,"sheet_cells":100000,"run_cost":"one","rows_first":2000,"rows_last":500,"rows_between":2000,"halvings":0,"cell_chars":16384,"cell_head_chars":4096},"cells_cut":0,"cells_raw":0,"read":"whole","date_system":"1900"}

{"sheet":"Instructions","index":0,"n_rows":0,"n_cols":0,"rows_kept":0,"cut":false,"hidden":false,"merged":[]}

{"sheet":"Sheet1","index":1,"n_rows":0,"n_cols":0,"rows_kept":0,"cut":false,"hidden":false,"merged":[]}

{"sheet":"Total","index":2,"n_rows":37,"n_cols":23,"rows_kept":37,"cut":false,"hidden":false,"merged":[[0,2,0,6]]}
["NAICS","(All)",{"$f":"VLOOKUP(B1,NAICS!A1:B2600,2,FALSE)","v":{"$error":"#N/A"}}]
[]
["Sum of Total Taxable","Column Labels",{"$nulls":19},"Code","Industry Title"]
["Row Labels","Coupeville","Langley","Oak Harbor","Unic Is Co","Grand Total",{"$nulls":15},11,"Agriculture, Forestry, Fishing and Hunting"]
["2014 Quarter 1",8777594,7397435,72683696,86719458,175578183,{"$nulls":15},21,"Mining"]
["2014 Quarter 2",10657288,9145967,80928322,94258126,194989703,{"$nulls":15},22,"Utilities"]
["2014 Quarter 3",11924741,11487725,83749226,105853873,213015565,{"$nulls":15},23,"Construction"]
["2014 Quarter 4",10237937,9154497,81271950,105315571,205979955,{"$nulls":15},"31-33","Manufacturing"]
["2015 Quarter 1",9519402,7811245,75790719,97265379,190386745,{"$nulls":15},42,"Wholesale Trade"]
["2015 Quarter 2",11073628,8989338,87666274,112560763,220290003,{"$nulls":15},"44-45","Retail Trade"]
["2015 Quarter 3",12691867,12271285,92829278,117678010,235470440,{"$nulls":15},"48-49","Transportation and Warehousing"]
["2015 Quarter 4",14284608,10506084,90965132,113395164,229150988,{"$nulls":15},51,"Information"]
["2016 Quarter 1",15076444,8312506,85008881,103794931,212192762,{"$nulls":15},52,"Finance and Insurance"]
["2016 Quarter 2",16452080,10359931,102904792,121095892,250812695,{"$nulls":15},53,"Real Estate Rental and Leasing"]
["2016 Quarter 3",18081679,13416735,105459441,136129231,273087086,{"$nulls":15},54,"Professional, Scientific, and Technical Services"]
["2016 Quarter 4",17726155,11985075,100246743,130213240,260171213,{"$nulls":15},55,"Management of Companies and Enterprises"]
["2017 Quarter 1",19355964,9468342,94892000,119451295,243167601,{"$nulls":15},56,"Administrative and Support and Waste Management and Remediation Services"]
["2017 Quarter 2",19011181,11640437,110568703,145012384,286232705,{"$nulls":15},61,"Educational Services"]
["2017 Quarter 3",17093582,14248505,116593598,156299435,304235120,{"$nulls":15},62,"Health Care and Social Assistance"]
["2017 Quarter 4",14179705,12508426,117482190,151012864,295183185,{"$nulls":15},71,"Arts, Entertainment, and Recreation"]
["2018 Quarter 1",13911536,10242984,110736525,138025689,272916734,{"$nulls":15},72,"Accommodation and Food Services"]
["2018 Quarter 2",16990270,12317065,123303018,161181907,313792260,{"$nulls":15},81,"Other Services (except Public Administration)"]
["2018 Quarter 3",17830355,14888961,126765864,170380580,329865760,{"$nulls":15},92,"Public Administration"]
["2018 Quarter 4",17887550,12403616,125515949,168591123,324398238]
["2019 Quarter 1",14677218,10249339,103242737,148049413,276218707]
["2019 Quarter 2",15736306,13460624,121208046,183790832,334195808]
["2019 Quarter 3",17164628,16212690,116898880,192719796,342995994]
["2019 Quarter 4",15728175,14230334,119392794,182011934,331363237,null,null,null,"Coupeville","Langley","Oak Harbor","Unic Is Co","All Locations"]
["2020 Quarter 1",13036976,10470110,105943414,162002235,291452735,null,null,"Median",{"$f":"MEDIAN(B5:B37)","v":16064193},{"$f":"MEDIAN(C5:C37)","v":11985075},{"$f":"MEDIAN(D5:D37)","v":110736525},{"$f":"MEDIAN(E5:E37)","v":151012864},{"$f":"MEDIAN(F5:F37)","v":291452735}]
["2021 Quarter 2",19290789,14364768,147319403,244800603,425775563,null,null,"Average",{"$f":"AVERAGE(B5:B37)","v":15408241},{"$f":"AVERAGE(C5:C37)","v":11877221.909090908},{"$f":"AVERAGE(D5:D37)","v":110336970},{"$f":"AVERAGE(E5:E37)","v":157237506.24242425},{"$f":"AVERAGE(F5:F37)","v":294859939.15151513}]
["2021 Quarter 3",21195670,17499629,146741238,251947761,437384298,null,null,"Minimum",{"$f":"MIN(B5:B37)","v":8777594},{"$f":"MIN(C5:C37)","v":7397435},{"$f":"MIN(D5:D37)","v":72683696},{"$f":"MIN(E5:E37)","v":86719458},{"$f":"MIN(F5:F37)","v":175578183}]
["2021 Quarter 4",18631063,14692489,144963790,244576913,422864255,null,null,"Maximum",{"$f":"MAX(B5:B37)","v":21195670},{"$f":"MAX(C5:C37)","v":17499629},{"$f":"MAX(D5:D37)","v":147319403},{"$f":"MAX(E5:E37)","v":251947761},{"$f":"MAX(F5:F37)","v":437384298}]
["2022 Quarter 1",17541632,13558046,136153112,232547964,399800754,null,null,"Yr Over Yr",{"$f":"B37-B33","v":-1477439},{"$f":"C37-C33","v":-2086496},{"$f":"D37-D33","v":-11374048},{"$f":"E37-E33","v":-27149219},{"$f":"F37-F33","v":-42087202}]
["2020 Quarter 2",12809076,9163680,120675843,174520115,317168714,null,null,"Yr Over Yr % Change",{"$f":"J$33/B$33","v":-8.4224717517731529E-2},{"$f":"K$33/C$33","v":-0.15389356253843658},{"$f":"L$33/D$33","v":-8.353865609770271E-2},{"$f":"M$33/E$33","v":-0.11674674993069387},{"$f":"N$33/F$33","v":-0.10527044178611029}]
["2020 Quarter 3",16928656,14149771,132288990,213235467,376602884]
["2020 Quarter 4",16904005,13869134,136150398,219001013,385924550]
["2021 Quarter 1",16064193,11471550,124779064,205398745,357713552]

{"sheet":"Total Data","index":3,"n_rows":3016,"n_cols":6,"rows_kept":3016,"cut":false,"hidden":true,"merged":[]}
["Location","Year","Tax Type","NAICS","Total Taxable","Units"]
["Unic Is Co","2014 Quarter 1","Sales",11,176914,15]
["Unic Is Co","2014 Quarter 1","Sales",21,"D","D"]
["Unic Is Co","2014 Quarter 1","Sales",22,280779,8]
["Unic Is Co","2014 Quarter 1","Sales",23,24733929,885]
["Unic Is Co","2014 Quarter 1","Sales",31,225294,90]
["Unic Is Co","2014 Quarter 1","Sales",32,910590,84]
["Unic Is Co","2014 Quarter 1","Sales",33,1162225,124]
["Unic Is Co","2014 Quarter 1","Sales",42,9522825,730]
["Unic Is Co","2014 Quarter 1","Sales",44,16758051,642]
["Unic Is Co","2014 Quarter 1","Sales",45,9724053,769]
["Unic Is Co","2014 Quarter 1","Sales",48,211267,12]
["Unic Is Co","2014 Quarter 1","Sales",49,5929,4]
["Unic Is Co","2014 Quarter 1","Sales",51,7924398,222]
["Unic Is Co","2014 Quarter 1","Sales",52,212244,41]
["Unic Is Co","2014 Quarter 1","Sales",53,814498,125]
["Unic Is Co","2014 Quarter 1","Sales",54,1355087,189]
["Unic Is Co","2014 Quarter 1","Sales",56,3341513,314]
["Unic Is Co","2014 Quarter 1","Sales",61,192201,45]
["Unic Is Co","2014 Quarter 1","Sales",62,115461,29]
["Unic Is Co","2014 Quarter 1","Sales",71,1389064,40]
["Unic Is Co","2014 Quarter 1","Sales",72,4729181,97]
["Unic Is Co","2014 Quarter 1","Sales",81,2888416,192]
["Unic Is Co","2014 Quarter 1","Sales",92,45539,6]
["Coupeville","2014 Quarter 1","Sales",11,13138,3]
["Coupeville","2014 Quarter 1","Sales",23,1308194,150]
["Coupeville","2014 Quarter 1","Sales",31,74032,18]
["Coupeville","2014 Quarter 1","Sales",32,50203,29]
["Coupeville","2014 Quarter 1","Sales",33,150082,28]
["Coupeville","2014 Quarter 1","Sales",42,1288290,315]
["Coupeville","2014 Quarter 1","Sales",44,1499059,262]
["Coupeville","2014 Quarter 1","Sales",45,1082747,354]
["Coupeville","2014 Quarter 1","Sales",49,"D","D"]
["Coupeville","2014 Quarter 1","Sales",51,644543,113]
["Coupeville","2014 Quarter 1","Sales",52,63680,25]
["Coupeville","2014 Quarter 1","Sales",53,87265,50]
["Coupeville","2014 Quarter 1","Sales",54,387872,83]
["Coupeville","2014 Quarter 1","Sales",56,310898,92]
["Coupeville","2014 Quarter 1","Sales",61,9360,16]
["Coupeville","2014 Quarter 1","Sales",62,116315,9]
["Coupeville","2014 Quarter 1","Sales",71,77206,7]
["Coupeville","2014 Quarter 1","Sales",72,1415167,28]
["Coupeville","2014 Quarter 1","Sales",81,197219,44]
["Coupeville","2014 Quarter 1","Sales",92,2324,3]
["Langley","2014 Quarter 1","Sales",11,"D","D"]
["Langley","2014 Quarter 1","Sales",22,"D","D"]
["Langley","2014 Quarter 1","Sales",23,1306304,119]
["Langley","2014 Quarter 1","Sales",31,70862,19]
["Langley","2014 Quarter 1","Sales",32,47105,22]
["Langley","2014 Quarter 1","Sales",33,41624,14]
["Langley","2014 Quarter 1","Sales",42,985637,238]
["Langley","2014 Quarter 1","Sales",44,582040,210]
["Langley","2014 Quarter 1","Sales",45,1581043,304]
["Langley","2014 Quarter 1","Sales",48,"D","D"]
["Langley","2014 Quarter 1","Sales",51,285165,97]
["Langley","2014 Quarter 1","Sales",52,53648,25]
["Langley","2014 Quarter 1","Sales",53,58633,38]
["Langley","2014 Quarter 1","Sales",54,107977,69]
["Langley","2014 Quarter 1","Sales",56,298641,71]
["Langley","2014 Quarter 1","Sales",61,5865,14]
["Langley","2014 Quarter 1","Sales",62,1173,7]
["Langley","2014 Quarter 1","Sales",71,30494,7]
["Langley","2014 Quarter 1","Sales",72,1667480,12]
["Langley","2014 Quarter 1","Sales",81,273744,43]
["Oak Harbor","2014 Quarter 1","Sales",11,"D","D"]
["Oak Harbor","2014 Quarter 1","Sales",21,"D","D"]
["Oak Harbor","2014 Quarter 1","Sales",22,101351,3]
["Oak Harbor","2014 Quarter 1","Sales",23,5260207,384]
["Oak Harbor","2014 Quarter 1","Sales",31,215978,51]
["Oak Harbor","2014 Quarter 1","Sales",32,675797,62]
["Oak Harbor","2014 Quarter 1","Sales",33,264533,81]
["Oak Harbor","2014 Quarter 1","Sales",42,4118616,682]
["Oak Harbor","2014 Quarter 1","Sales",44,22976557,480]
["Oak Harbor","2014 Quarter 1","Sales",45,17429363,674]
["Oak Harbor","2014 Quarter 1","Sales",48,13545,3]
["Oak Harbor","2014 Quarter 1","Sales",49,"D","D"]
["Oak Harbor","2014 Quarter 1","Sales",51,3604496,224]
["Oak Harbor","2014 Quarter 1","Sales",52,583975,51]
["Oak Harbor","2014 Quarter 1","Sales",53,1389978,113]
["Oak Harbor","2014 Quarter 1","Sales",54,1146350,166]
["Oak Harbor","2014 Quarter 1","Sales",56,1180323,195]
["Oak Harbor","2014 Quarter 1","Sales",61,114627,37]
["Oak Harbor","2014 Quarter 1","Sales",62,18340,17]
["Oak Harbor","2014 Quarter 1","Sales",71,759676,16]
["Oak Harbor","2014 Quarter 1","Sales",72,10771963,72]
["Oak Harbor","2014 Quarter 1","Sales",81,2041662,150]
["Oak Harbor","2014 Quarter 1","Sales",92,16359,4]
["Unic Is Co","2014 Quarter 2","Sales",11,167909,17]
["Unic Is Co","2014 Quarter 2","Sales",21,51166,3]
["Unic Is Co","2014 Quarter 2","Sales",22,289518,10]
["Unic Is Co","2014 Quarter 2","Sales",23,26001234,959]
["Unic Is Co","2014 Quarter 2","Sales",31,334957,96]
["Unic Is Co","2014 Quarter 2","Sales",32,1481837,89]
["Unic Is Co","2014 Quarter 2","Sales",33,584194,131]
["Unic Is Co","2014 Quarter 2","Sales",42,6379630,670]
["Unic Is Co","2014 Quarter 2","Sales",44,21775395,673]
["Unic Is Co","2014 Quarter 2","Sales",45,9406826,830]
["Unic Is Co","2014 Quarter 2","Sales",48,121095,11]
["Unic Is Co","2014 Quarter 2","Sales",49,12505,3]
["Unic Is Co","2014 Quarter 2","Sales",51,7751643,203]
["Unic Is Co","2014 Quarter 2","Sales",52,283092,46]
["Unic Is Co","2014 Quarter 2","Sales",53,1326315,141]
["Unic Is Co","2014 Quarter 2","Sales",54,1640746,199]
["Unic Is Co","2014 Quarter 2","Sales",56,4589078,322]
["Unic Is Co","2014 Quarter 2","Sales",61,246386,48]
["Unic Is Co","2014 Quarter 2","Sales",62,133740,31]
["Unic Is Co","2014 Quarter 2","Sales",71,2283196,37]
["Unic Is Co","2014 Quarter 2","Sales",72,6398861,109]
["Unic Is Co","2014 Quarter 2","Sales",81,2972359,174]
["Unic Is Co","2014 Quarter 2","Sales",92,26444,3]
["Coupeville","2014 Quarter 2","Sales",11,47960,4]
["Coupeville","2014 Quarter 2","Sales",22,"D","D"]
["Coupeville","2014 Quarter 2","Sales",23,1633220,178]
["Coupeville","2014 Quarter 2","Sales",31,118034,20]
["Coupeville","2014 Quarter 2","Sales",32,65831,31]
["Coupeville","2014 Quarter 2","Sales",33,338766,26]
["Coupeville","2014 Quarter 2","Sales",42,1237663,327]
["Coupeville","2014 Quarter 2","Sales",44,1662347,283]
["Coupeville","2014 Quarter 2","Sales",45,1290782,358]
["Coupeville","2014 Quarter 2","Sales",49,"D","D"]
["Coupeville","2014 Quarter 2","Sales",51,684746,123]
["Coupeville","2014 Quarter 2","Sales",52,60493,24]
["Coupeville","2014 Quarter 2","Sales",53,100365,48]
["Coupeville","2014 Quarter 2","Sales",54,397762,80]
["Coupeville","2014 Quarter 2","Sales",56,414898,87]
["Coupeville","2014 Quarter 2","Sales",61,88957,19]
["Coupeville","2014 Quarter 2","Sales",62,117296,11]
["Coupeville","2014 Quarter 2","Sales",71,84510,9]
["Coupeville","2014 Quarter 2","Sales",72,2034103,29]
["Coupeville","2014 Quarter 2","Sales",81,279555,53]
["Coupeville","2014 Quarter 2","Sales",92,"D","D"]
["Langley","2014 Quarter 2","Sales",11,"D","D"]
["Langley","2014 Quarter 2","Sales",22,"D","D"]
["Langley","2014 Quarter 2","Sales",23,1756797,134]
["Langley","2014 Quarter 2","Sales",31,103285,17]
["Langley","2014 Quarter 2","Sales",32,105225,28]
["Langley","2014 Quarter 2","Sales",33,40392,22]
["Langley","2014 Quarter 2","Sales",42,711946,230]
["Langley","2014 Quarter 2","Sales",44,665256,230]
["Langley","2014 Quarter 2","Sales",45,2018143,337]
["Langley","2014 Quarter 2","Sales",48,"D","D"]
["Langley","2014 Quarter 2","Sales",51,377120,97]
["Langley","2014 Quarter 2","Sales",52,60448,29]
["Langley","2014 Quarter 2","Sales",53,66766,44]
["Langley","2014 Quarter 2","Sales",54,151636,67]
["Langley","2014 Quarter 2","Sales",56,284378,65]
["Langley","2014 Quarter 2","Sales",61,14764,19]
["Langley","2014 Quarter 2","Sales",62,2422,5]
["Langley","2014 Quarter 2","Sales",71,38768,6]
["Langley","2014 Quarter 2","Sales",72,2373439,14]
["Langley","2014 Quarter 2","Sales",81,375182,42]
["Langley","2014 Quarter 2","Sales",92,"D","D"]
["Oak Harbor","2014 Quarter 2","Sales",11,7604,4]
["Oak Harbor","2014 Quarter 2","Sales",22,173820,3]
["Oak Harbor","2014 Quarter 2","Sales",23,6029851,414]
["Oak Harbor","2014 Quarter 2","Sales",31,332790,45]
["Oak Harbor","2014 Quarter 2","Sales",32,1027741,74]
["Oak Harbor","2014 Quarter 2","Sales",33,477301,105]
["Oak Harbor","2014 Quarter 2","Sales",42,4028002,648]
["Oak Harbor","2014 Quarter 2","Sales",44,27745823,501]
["Oak Harbor","2014 Quarter 2","Sales",45,16935654,715]
["Oak Harbor","2014 Quarter 2","Sales",48,39311,5]
["Oak Harbor","2014 Quarter 2","Sales",49,4809,3]
["Oak Harbor","2014 Quarter 2","Sales",51,3789611,223]
["Oak Harbor","2014 Quarter 2","Sales",52,786250,56]
["Oak Harbor","2014 Quarter 2","Sales",53,1639305,104]
["Oak Harbor","2014 Quarter 2","Sales",54,1214555,164]
["Oak Harbor","2014 Quarter 2","Sales",56,1579350,193]
["Oak Harbor","2014 Quarter 2","Sales",61,137978,44]
["Oak Harbor","2014 Quarter 2","Sales",62,19152,19]
["Oak Harbor","2014 Quarter 2","Sales",71,832482,19]
["Oak Harbor","2014 Quarter 2","Sales",72,12105678,75]
["Oak Harbor","2014 Quarter 2","Sales",81,2021255,164]
["Oak Harbor","2014 Quarter 2","Sales",92,"D","D"]
["Unic Is Co","2014 Quarter 3","Sales",11,229768,15]
["Unic Is Co","2014 Quarter 3","Sales",21,86391,3]
["Unic Is Co","2014 Quarter 3","Sales",22,326725,7]
["Unic Is Co","2014 Quarter 3","Sales",23,29544012,993]
["Unic Is Co","2014 Quarter 3","Sales",31,354730,93]
["Unic Is Co","2014 Quarter 3","Sales",32,1592297,94]
["Unic Is Co","2014 Quarter 3","Sales",33,1171791,137]
["Unic Is Co","2014 Quarter 3","Sales",42,6149173,706]
["Unic Is Co","2014 Quarter 3","Sales",44,23698736,681]
["Unic Is Co","2014 Quarter 3","Sales",45,10820724,879]
["Unic Is Co","2014 Quarter 3","Sales",48,152612,9]
["Unic Is Co","2014 Quarter 3","Sales",49,"D","D"]
["Unic Is Co","2014 Quarter 3","Sales",51,7433090,234]
["Unic Is Co","2014 Quarter 3","Sales",52,280993,45]
["Unic Is Co","2014 Quarter 3","Sales",53,2134068,133]
["Unic Is Co","2014 Quarter 3","Sales",54,1636627,194]
["Unic Is Co","2014 Quarter 3","Sales",56,5033781,309]
["Unic Is Co","2014 Quarter 3","Sales",61,452327,49]
["Unic Is Co","2014 Quarter 3","Sales",62,134473,30]
["Unic Is Co","2014 Quarter 3","Sales",71,3164868,45]
["Unic Is Co","2014 Quarter 3","Sales",72,8395998,122]
["Unic Is Co","2014 Quarter 3","Sales",81,3022565,185]
["Unic Is Co","2014 Quarter 3","Sales",92,38124,4]
["Coupeville","2014 Quarter 3","Sales",11,52960,4]
["Coupeville","2014 Quarter 3","Sales",22,"D","D"]
["Coupeville","2014 Quarter 3","Sales",23,1218272,165]
["Coupeville","2014 Quarter 3","Sales",31,185174,19]
["Coupeville","2014 Quarter 3","Sales",32,123153,32]
["Coupeville","2014 Quarter 3","Sales",33,132812,40]
["Coupeville","2014 Quarter 3","Sales",42,1215657,334]
["Coupeville","2014 Quarter 3","Sales",44,1987283,285]
["Coupeville","2014 Quarter 3","Sales",45,1514636,386]
["Coupeville","2014 Quarter 3","Sales",51,876629,121]
["Coupeville","2014 Quarter 3","Sales",52,44648,25]
["Coupeville","2014 Quarter 3","Sales",53,137286,46]
["Coupeville","2014 Quarter 3","Sales",54,534328,80]
["Coupeville","2014 Quarter 3","Sales",56,450560,80]
["Coupeville","2014 Quarter 3","Sales",61,16074,19]
["Coupeville","2014 Quarter 3","Sales",62,121602,11]
["Coupeville","2014 Quarter 3","Sales",71,118867,14]
["Coupeville","2014 Quarter 3","Sales",72,2969594,29]
["Coupeville","2014 Quarter 3","Sales",81,225206,51]
["Coupeville","2014 Quarter 3","Sales",92,"D","D"]
["Langley","2014 Quarter 3","Sales",11,"D","D"]
["Langley","2014 Quarter 3","Sales",22,"D","D"]
["Langley","2014 Quarter 3","Sales",23,1927903,132]
["Langley","2014 Quarter 3","Sales",31,142239,20]
["Langley","2014 Quarter 3","Sales",32,109173,27]
["Langley","2014 Quarter 3","Sales",33,49018,23]
["Langley","2014 Quarter 3","Sales",42,646650,259]
["Langley","2014 Quarter 3","Sales",44,763610,225]
["Langley","2014 Quarter 3","Sales",45,2508465,348]
["Langley","2014 Quarter 3","Sales",48,"D","D"]
["Langley","2014 Quarter 3","Sales",51,563065,109]
["Langley","2014 Quarter 3","Sales",52,85067,29]
["Langley","2014 Quarter 3","Sales",53,90075,45]
["Langley","2014 Quarter 3","Sales",54,155363,66]
["Langley","2014 Quarter 3","Sales",56,289857,78]
["Langley","2014 Quarter 3","Sales",61,11290,14]
["Langley","2014 Quarter 3","Sales",62,1787,9]
["Langley","2014 Quarter 3","Sales",71,61804,12]
["Langley","2014 Quarter 3","Sales",72,3657272,20]
["Langley","2014 Quarter 3","Sales",81,425087,40]
["Langley","2014 Quarter 3","Sales",92,"D","D"]
["Oak Harbor","2014 Quarter 3","Sales",11,"D","D"]
["Oak Harbor","2014 Quarter 3","Sales",22,252288,3]
["Oak Harbor","2014 Quarter 3","Sales",23,7454531,418]
["Oak Harbor","2014 Quarter 3","Sales",31,404612,35]
["Oak Harbor","2014 Quarter 3","Sales",32,1100647,68]
["Oak Harbor","2014 Quarter 3","Sales",33,419672,83]
["Oak Harbor","2014 Quarter 3","Sales",42,3649704,666]
["Oak Harbor","2014 Quarter 3","Sales",44,27254302,508]
["Oak Harbor","2014 Quarter 3","Sales",45,17362494,705]
["Oak Harbor","2014 Quarter 3","Sales",48,68978,5]
["Oak Harbor","2014 Quarter 3","Sales",49,"D","D"]
["Oak Harbor","2014 Quarter 3","Sales",51,3562232,228]
["Oak Harbor","2014 Quarter 3","Sales",52,826825,57]
["Oak Harbor","2014 Quarter 3","Sales",53,1670674,113]
["Oak Harbor","2014 Quarter 3","Sales",54,1467954,174]
["Oak Harbor","2014 Quarter 3","Sales",56,1537678,191]
["Oak Harbor","2014 Quarter 3","Sales",61,174997,43]
["Oak Harbor","2014 Quarter 3","Sales",62,19006,21]
["Oak Harbor","2014 Quarter 3","Sales",71,936832,22]
["Oak Harbor","2014 Quarter 3","Sales",72,13383325,79]
["Oak Harbor","2014 Quarter 3","Sales",81,2202475,141]
["Oak Harbor","2014 Quarter 3","Sales",92,"D","D"]
["Unic Is Co","2014 Quarter 4","Sales",11,311256,41]
["Unic Is Co","2014 Quarter 4","Sales",21,"D","D"]
["Unic Is Co","2014 Quarter 4","Sales",22,316346,6]
["Unic Is Co","2014 Quarter 4","Sales",23,31730407,1045]
["Unic Is Co","2014 Quarter 4","Sales",31,339733,139]
["Unic Is Co","2014 Quarter 4","Sales",32,1254524,116]
["Unic Is Co","2014 Quarter 4","Sales",33,891515,171]
["Unic Is Co","2014 Quarter 4","Sales",42,7440942,792]
["Unic Is Co","2014 Quarter 4","Sales",44,20210010,771]
["Unic Is Co","2014 Quarter 4","Sales",45,13962090,1272]
["Unic Is Co","2014 Quarter 4","Sales",48,270642,17]
["Unic Is Co","2014 Quarter 4","Sales",49,21743,6]
["Unic Is Co","2014 Quarter 4","Sales",51,7944637,255]
["Unic Is Co","2014 Quarter 4","Sales",52,382061,49]
["Unic Is Co","2014 Quarter 4","Sales",53,1585456,161]
["Unic Is Co","2014 Quarter 4","Sales",54,1733846,305]
["Unic Is Co","2014 Quarter 4","Sales",55,"D","D"]
["Unic Is Co","2014 Quarter 4","Sales",56,5087911,409]
["Unic Is Co","2014 Quarter 4","Sales",61,229931,60]
["Unic Is Co","2014 Quarter 4","Sales",62,174537,37]
["Unic Is Co","2014 Quarter 4","Sales",71,1522594,116]
["Unic Is Co","2014 Quarter 4","Sales",72,6423520,163]
["Unic Is Co","2014 Quarter 4","Sales",81,3440377,238]
["Unic Is Co","2014 Quarter 4","Sales",92,41493,3]
["Coupeville","2014 Quarter 4","Sales",11,72255,7]
["Coupeville","2014 Quarter 4","Sales",21,"D","D"]
["Coupeville","2014 Quarter 4","Sales",22,"D","D"]
["Coupeville","2014 Quarter 4","Sales",23,1266257,150]
["Coupeville","2014 Quarter 4","Sales",31,110310,30]
["Coupeville","2014 Quarter 4","Sales",32,113415,40]
["Coupeville","2014 Quarter 4","Sales",33,121473,35]
["Coupeville","2014 Quarter 4","Sales",42,1277882,350]
["Coupeville","2014 Quarter 4","Sales",44,1748419,308]
["Coupeville","2014 Quarter 4","Sales",45,1519120,487]
["Coupeville","2014 Quarter 4","Sales",48,8223,3]
["Coupeville","2014 Quarter 4","Sales",49,"D","D"]
["Coupeville","2014 Quarter 4","Sales",51,675418,136]
["Coupeville","2014 Quarter 4","Sales",52,51060,24]
["Coupeville","2014 Quarter 4","Sales",53,99146,45]
["Coupeville","2014 Quarter 4","Sales",54,519505,108]
["Coupeville","2014 Quarter 4","Sales",56,553526,111]
["Coupeville","2014 Quarter 4","Sales",61,25391,18]
["Coupeville","2014 Quarter 4","Sales",62,121750,12]
["Coupeville","2014 Quarter 4","Sales",71,103830,23]
["Coupeville","2014 Quarter 4","Sales",72,1560917,35]
["Coupeville","2014 Quarter 4","Sales",81,288555,64]
["Coupeville","2014 Quarter 4","Sales",92,1485,3]
["Langley","2014 Quarter 4","Sales",11,1465,3]
["Langley","2014 Quarter 4","Sales",22,"D","D"]
["Langley","2014 Quarter 4","Sales",23,1011162,126]
["Langley","2014 Quarter 4","Sales",31,81938,25]
["Langley","2014 Quarter 4","Sales",32,89204,29]
["Langley","2014 Quarter 4","Sales",33,18049,22]
["Langley","2014 Quarter 4","Sales",42,764899,261]
["Langley","2014 Quarter 4","Sales",44,1100488,263]
["Langley","2014 Quarter 4","Sales",45,2367643,435]
["Langley","2014 Quarter 4","Sales",48,"D","D"]
["Langley","2014 Quarter 4","Sales",49,"D","D"]
["Langley","2014 Quarter 4","Sales",51,376827,111]
["Langley","2014 Quarter 4","Sales",52,87179,27]
["Langley","2014 Quarter 4","Sales",53,76443,36]
["Langley","2014 Quarter 4","Sales",54,334696,81]
["Langley","2014 Quarter 4","Sales",56,375170,83]
["Langley","2014 Quarter 4","Sales",61,79241,19]
["Langley","2014 Quarter 4","Sales",62,1083,8]
["Langley","2014 Quarter 4","Sales",71,122236,19]
["Langley","2014 Quarter 4","Sales",72,1892554,20]
["Langley","2014 Quarter 4","Sales",81,374220,47]
["Langley","2014 Quarter 4","Sales",92,"D","D"]
["Oak Harbor","2014 Quarter 4","Sales",11,41377,9]
["Oak Harbor","2014 Quarter 4","Sales",21,"D","D"]
["Oak Harbor","2014 Quarter 4","Sales",22,72950,3]
["Oak Harbor","2014 Quarter 4","Sales",23,6647875,444]
["Oak Harbor","2014 Quarter 4","Sales",31,272219,56]
["Oak Harbor","2014 Quarter 4","Sales",32,858106,75]
["Oak Harbor","2014 Quarter 4","Sales",33,597192,110]
["Oak Harbor","2014 Quarter 4","Sales",42,3609283,695]
["Oak Harbor","2014 Quarter 4","Sales",44,25610162,572]
["Oak Harbor","2014 Quarter 4","Sales",45,19797159,979]
["Oak Harbor","2014 Quarter 4","Sales",48,44558,7]
["Oak Harbor","2014 Quarter 4","Sales",49,2652,4]
["Oak Harbor","2014 Quarter 4","Sales",51,3971404,246]
["Oak Harbor","2014 Quarter 4","Sales",52,752305,57]
["Oak Harbor","2014 Quarter 4","Sales",53,1379590,123]
["Oak Harbor","2014 Quarter 4","Sales",54,1801789,226]
["Oak Harbor","2014 Quarter 4","Sales",56,1515035,231]
["Oak Harbor","2014 Quarter 4","Sales",61,58977,41]
["Oak Harbor","2014 Quarter 4","Sales",62,55191,21]
["Oak Harbor","2014 Quarter 4","Sales",71,830046,35]
["Oak Harbor","2014 Quarter 4","Sales",72,11083775,76]
["Oak Harbor","2014 Quarter 4","Sales",81,2270305,177]
["Oak Harbor","2014 Quarter 4","Sales",92,"D","D"]
["Unic Is Co","2015 Quarter 1","Sales",11,153143,15]
["Unic Is Co","2015 Quarter 1","Sales",21,33610,4]
["Unic Is Co","2015 Quarter 1","Sales",22,262115,9]
["Unic Is Co","2015 Quarter 1","Sales",23,31974473,937]
["Unic Is Co","2015 Quarter 1","Sales",31,200426,97]
["Unic Is Co","2015 Quarter 1","Sales",32,1487386,88]
["Unic Is Co","2015 Quarter 1","Sales",33,734031,125]
["Unic Is Co","2015 Quarter 1","Sales",42,7808019,730]
["Unic Is Co","2015 Quarter 1","Sales",44,19278844,683]
["Unic Is Co","2015 Quarter 1","Sales",45,9688093,895]
["Unic Is Co","2015 Quarter 1","Sales",48,194150,12]
["Unic Is Co","2015 Quarter 1","Sales",49,"D","D"]
["Unic Is Co","2015 Quarter 1","Sales",51,7539275,219]
["Unic Is Co","2015 Quarter 1","Sales",52,295246,39]
["Unic Is Co","2015 Quarter 1","Sales",53,1206250,127]
["Unic Is Co","2015 Quarter 1","Sales",54,1491320,195]
["Unic Is Co","2015 Quarter 1","Sales",55,"D","D"]
["Unic Is Co","2015 Quarter 1","Sales",56,4747157,317]
["Unic Is Co","2015 Quarter 1","Sales",61,227118,50]
["Unic Is Co","2015 Quarter 1","Sales",62,141782,30]
["Unic Is Co","2015 Quarter 1","Sales",71,1349155,35]
["Unic Is Co","2015 Quarter 1","Sales",72,5654305,102]
["Unic Is Co","2015 Quarter 1","Sales",81,2766935,170]
["Unic Is Co","2015 Quarter 1","Sales",92,32546,4]
["Coupeville","2015 Quarter 1","Sales",11,34084,6]
["Coupeville","2015 Quarter 1","Sales",21,"D","D"]
["Coupeville","2015 Quarter 1","Sales",22,"D","D"]
["Coupeville","2015 Quarter 1","Sales",23,1141616,144]
["Coupeville","2015 Quarter 1","Sales",31,77714,19]
["Coupeville","2015 Quarter 1","Sales",32,64444,29]
["Coupeville","2015 Quarter 1","Sales",33,111690,26]
["Coupeville","2015 Quarter 1","Sales",42,1680930,324]
["Coupeville","2015 Quarter 1","Sales",44,1572245,289]
["Coupeville","2015 Quarter 1","Sales",45,1107140,381]
["Coupeville","2015 Quarter 1","Sales",51,670678,126]
["Coupeville","2015 Quarter 1","Sales",52,67522,29]
["Coupeville","2015 Quarter 1","Sales",53,143528,47]
["Coupeville","2015 Quarter 1","Sales",54,569446,90]
["Coupeville","2015 Quarter 1","Sales",56,276041,85]
["Coupeville","2015 Quarter 1","Sales",61,13649,23]
["Coupeville","2015 Quarter 1","Sales",62,125846,14]
["Coupeville","2015 Quarter 1","Sales",71,49517,8]
["Coupeville","2015 Quarter 1","Sales",72,1589173,30]
["Coupeville","2015 Quarter 1","Sales",81,222744,49]
["Coupeville","2015 Quarter 1","Sales",92,1395,3]
["Langley","2015 Quarter 1","Sales",11,"D","D"]
["Langley","2015 Quarter 1","Sales",22,"D","D"]
["Langley","2015 Quarter 1","Sales",23,1072935,123]
["Langley","2015 Quarter 1","Sales",31,76062,14]
["Langley","2015 Quarter 1","Sales",32,81450,24]
["Langley","2015 Quarter 1","Sales",33,16435,13]
["Langley","2015 Quarter 1","Sales",42,1098322,252]
["Langley","2015 Quarter 1","Sales",44,732448,216]
["Langley","2015 Quarter 1","Sales",45,1705663,345]
["Langley","2015 Quarter 1","Sales",48,"D","D"]
["Langley","2015 Quarter 1","Sales",51,368432,110]
["Langley","2015 Quarter 1","Sales",52,66426,23]
["Langley","2015 Quarter 1","Sales",53,56062,38]
["Langley","2015 Quarter 1","Sales",54,155496,61]
["Langley","2015 Quarter 1","Sales",56,207212,65]
["Langley","2015 Quarter 1","Sales",61,12499,16]
["Langley","2015 Quarter 1","Sales",62,1629,9]
["Langley","2015 Quarter 1","Sales",71,23157,7]
["Langley","2015 Quarter 1","Sales",72,1818171,16]
["Langley","2015 Quarter 1","Sales",81,318846,43]
["Langley","2015 Quarter 1","Sales",92,"D","D"]
["Oak Harbor","2015 Quarter 1","Sales",11,"D","D"]
["Oak Harbor","2015 Quarter 1","Sales",22,123361,4]
["Oak Harbor","2015 Quarter 1","Sales",23,4976387,379]
["Oak Harbor","2015 Quarter 1","Sales",31,271704,39]
["Oak Harbor","2015 Quarter 1","Sales",32,769551,69]
["Oak Harbor","2015 Quarter 1","Sales",33,377124,80]
["Oak Harbor","2015 Quarter 1","Sales",42,3808489,697]
["Oak Harbor","2015 Quarter 1","Sales",44,25135308,506]
["Oak Harbor","2015 Quarter 1","Sales",45,16802696,740]
["Oak Harbor","2015 Quarter 1","Sales",48,8282,6]
["Oak Harbor","2015 Quarter 1","Sales",49,"D","D"]
["Oak Harbor","2015 Quarter 1","Sales",51,3470288,215]
["Oak Harbor","2015 Quarter 1","Sales",52,637396,57]
["Oak Harbor","2015 Quarter 1","Sales",53,1636213,119]
["Oak Harbor","2015 Quarter 1","Sales",54,1400377,177]
["Oak Harbor","2015 Quarter 1","Sales",55,"D","D"]
["Oak Harbor","2015 Quarter 1","Sales",56,1277161,198]
["Oak Harbor","2015 Quarter 1","Sales",61,117460,32]
["Oak Harbor","2015 Quarter 1","Sales",62,15497,18]
["Oak Harbor","2015 Quarter 1","Sales",71,811422,18]
["Oak Harbor","2015 Quarter 1","Sales",72,11890424,72]
["Oak Harbor","2015 Quarter 1","Sales",81,2261579,134]
["Oak Harbor","2015 Quarter 1","Sales",92,"D","D"]
["Unic Is Co","2015 Quarter 2","Sales",11,139558,17]
["Unic Is Co","2015 Quarter 2","Sales",21,46421,4]
["Unic Is Co","2015 Quarter 2","Sales",22,254735,6]
["Unic Is Co","2015 Quarter 2","Sales",23,35579016,1015]
["Unic Is Co","2015 Quarter 2","Sales",31,378144,103]
["Unic Is Co","2015 Quarter 2","Sales",32,1792079,82]
["Unic Is Co","2015 Quarter 2","Sales",33,874286,141]
["Unic Is Co","2015 Quarter 2","Sales",42,6559811,741]
["Unic Is Co","2015 Quarter 2","Sales",44,24675518,741]
["Unic Is Co","2015 Quarter 2","Sales",45,10210007,928]
["Unic Is Co","2015 Quarter 2","Sales",48,197807,15]
["Unic Is Co","2015 Quarter 2","Sales",49,"D","D"]
["Unic Is Co","2015 Quarter 2","Sales",51,7860432,220]
["Unic Is Co","2015 Quarter 2","Sales",52,378859,44]
["Unic Is Co","2015 Quarter 2","Sales",53,1486053,141]
["Unic Is Co","2015 Quarter 2","Sales",54,1829065,216]
["Unic Is Co","2015 Quarter 2","Sales",55,"D","D"]
["Unic Is Co","2015 Quarter 2","Sales",56,6919882,345]
["Unic Is Co","2015 Quarter 2","Sales",61,359202,49]
["Unic Is Co","2015 Quarter 2","Sales",62,152295,29]
["Unic Is Co","2015 Quarter 2","Sales",71,2362784,37]
["Unic Is Co","2015 Quarter 2","Sales",72,7416681,117]
["Unic Is Co","2015 Quarter 2","Sales",81,3033978,190]
["Unic Is Co","2015 Quarter 2","Sales",92,54150,3]
["Coupeville","2015 Quarter 2","Sales",11,99491,6]
["Coupeville","2015 Quarter 2","Sales",22,"D","D"]
["Coupeville","2015 Quarter 2","Sales",23,1164227,152]
["Coupeville","2015 Quarter 2","Sales",31,149518,20]
["Coupeville","2015 Quarter 2","Sales",32,136312,36]
["Coupeville","2015 Quarter 2","Sales",33,58518,28]
["Coupeville","2015 Quarter 2","Sales",42,1429101,347]
["Coupeville","2015 Quarter 2","Sales",44,1997564,295]
["Coupeville","2015 Quarter 2","Sales",45,1334639,414]
["Coupeville","2015 Quarter 2","Sales",48,"D","D"]
["Coupeville","2015 Quarter 2","Sales",51,746854,124]
["Coupeville","2015 Quarter 2","Sales",52,76160,27]
["Coupeville","2015 Quarter 2","Sales",53,109974,50]
["Coupeville","2015 Quarter 2","Sales",54,501345,80]
["Coupeville","2015 Quarter 2","Sales",55,"D","D"]
["Coupeville","2015 Quarter 2","Sales",56,558298,96]
["Coupeville","2015 Quarter 2","Sales",61,53347,24]
["Coupeville","2015 Quarter 2","Sales",62,113471,16]
["Coupeville","2015 Quarter 2","Sales",71,62706,9]
["Coupeville","2015 Quarter 2","Sales",72,2191159,32]
["Coupeville","2015 Quarter 2","Sales",81,290944,49]
["Coupeville","2015 Quarter 2","Sales",92,"D","D"]
["Langley","2015 Quarter 2","Sales",11,12871,3]
["Langley","2015 Quarter 2","Sales",22,"D","D"]
["Langley","2015 Quarter 2","Sales",23,1177415,142]
["Langley","2015 Quarter 2","Sales",31,94954,23]
["Langley","2015 Quarter 2","Sales",32,137493,23]
["Langley","2015 Quarter 2","Sales",33,33156,27]
["Langley","2015 Quarter 2","Sales",42,600593,245]
["Langley","2015 Quarter 2","Sales",44,795273,246]
["Langley","2015 Quarter 2","Sales",45,2109194,342]
["Langley","2015 Quarter 2","Sales",48,62960,3]
["Langley","2015 Quarter 2","Sales",51,362729,95]
["Langley","2015 Quarter 2","Sales",52,77851,24]
["Langley","2015 Quarter 2","Sales",53,44686,34]
["Langley","2015 Quarter 2","Sales",54,235244,71]
["Langley","2015 Quarter 2","Sales",56,223743,76]
["Langley","2015 Quarter 2","Sales",61,8885,15]
["Langley","2015 Quarter 2","Sales",62,1508,7]
["Langley","2015 Quarter 2","Sales",71,48008,6]
["Langley","2015 Quarter 2","Sales",72,2596387,19]
["Langley","2015 Quarter 2","Sales",81,366388,45]
["Langley","2015 Quarter 2","Sales",92,"D","D"]
["Oak Harbor","2015 Quarter 2","Sales",11,22093,4]
["Oak Harbor","2015 Quarter 2","Sales",22,133880,3]
["Oak Harbor","2015 Quarter 2","Sales",23,6979434,414]
["Oak Harbor","2015 Quarter 2","Sales",31,357603,45]
["Oak Harbor","2015 Quarter 2","Sales",32,938099,65]
["Oak Harbor","2015 Quarter 2","Sales",33,331281,89]
["Oak Harbor","2015 Quarter 2","Sales",42,4159498,674]
["Oak Harbor","2015 Quarter 2","Sales",44,29670985,519]
["Oak Harbor","2015 Quarter 2","Sales",45,17988528,752]
["Oak Harbor","2015 Quarter 2","Sales",48,40672,4]
["Oak Harbor","2015 Quarter 2","Sales",49,"D","D"]
["Oak Harbor","2015 Quarter 2","Sales",51,3523388,212]
["Oak Harbor","2015 Quarter 2","Sales",52,855742,58]
["Oak Harbor","2015 Quarter 2","Sales",53,2197856,115]
["Oak Harbor","2015 Quarter 2","Sales",54,1710665,177]
["Oak Harbor","2015 Quarter 2","Sales",55,"D","D"]
["Oak Harbor","2015 Quarter 2","Sales",56,1877420,217]
["Oak Harbor","2015 Quarter 2","Sales",61,89838,40]
["Oak Harbor","2015 Quarter 2","Sales",62,17739,20]
["Oak Harbor","2015 Quarter 2","Sales",71,907584,21]
["Oak Harbor","2015 Quarter 2","Sales",72,13529881,77]
["Oak Harbor","2015 Quarter 2","Sales",81,2334088,157]
["Oak Harbor","2015 Quarter 2","Sales",92,"D","D"]
["Unic Is Co","2015 Quarter 3","Sales",11,311531,18]
["Unic Is Co","2015 Quarter 3","Sales",21,37619,4]
["Unic Is Co","2015 Quarter 3","Sales",22,214636,6]
["Unic Is Co","2015 Quarter 3","Sales",23,35179981,1068]
["Unic Is Co","2015 Quarter 3","Sales",31,390558,96]
["Unic Is Co","2015 Quarter 3","Sales",32,1678447,79]
["Unic Is Co","2015 Quarter 3","Sales",33,719618,148]
["Unic Is Co","2015 Quarter 3","Sales",42,7068071,788]
["Unic Is Co","2015 Quarter 3","Sales",44,25819593,733]
["Unic Is Co","2015 Quarter 3","Sales",45,10498984,953]
["Unic Is Co","2015 Quarter 3","Sales",48,183343,12]
["Unic Is Co","2015 Quarter 3","Sales",49,"D","D"]
["Unic Is Co","2015 Quarter 3","Sales",51,8293268,240]
["Unic Is Co","2015 Quarter 3","Sales",52,401191,56]
["Unic Is Co","2015 Quarter 3","Sales",53,2415917,142]
["Unic Is Co","2015 Quarter 3","Sales",54,1784351,202]
["Unic Is Co","2015 Quarter 3","Sales",55,"D","D"]
["Unic Is Co","2015 Quarter 3","Sales",56,6998928,344]
["Unic Is Co","2015 Quarter 3","Sales",61,578717,54]
["Unic Is Co","2015 Quarter 3","Sales",62,149147,29]
["Unic Is Co","2015 Quarter 3","Sales",71,3050533,38]
["Unic Is Co","2015 Quarter 3","Sales",72,9016344,120]
["Unic Is Co","2015 Quarter 3","Sales",81,2844755,176]
["Unic Is Co","2015 Quarter 3","Sales",92,42478,5]
["Coupeville","2015 Quarter 3","Sales",11,84693,4]
["Coupeville","2015 Quarter 3","Sales",21,"D","D"]
["Coupeville","2015 Quarter 3","Sales",22,"D","D"]
["Coupeville","2015 Quarter 3","Sales",23,2109718,164]
["Coupeville","2015 Quarter 3","Sales",31,193348,15]
["Coupeville","2015 Quarter 3","Sales",32,144926,27]
["Coupeville","2015 Quarter 3","Sales",33,135601,34]
["Coupeville","2015 Quarter 3","Sales",42,1176302,341]
["Coupeville","2015 Quarter 3","Sales",44,1873055,297]
["Coupeville","2015 Quarter 3","Sales",45,1625609,425]
["Coupeville","2015 Quarter 3","Sales",51,719775,127]
["Coupeville","2015 Quarter 3","Sales",52,65916,28]
["Coupeville","2015 Quarter 3","Sales",53,119634,50]
["Coupeville","2015 Quarter 3","Sales",54,442256,89]
["Coupeville","2015 Quarter 3","Sales",55,"D","D"]
["Coupeville","2015 Quarter 3","Sales",56,455597,92]
["Coupeville","2015 Quarter 3","Sales",61,44070,24]
["Coupeville","2015 Quarter 3","Sales",62,109787,17]
["Coupeville","2015 Quarter 3","Sales",71,94910,10]
["Coupeville","2015 Quarter 3","Sales",72,3030728,33]
["Coupeville","2015 Quarter 3","Sales",81,265942,45]
["Coupeville","2015 Quarter 3","Sales",92,"D","D"]
["Langley","2015 Quarter 3","Sales",22,"D","D"]
["Langley","2015 Quarter 3","Sales",23,1885692,147]
["Langley","2015 Quarter 3","Sales",31,121803,16]
["Langley","2015 Quarter 3","Sales",32,149341,32]
["Langley","2015 Quarter 3","Sales",33,36466,23]
["Langley","2015 Quarter 3","Sales",42,543931,253]
["Langley","2015 Quarter 3","Sales",44,1016108,264]
["Langley","2015 Quarter 3","Sales",45,2751744,364]
["Langley","2015 Quarter 3","Sales",48,"D","D"]
["Langley","2015 Quarter 3","Sales",51,393559,109]
["Langley","2015 Quarter 3","Sales",52,102657,26]
["Langley","2015 Quarter 3","Sales",53,93910,43]
["Langley","2015 Quarter 3","Sales",54,220748,71]
["Langley","2015 Quarter 3","Sales",56,189859,66]
["Langley","2015 Quarter 3","Sales",61,129747,18]
["Langley","2015 Quarter 3","Sales",62,1222,6]
["Langley","2015 Quarter 3","Sales",71,93062,10]
["Langley","2015 Quarter 3","Sales",72,4098623,31]
["Langley","2015 Quarter 3","Sales",81,438978,37]
["Langley","2015 Quarter 3","Sales",92,3835,3]
["Oak Harbor","2015 Quarter 3","Sales",11,"D","D"]
["Oak Harbor","2015 Quarter 3","Sales",22,216986,3]
["Oak Harbor","2015 Quarter 3","Sales",23,8411539,420]
["Oak Harbor","2015 Quarter 3","Sales",31,447571,43]
["Oak Harbor","2015 Quarter 3","Sales",32,1126998,78]
["Oak Harbor","2015 Quarter 3","Sales",33,430367,87]
["Oak Harbor","2015 Quarter 3","Sales",42,4809750,673]
["Oak Harbor","2015 Quarter 3","Sales",44,29444044,543]
["Oak Harbor","2015 Quarter 3","Sales",45,18568237,802]
["Oak Harbor","2015 Quarter 3","Sales",48,56978,6]
["Oak Harbor","2015 Quarter 3","Sales",49,"D","D"]
["Oak Harbor","2015 Quarter 3","Sales",51,4061259,213]
["Oak Harbor","2015 Quarter 3","Sales",52,1000934,60]
["Oak Harbor","2015 Quarter 3","Sales",53,2714164,125]
["Oak Harbor","2015 Quarter 3","Sales",54,1607843,167]
["Oak Harbor","2015 Quarter 3","Sales",55,"D","D"]
["Oak Harbor","2015 Quarter 3","Sales",56,1635562,207]
["Oak Harbor","2015 Quarter 3","Sales",61,154303,44]
["Oak Harbor","2015 Quarter 3","Sales",62,21196,22]
["Oak Harbor","2015 Quarter 3","Sales",71,1023813,23]
["Oak Harbor","2015 Quarter 3","Sales",72,14654014,77]
["Oak Harbor","2015 Quarter 3","Sales",81,2443720,156]
["Oak Harbor","2015 Quarter 3","Sales",92,"D","D"]
["Unic Is Co","2015 Quarter 4","Sales",11,390901,41]
["Unic Is Co","2015 Quarter 4","Sales",21,52092,6]
["Unic Is Co","2015 Quarter 4","Sales",22,220316,4]
["Unic Is Co","2015 Quarter 4","Sales",23,33662794,1086]
["Unic Is Co","2015 Quarter 4","Sales",31,370751,139]
["Unic Is Co","2015 Quarter 4","Sales",32,1709988,113]
["Unic Is Co","2015 Quarter 4","Sales",33,751183,190]
["Unic Is Co","2015 Quarter 4","Sales",42,7843381,837]
["Unic Is Co","2015 Quarter 4","Sales",44,22433903,926]
["Unic Is Co","2015 Quarter 4","Sales",45,13510971,1442]
["Unic Is Co","2015 Quarter 4","Sales",48,188030,21]
["Unic Is Co","2015 Quarter 4","Sales",49,21663,3]
["Unic Is Co","2015 Quarter 4","Sales",51,8470732,258]
["Unic Is Co","2015 Quarter 4","Sales",52,454781,53]
["Unic Is Co","2015 Quarter 4","Sales",53,2223757,174]
["Unic Is Co","2015 Quarter 4","Sales",54,1988594,331]
["Unic Is Co","2015 Quarter 4","Sales",55,"D","D"]
["Unic Is Co","2015 Quarter 4","Sales",56,6701102,406]
["Unic Is Co","2015 Quarter 4","Sales",61,301694,68]
["Unic Is Co","2015 Quarter 4","Sales",62,169093,36]
["Unic Is Co","2015 Quarter 4","Sales",71,1541702,108]
["Unic Is Co","2015 Quarter 4","Sales",72,6820425,177]
["Unic Is Co","2015 Quarter 4","Sales",81,3512230,245]
["Unic Is Co","2015 Quarter 4","Sales",92,55081,5]
["Coupeville","2015 Quarter 4","Sales",11,56619,9]
["Coupeville","2015 Quarter 4","Sales",21,"D","D"]
["Coupeville","2015 Quarter 4","Sales",22,"D","D"]
["Coupeville","2015 Quarter 4","Sales",23,4328100,166]
["Coupeville","2015 Quarter 4","Sales",31,110776,24]
["Coupeville","2015 Quarter 4","Sales",32,404277,53]
["Coupeville","2015 Quarter 4","Sales",33,92997,46]
["Coupeville","2015 Quarter 4","Sales",42,1281882,361]
["Coupeville","2015 Quarter 4","Sales",44,1902754,344]
["Coupeville","2015 Quarter 4","Sales",45,1582425,571]
["Coupeville","2015 Quarter 4","Sales",48,"D","D"]
["Coupeville","2015 Quarter 4","Sales",49,"D","D"]
["Coupeville","2015 Quarter 4","Sales",51,777545,129]
["Coupeville","2015 Quarter 4","Sales",52,78811,31]
["Coupeville","2015 Quarter 4","Sales",53,226650,54]
["Coupeville","2015 Quarter 4","Sales",54,617821,109]
["Coupeville","2015 Quarter 4","Sales",55,"D","D"]
["Coupeville","2015 Quarter 4","Sales",56,536523,111]
["Coupeville","2015 Quarter 4","Sales",61,38861,26]
["Coupeville","2015 Quarter 4","Sales",62,111264,12]
["Coupeville","2015 Quarter 4","Sales",71,83086,23]
["Coupeville","2015 Quarter 4","Sales",72,1695434,39]
["Coupeville","2015 Quarter 4","Sales",81,358783,64]
["Coupeville","2015 Quarter 4","Sales",92,"D","D"]
["Langley","2015 Quarter 4","Sales",11,2281,4]
["Langley","2015 Quarter 4","Sales",22,"D","D"]
["Langley","2015 Quarter 4","Sales",23,2034716,134]
["Langley","2015 Quarter 4","Sales",31,96439,23]
["Langley","2015 Quarter 4","Sales",32,133195,33]
["Langley","2015 Quarter 4","Sales",33,15837,19]
["Langley","2015 Quarter 4","Sales",42,696230,279]
["Langley","2015 Quarter 4","Sales",44,929426,320]
["Langley","2015 Quarter 4","Sales",45,2431419,497]
["Langley","2015 Quarter 4","Sales",48,"D","D"]
["Langley","2015 Quarter 4","Sales",49,"D","D"]
["Langley","2015 Quarter 4","Sales",51,434294,121]
["Langley","2015 Quarter 4","Sales",52,86287,27]
["Langley","2015 Quarter 4","Sales",53,104091,43]
["Langley","2015 Quarter 4","Sales",54,226824,75]
["Langley","2015 Quarter 4","Sales",56,314294,88]
["Langley","2015 Quarter 4","Sales",61,203901,24]
["Langley","2015 Quarter 4","Sales",62,7548,9]
["Langley","2015 Quarter 4","Sales",71,115426,20]
["Langley","2015 Quarter 4","Sales",72,2289668,22]
["Langley","2015 Quarter 4","Sales",81,384208,51]
["Langley","2015 Quarter 4","Sales",92,"D","D"]
["Oak Harbor","2015 Quarter 4","Sales",11,13848,6]
["Oak Harbor","2015 Quarter 4","Sales",21,"D","D"]
["Oak Harbor","2015 Quarter 4","Sales",22,"D","D"]
["Oak Harbor","2015 Quarter 4","Sales",23,8451710,456]
["Oak Harbor","2015 Quarter 4","Sales",31,287648,58]
["Oak Harbor","2015 Quarter 4","Sales",32,803451,82]
["Oak Harbor","2015 Quarter 4","Sales",33,472850,122]
["Oak Harbor","2015 Quarter 4","Sales",42,4952071,750]
["Oak Harbor","2015 Quarter 4","Sales",44,27996422,684]
["Oak Harbor","2015 Quarter 4","Sales",45,20956812,1148]
["Oak Harbor","2015 Quarter 4","Sales",48,10675,5]
["Oak Harbor","2015 Quarter 4","Sales",49,"D","D"]
["Oak Harbor","2015 Quarter 4","Sales",51,4527204,242]
["Oak Harbor","2015 Quarter 4","Sales",52,844870,59]
["Oak Harbor","2015 Quarter 4","Sales",53,1865339,130]
["Oak Harbor","2015 Quarter 4","Sales",54,1752021,233]
["Oak Harbor","2015 Quarter 4","Sales",55,"D","D"]
["Oak Harbor","2015 Quarter 4","Sales",56,1973117,239]
["Oak Harbor","2015 Quarter 4","Sales",61,80249,46]
["Oak Harbor","2015 Quarter 4","Sales",62,42366,24]
["Oak Harbor","2015 Quarter 4","Sales",71,928525,40]
["Oak Harbor","2015 Quarter 4","Sales",72,12333415,85]
["Oak Harbor","2015 Quarter 4","Sales",81,2665526,178]
["Oak Harbor","2015 Quarter 4","Sales",92,7013,3]
["Unic Is Co","2016 Quarter 1","Sales",11,274158,19]
["Unic Is Co","2016 Quarter 1","Sales",21,"D","D"]
["Unic Is Co","2016 Quarter 1","Sales",22,154602,5]
["Unic Is Co","2016 Quarter 1","Sales",23,32755657,996]
["Unic Is Co","2016 Quarter 1","Sales",31,268839,102]
["Unic Is Co","2016 Quarter 1","Sales",32,1422337,92]
["Unic Is Co","2016 Quarter 1","Sales",33,1010896,153]
["Unic Is Co","2016 Quarter 1","Sales",42,8289863,763]
["Unic Is Co","2016 Quarter 1","Sales",44,21057168,802]
["Unic Is Co","2016 Quarter 1","Sales",45,10221308,962]
["Unic Is Co","2016 Quarter 1","Sales",48,194431,17]
["Unic Is Co","2016 Quarter 1","Sales",49,"D","D"]
["Unic Is Co","2016 Quarter 1","Sales",51,8316027,237]
["Unic Is Co","2016 Quarter 1","Sales",52,468658,55]
["Unic Is Co","2016 Quarter 1","Sales",53,1701181,145]
["Unic Is Co","2016 Quarter 1","Sales",54,1674621,227]
["Unic Is Co","2016 Quarter 1","Sales",55,"D","D"]
["Unic Is Co","2016 Quarter 1","Sales",56,5210341,329]
["Unic Is Co","2016 Quarter 1","Sales",61,134431,54]
["Unic Is Co","2016 Quarter 1","Sales",62,144455,31]
["Unic Is Co","2016 Quarter 1","Sales",71,1389547,43]
["Unic Is Co","2016 Quarter 1","Sales",72,5802423,111]
["Unic Is Co","2016 Quarter 1","Sales",81,3259447,172]
["Unic Is Co","2016 Quarter 1","Sales",92,44541,6]
["Coupeville","2016 Quarter 1","Sales",11,25336,4]
["Coupeville","2016 Quarter 1","Sales",22,6584,3]
["Coupeville","2016 Quarter 1","Sales",23,6345691,143]
["Coupeville","2016 Quarter 1","Sales",31,154602,22]
["Coupeville","2016 Quarter 1","Sales",32,322765,32]
["Coupeville","2016 Quarter 1","Sales",33,106551,34]
["Coupeville","2016 Quarter 1","Sales",42,1299555,336]
["Coupeville","2016 Quarter 1","Sales",44,1659629,319]
["Coupeville","2016 Quarter 1","Sales",45,1139035,415]
["Coupeville","2016 Quarter 1","Sales",48,"D","D"]
["Coupeville","2016 Quarter 1","Sales",51,708403,114]
["Coupeville","2016 Quarter 1","Sales",52,82108,28]
["Coupeville","2016 Quarter 1","Sales",53,242624,58]
["Coupeville","2016 Quarter 1","Sales",54,472852,93]
["Coupeville","2016 Quarter 1","Sales",55,"D","D"]
["Coupeville","2016 Quarter 1","Sales",56,423443,89]
["Coupeville","2016 Quarter 1","Sales",61,34284,22]
["Coupeville","2016 Quarter 1","Sales",62,98844,13]
["Coupeville","2016 Quarter 1","Sales",71,41558,7]
["Coupeville","2016 Quarter 1","Sales",72,1688425,30]
["Coupeville","2016 Quarter 1","Sales",81,224155,46]
["Coupeville","2016 Quarter 1","Sales",92,"D","D"]
["Langley","2016 Quarter 1","Sales",11,"D","D"]
["Langley","2016 Quarter 1","Sales",22,"D","D"]
["Langley","2016 Quarter 1","Sales",23,1460168,133]
["Langley","2016 Quarter 1","Sales",31,116194,20]
["Langley","2016 Quarter 1","Sales",32,94286,27]
["Langley","2016 Quarter 1","Sales",33,86100,23]
["Langley","2016 Quarter 1","Sales",42,669207,238]
["Langley","2016 Quarter 1","Sales",44,727965,285]
["Langley","2016 Quarter 1","Sales",45,1750489,375]
["Langley","2016 Quarter 1","Sales",48,"D","D"]
["Langley","2016 Quarter 1","Sales",51,405973,114]
["Langley","2016 Quarter 1","Sales",52,74497,29]
["Langley","2016 Quarter 1","Sales",53,233356,40]
["Langley","2016 Quarter 1","Sales",54,148231,76]
["Langley","2016 Quarter 1","Sales",56,248579,72]
["Langley","2016 Quarter 1","Sales",61,13479,20]
["Langley","2016 Quarter 1","Sales",62,1037,6]
["Langley","2016 Quarter 1","Sales",71,17135,7]
["Langley","2016 Quarter 1","Sales",72,1968825,17]
["Langley","2016 Quarter 1","Sales",81,296985,38]
["Langley","2016 Quarter 1","Sales",92,"D","D"]
["Oak Harbor","2016 Quarter 1","Sales",11,5532,4]
["Oak Harbor","2016 Quarter 1","Sales",22,84963,3]
["Oak Harbor","2016 Quarter 1","Sales",23,9136762,434]
["Oak Harbor","2016 Quarter 1","Sales",31,334831,36]
["Oak Harbor","2016 Quarter 1","Sales",32,914983,67]
["Oak Harbor","2016 Quarter 1","Sales",33,408275,89]
["Oak Harbor","2016 Quarter 1","Sales",42,4333912,700]
["Oak Harbor","2016 Quarter 1","Sales",44,25989395,579]
["Oak Harbor","2016 Quarter 1","Sales",45,17324562,819]
["Oak Harbor","2016 Quarter 1","Sales",48,12103,4]
["Oak Harbor","2016 Quarter 1","Sales",49,"D","D"]
["Oak Harbor","2016 Quarter 1","Sales",51,4178719,223]
["Oak Harbor","2016 Quarter 1","Sales",52,869360,58]
["Oak Harbor","2016 Quarter 1","Sales",53,2171287,121]
["Oak Harbor","2016 Quarter 1","Sales",54,1553889,190]
["Oak Harbor","2016 Quarter 1","Sales",55,"D","D"]
["Oak Harbor","2016 Quarter 1","Sales",56,1627882,213]
["Oak Harbor","2016 Quarter 1","Sales",61,138668,39]
["Oak Harbor","2016 Quarter 1","Sales",62,21005,22]
["Oak Harbor","2016 Quarter 1","Sales",71,769038,20]
["Oak Harbor","2016 Quarter 1","Sales",72,12588794,71]
["Oak Harbor","2016 Quarter 1","Sales",81,2532085,145]
["Oak Harbor","2016 Quarter 1","Sales",92,12836,3]
["Unic Is Co","2016 Quarter 2","Sales",11,212872,21]
["Unic Is Co","2016 Quarter 2","Sales",21,"D","D"]
["Unic Is Co","2016 Quarter 2","Sales",22,202329,9]
["Unic Is Co","2016 Quarter 2","Sales",23,38446091,1083]
["Unic Is Co","2016 Quarter 2","Sales",31,389455,105]
["Unic Is Co","2016 Quarter 2","Sales",32,1951090,92]
["Unic Is Co","2016 Quarter 2","Sales",33,790732,150]
["Unic Is Co","2016 Quarter 2","Sales",42,7115348,759]
["Unic Is Co","2016 Quarter 2","Sales",44,27779636,848]
["Unic Is Co","2016 Quarter 2","Sales",45,10982996,1046]
["Unic Is Co","2016 Quarter 2","Sales",48,232137,20]
["Unic Is Co","2016 Quarter 2","Sales",49,"D","D"]
["Unic Is Co","2016 Quarter 2","Sales",51,8221503,233]
["Unic Is Co","2016 Quarter 2","Sales",52,533280,56]
["Unic Is Co","2016 Quarter 2","Sales",53,2158990,142]
["Unic Is Co","2016 Quarter 2","Sales",54,1896759,234]
["Unic Is Co","2016 Quarter 2","Sales",55,"D","D"]
["Unic Is Co","2016 Quarter 2","Sales",56,6415028,362]
["Unic Is Co","2016 Quarter 2","Sales",61,252801,55]
["Unic Is Co","2016 Quarter 2","Sales",62,144694,29]
["Unic Is Co","2016 Quarter 2","Sales",71,2374339,43]
["Unic Is Co","2016 Quarter 2","Sales",72,7577049,113]
["Unic Is Co","2016 Quarter 2","Sales",81,3375749,189]
["Unic Is Co","2016 Quarter 2","Sales",92,43014,4]
["Coupeville","2016 Quarter 2","Sales",11,56260,5]
["Coupeville","2016 Quarter 2","Sales",22,"D","D"]
["Coupeville","2016 Quarter 2","Sales",23,6120371,170]
["Coupeville","2016 Quarter 2","Sales",31,211921,18]
["Coupeville","2016 Quarter 2","Sales",32,431017,36]
["Coupeville","2016 Quarter 2","Sales",33,66900,36]
["Coupeville","2016 Quarter 2","Sales",42,1323022,352]
["Coupeville","2016 Quarter 2","Sales",44,1833351,330]
["Coupeville","2016 Quarter 2","Sales",45,1371302,415]
["Coupeville","2016 Quarter 2","Sales",48,"D","D"]
["Coupeville","2016 Quarter 2","Sales",49,"D","D"]
["Coupeville","2016 Quarter 2","Sales",51,793003,123]
["Coupeville","2016 Quarter 2","Sales",52,82350,30]
["Coupeville","2016 Quarter 2","Sales",53,221270,66]
["Coupeville","2016 Quarter 2","Sales",54,597501,91]
["Coupeville","2016 Quarter 2","Sales",56,632178,99]
["Coupeville","2016 Quarter 2","Sales",61,35134,20]
["Coupeville","2016 Quarter 2","Sales",62,105406,14]
["Coupeville","2016 Quarter 2","Sales",71,42292,7]
["Coupeville","2016 Quarter 2","Sales",72,2287958,28]
["Coupeville","2016 Quarter 2","Sales",81,238554,50]
["Coupeville","2016 Quarter 2","Sales",92,2290,3]
["Langley","2016 Quarter 2","Sales",11,"D","D"]
["Langley","2016 Quarter 2","Sales",22,"D","D"]
["Langley","2016 Quarter 2","Sales",23,1656682,129]
["Langley","2016 Quarter 2","Sales",31,132376,26]
["Langley","2016 Quarter 2","Sales",32,181585,30]
["Langley","2016 Quarter 2","Sales",33,61658,24]
["Langley","2016 Quarter 2","Sales",42,614038,236]
["Langley","2016 Quarter 2","Sales",44,950909,299]
["Langley","2016 Quarter 2","Sales",45,2294734,415]
["Langley","2016 Quarter 2","Sales",48,"D","D"]
["Langley","2016 Quarter 2","Sales",51,419070,113]
["Langley","2016 Quarter 2","Sales",52,147676,31]
["Langley","2016 Quarter 2","Sales",53,221211,45]
["Langley","2016 Quarter 2","Sales",54,181478,77]
["Langley","2016 Quarter 2","Sales",56,294221,81]
["Langley","2016 Quarter 2","Sales",61,7620,19]
["Langley","2016 Quarter 2","Sales",62,2328,7]
["Langley","2016 Quarter 2","Sales",71,41014,6]
["Langley","2016 Quarter 2","Sales",72,2833546,19]
["Langley","2016 Quarter 2","Sales",81,319785,36]
["Langley","2016 Quarter 2","Sales",92,"D","D"]
["Oak Harbor","2016 Quarter 2","Sales",11,6538,6]
["Oak Harbor","2016 Quarter 2","Sales",21,"D","D"]
["Oak Harbor","2016 Quarter 2","Sales",22,111453,3]
["Oak Harbor","2016 Quarter 2","Sales",23,13267304,427]
["Oak Harbor","2016 Quarter 2","Sales",31,448649,42]
["Oak Harbor","2016 Quarter 2","Sales",32,967858,72]
["Oak Harbor","2016 Quarter 2","Sales",33,322040,103]
["Oak Harbor","2016 Quarter 2","Sales",42,5286422,719]
["Oak Harbor","2016 Quarter 2","Sales",44,32556297,637]
["Oak Harbor","2016 Quarter 2","Sales",45,19787883,889]
["Oak Harbor","2016 Quarter 2","Sales",48,18692,4]
["Oak Harbor","2016 Quarter 2","Sales",49,"D","D"]
["Oak Harbor","2016 Quarter 2","Sales",51,4048098,213]
["Oak Harbor","2016 Quarter 2","Sales",52,1139944,68]
["Oak Harbor","2016 Quarter 2","Sales",53,2404682,128]
["Oak Harbor","2016 Quarter 2","Sales",54,1993412,197]
["Oak Harbor","2016 Quarter 2","Sales",55,"D","D"]
["Oak Harbor","2016 Quarter 2","Sales",56,2097297,217]
["Oak Harbor","2016 Quarter 2","Sales",61,85978,49]
["Oak Harbor","2016 Quarter 2","Sales",62,20725,21]
["Oak Harbor","2016 Quarter 2","Sales",71,849774,22]
["Oak Harbor","2016 Quarter 2","Sales",72,14452307,82]
["Oak Harbor","2016 Quarter 2","Sales",81,3035746,142]
["Oak Harbor","2016 Quarter 2","Sales",92,3693,3]
["Unic Is Co","2016 Quarter 3","Sales",11,300694,19]
["Unic Is Co","2016 Quarter 3","Sales",21,46448,3]
["Unic Is Co","2016 Quarter 3","Sales",22,300131,8]
["Unic Is Co","2016 Quarter 3","Sales",23,45798797,1100]
["Unic Is Co","2016 Quarter 3","Sales",31,491315,99]
["Unic Is Co","2016 Quarter 3","Sales",32,2209547,96]
["Unic Is Co","2016 Quarter 3","Sales",33,688797,138]
["Unic Is Co","2016 Quarter 3","Sales",42,7999656,787]
["Unic Is Co","2016 Quarter 3","Sales",44,30267225,928]
["Unic Is Co","2016 Quarter 3","Sales",45,11425791,1088]
["Unic Is Co","2016 Quarter 3","Sales",48,424496,21]
["Unic Is Co","2016 Quarter 3","Sales",49,34025,3]
["Unic Is Co","2016 Quarter 3","Sales",51,7762600,234]
["Unic Is Co","2016 Quarter 3","Sales",52,471738,58]
["Unic Is Co","2016 Quarter 3","Sales",53,2390185,136]
["Unic Is Co","2016 Quarter 3","Sales",54,2459407,244]
["Unic Is Co","2016 Quarter 3","Sales",55,"D","D"]
["Unic Is Co","2016 Quarter 3","Sales",56,7015413,364]
["Unic Is Co","2016 Quarter 3","Sales",61,420737,51]
["Unic Is Co","2016 Quarter 3","Sales",62,142195,27]
["Unic Is Co","2016 Quarter 3","Sales",71,3224199,42]
["Unic Is Co","2016 Quarter 3","Sales",72,8900204,123]
["Unic Is Co","2016 Quarter 3","Sales",81,3303311,184]
["Unic Is Co","2016 Quarter 3","Sales",92,52320,4]
["Coupeville","2016 Quarter 3","Sales",11,142807,4]
["Coupeville","2016 Quarter 3","Sales",22,"D","D"]
["Coupeville","2016 Quarter 3","Sales",23,6405894,169]
["Coupeville","2016 Quarter 3","Sales",31,236689,19]
["Coupeville","2016 Quarter 3","Sales",32,484922,38]
["Coupeville","2016 Quarter 3","Sales",33,66976,29]
["Coupeville","2016 Quarter 3","Sales",42,1243541,343]
["Coupeville","2016 Quarter 3","Sales",44,1800327,362]
["Coupeville","2016 Quarter 3","Sales",45,1641872,480]
["Coupeville","2016 Quarter 3","Sales",48,"D","D"]
["Coupeville","2016 Quarter 3","Sales",49,"D","D"]
["Coupeville","2016 Quarter 3","Sales",51,699192,125]
["Coupeville","2016 Quarter 3","Sales",52,117388,32]
["Coupeville","2016 Quarter 3","Sales",53,261104,64]
["Coupeville","2016 Quarter 3","Sales",54,664767,100]
["Coupeville","2016 Quarter 3","Sales",55,"D","D"]
["Coupeville","2016 Quarter 3","Sales",56,702355,93]
["Coupeville","2016 Quarter 3","Sales",61,26752,25]
["Coupeville","2016 Quarter 3","Sales",62,111144,15]
["Coupeville","2016 Quarter 3","Sales",71,81018,10]
["Coupeville","2016 Quarter 3","Sales",72,3174128,37]
["Coupeville","2016 Quarter 3","Sales",81,219563,46]
["Coupeville","2016 Quarter 3","Sales",92,1240,3]
["Langley","2016 Quarter 3","Sales",11,"D","D"]
["Langley","2016 Quarter 3","Sales",22,"D","D"]
["Langley","2016 Quarter 3","Sales",23,2120512,147]
["Langley","2016 Quarter 3","Sales",31,171440,20]
["Langley","2016 Quarter 3","Sales",32,225970,38]
["Langley","2016 Quarter 3","Sales",33,40340,19]
["Langley","2016 Quarter 3","Sales",42,625014,249]
["Langley","2016 Quarter 3","Sales",44,1309918,333]
["Langley","2016 Quarter 3","Sales",45,2734225,410]
["Langley","2016 Quarter 3","Sales",48,"D","D"]
["Langley","2016 Quarter 3","Sales",49,"D","D"]
["Langley","2016 Quarter 3","Sales",51,386393,109]
["Langley","2016 Quarter 3","Sales",52,100048,31]
["Langley","2016 Quarter 3","Sales",53,96965,41]
["Langley","2016 Quarter 3","Sales",54,356375,83]
["Langley","2016 Quarter 3","Sales",56,373656,76]
["Langley","2016 Quarter 3","Sales",61,22307,17]
["Langley","2016 Quarter 3","Sales",62,1544,5]
["Langley","2016 Quarter 3","Sales",71,141977,9]
["Langley","2016 Quarter 3","Sales",72,4329697,22]
["Langley","2016 Quarter 3","Sales",81,374894,43]
["Langley","2016 Quarter 3","Sales",92,5460,3]
["Oak Harbor","2016 Quarter 3","Sales",11,3259,3]
["Oak Harbor","2016 Quarter 3","Sales",21,"D","D"]
["Oak Harbor","2016 Quarter 3","Sales",22,196458,3]
["Oak Harbor","2016 Quarter 3","Sales",23,14346438,447]
["Oak Harbor","2016 Quarter 3","Sales",31,614608,46]
["Oak Harbor","2016 Quarter 3","Sales",32,1091144,77]
["Oak Harbor","2016 Quarter 3","Sales",33,343836,92]
["Oak Harbor","2016 Quarter 3","Sales",42,5344356,719]
["Oak Harbor","2016 Quarter 3","Sales",44,31145162,643]
["Oak Harbor","2016 Quarter 3","Sales",45,20037802,908]
["Oak Harbor","2016 Quarter 3","Sales",48,252487,4]
["Oak Harbor","2016 Quarter 3","Sales",49,"D","D"]
["Oak Harbor","2016 Quarter 3","Sales",51,4352080,226]
["Oak Harbor","2016 Quarter 3","Sales",52,1173773,59]
["Oak Harbor","2016 Quarter 3","Sales",53,2392023,126]
["Oak Harbor","2016 Quarter 3","Sales",54,2322931,198]
["Oak Harbor","2016 Quarter 3","Sales",55,"D","D"]
["Oak Harbor","2016 Quarter 3","Sales",56,2104438,220]
["Oak Harbor","2016 Quarter 3","Sales",61,119624,48]
["Oak Harbor","2016 Quarter 3","Sales",62,23867,25]
["Oak Harbor","2016 Quarter 3","Sales",71,953997,22]
["Oak Harbor","2016 Quarter 3","Sales",72,16038986,81]
["Oak Harbor","2016 Quarter 3","Sales",81,2599013,148]
["Oak Harbor","2016 Quarter 3","Sales",92,3159,3]
["Unic Is Co","2016 Quarter 4","Sales",0,"D","D"]
["Unic Is Co","2016 Quarter 4","Sales",11,298703,41]
["Unic Is Co","2016 Quarter 4","Sales",21,47091,4]
["Unic Is Co","2016 Quarter 4","Sales",22,238621,7]
["Unic Is Co","2016 Quarter 4","Sales",23,42053921,1132]
["Unic Is Co","2016 Quarter 4","Sales",31,420571,164]
["Unic Is Co","2016 Quarter 4","Sales",32,2273225,112]
["Unic Is Co","2016 Quarter 4","Sales",33,1203967,197]
["Unic Is Co","2016 Quarter 4","Sales",42,8836227,898]
["Unic Is Co","2016 Quarter 4","Sales",44,25950623,1138]
["Unic Is Co","2016 Quarter 4","Sales",45,15592419,1601]
["Unic Is Co","2016 Quarter 4","Sales",48,505686,30]
["Unic Is Co","2016 Quarter 4","Sales",49,40453,5]
["Unic Is Co","2016 Quarter 4","Sales",51,7969649,263]
["Unic Is Co","2016 Quarter 4","Sales",52,643911,56]
["Unic Is Co","2016 Quarter 4","Sales",53,2036253,175]
["Unic Is Co","2016 Quarter 4","Sales",54,2951700,384]
["Unic Is Co","2016 Quarter 4","Sales",55,"D","D"]
["Unic Is Co","2016 Quarter 4","Sales",56,6713476,440]
["Unic Is Co","2016 Quarter 4","Sales",61,276904,61]
["Unic Is Co","2016 Quarter 4","Sales",62,192829,41]
["Unic Is Co","2016 Quarter 4","Sales",71,1575462,107]
["Unic Is Co","2016 Quarter 4","Sales",72,6631052,160]
["Unic Is Co","2016 Quarter 4","Sales",81,3709135,255]
["Unic Is Co","2016 Quarter 4","Sales",92,51362,6]
["Coupeville","2016 Quarter 4","Sales",0,"D","D"]
["Coupeville","2016 Quarter 4","Sales",11,85555,6]
["Coupeville","2016 Quarter 4","Sales",21,"D","D"]
["Coupeville","2016 Quarter 4","Sales",22,"D","D"]
["Coupeville","2016 Quarter 4","Sales",23,7132050,167]
["Coupeville","2016 Quarter 4","Sales",31,156155,32]
["Coupeville","2016 Quarter 4","Sales",32,376337,43]
["Coupeville","2016 Quarter 4","Sales",33,76410,44]
["Coupeville","2016 Quarter 4","Sales",42,1441259,384]
["Coupeville","2016 Quarter 4","Sales",44,1858579,442]
["Coupeville","2016 Quarter 4","Sales",45,1732990,630]
["Coupeville","2016 Quarter 4","Sales",48,"D","D"]
["Coupeville","2016 Quarter 4","Sales",49,"D","D"]
["Coupeville","2016 Quarter 4","Sales",51,779442,134]
["Coupeville","2016 Quarter 4","Sales",52,122387,29]
["Coupeville","2016 Quarter 4","Sales",53,207798,63]
["Coupeville","2016 Quarter 4","Sales",54,739758,135]
["Coupeville","2016 Quarter 4","Sales",56,621735,116]
["Coupeville","2016 Quarter 4","Sales",61,48034,28]
["Coupeville","2016 Quarter 4","Sales",62,117015,15]
["Coupeville","2016 Quarter 4","Sales",71,73273,30]
["Coupeville","2016 Quarter 4","Sales",72,1836376,40]
["Coupeville","2016 Quarter 4","Sales",81,320550,55]
["Coupeville","2016 Quarter 4","Sales",92,452,3]
["Langley","2016 Quarter 4","Sales",11,4513,6]
["Langley","2016 Quarter 4","Sales",22,"D","D"]
["Langley","2016 Quarter 4","Sales",23,2194913,142]
["Langley","2016 Quarter 4","Sales",31,108390,35]
["Langley","2016 Quarter 4","Sales",32,242774,34]
["Langley","2016 Quarter 4","Sales",33,39282,27]
["Langley","2016 Quarter 4","Sales",42,1104127,303]
["Langley","2016 Quarter 4","Sales",44,1129308,422]
["Langley","2016 Quarter 4","Sales",45,2645009,555]
["Langley","2016 Quarter 4","Sales",48,"D","D"]
["Langley","2016 Quarter 4","Sales",51,403531,122]
["Langley","2016 Quarter 4","Sales",52,134583,31]
["Langley","2016 Quarter 4","Sales",53,90278,41]
["Langley","2016 Quarter 4","Sales",54,382341,101]
["Langley","2016 Quarter 4","Sales",56,551087,103]
["Langley","2016 Quarter 4","Sales",61,11985,26]
["Langley","2016 Quarter 4","Sales",62,5872,11]
["Langley","2016 Quarter 4","Sales",71,108432,17]
["Langley","2016 Quarter 4","Sales",72,2550601,27]
["Langley","2016 Quarter 4","Sales",81,278049,54]
["Langley","2016 Quarter 4","Sales",92,"D","D"]
["Oak Harbor","2016 Quarter 4","Sales",11,17576,7]
["Oak Harbor","2016 Quarter 4","Sales",21,6173,3]
["Oak Harbor","2016 Quarter 4","Sales",22,57828,3]
["Oak Harbor","2016 Quarter 4","Sales",23,12321131,443]
["Oak Harbor","2016 Quarter 4","Sales",31,378026,70]
["Oak Harbor","2016 Quarter 4","Sales",32,737590,86]
["Oak Harbor","2016 Quarter 4","Sales",33,454872,120]
["Oak Harbor","2016 Quarter 4","Sales",42,4384649,805]
["Oak Harbor","2016 Quarter 4","Sales",44,29474795,849]
["Oak Harbor","2016 Quarter 4","Sales",45,22377706,1320]
["Oak Harbor","2016 Quarter 4","Sales",48,9147,6]
["Oak Harbor","2016 Quarter 4","Sales",49,1749,4]
["Oak Harbor","2016 Quarter 4","Sales",51,5033747,250]
["Oak Harbor","2016 Quarter 4","Sales",52,1065515,57]
["Oak Harbor","2016 Quarter 4","Sales",53,2080265,131]
["Oak Harbor","2016 Quarter 4","Sales",54,2200952,273]
["Oak Harbor","2016 Quarter 4","Sales",55,"D","D"]
["Oak Harbor","2016 Quarter 4","Sales",56,2019819,250]
["Oak Harbor","2016 Quarter 4","Sales",61,111747,55]
["Oak Harbor","2016 Quarter 4","Sales",62,41249,31]
["Oak Harbor","2016 Quarter 4","Sales",71,829270,40]
["Oak Harbor","2016 Quarter 4","Sales",72,13817211,78]
["Oak Harbor","2016 Quarter 4","Sales",81,2819045,186]
["Oak Harbor","2016 Quarter 4","Sales",92,6681,3]
["Unic Is Co","2017 Quarter 1","Sales",11,133039,16]
["Unic Is Co","2017 Quarter 1","Sales",21,"D","D"]
["Unic Is Co","2017 Quarter 1","Sales",22,174265,4]
["Unic Is Co","2017 Quarter 1","Sales",23,40686978,1071]
["Unic Is Co","2017 Quarter 1","Sales",31,324598,124]
["Unic Is Co","2017 Quarter 1","Sales",32,1788864,97]
["Unic Is Co","2017 Quarter 1","Sales",33,721774,141]
["Unic Is Co","2017 Quarter 1","Sales",42,11285902,826]
["Unic Is Co","2017 Quarter 1","Sales",44,22962334,993]
["Unic Is Co","2017 Quarter 1","Sales",45,12137157,1157]
["Unic Is Co","2017 Quarter 1","Sales",48,248681,15]
["Unic Is Co","2017 Quarter 1","Sales",49,"D","D"]
["Unic Is Co","2017 Quarter 1","Sales",51,7582382,233]
["Unic Is Co","2017 Quarter 1","Sales",52,744243,54]
["Unic Is Co","2017 Quarter 1","Sales",53,1327353,138]
["Unic Is Co","2017 Quarter 1","Sales",54,2609132,257]
["Unic Is Co","2017 Quarter 1","Sales",55,"D","D"]
["Unic Is Co","2017 Quarter 1","Sales",56,5826185,347]
["Unic Is Co","2017 Quarter 1","Sales",61,164422,48]
["Unic Is Co","2017 Quarter 1","Sales",62,119156,30]
["Unic Is Co","2017 Quarter 1","Sales",71,1382995,41]
["Unic Is Co","2017 Quarter 1","Sales",72,5955796,99]
["Unic Is Co","2017 Quarter 1","Sales",81,3224246,191]
["Unic Is Co","2017 Quarter 1","Sales",92,51793,6]
["Coupeville","2017 Quarter 1","Sales",11,31902,5]
["Coupeville","2017 Quarter 1","Sales",22,29598,4]
["Coupeville","2017 Quarter 1","Sales",23,9576040,152]
["Coupeville","2017 Quarter 1","Sales",31,181156,21]
["Coupeville","2017 Quarter 1","Sales",32,343534,33]
["Coupeville","2017 Quarter 1","Sales",33,74248,31]
["Coupeville","2017 Quarter 1","Sales",42,1696768,350]
["Coupeville","2017 Quarter 1","Sales",44,1798459,390]
["Coupeville","2017 Quarter 1","Sales",45,1262502,452]
["Coupeville","2017 Quarter 1","Sales",48,"D","D"]
["Coupeville","2017 Quarter 1","Sales",49,2040,3]
["Coupeville","2017 Quarter 1","Sales",51,698749,120]
["Coupeville","2017 Quarter 1","Sales",52,96125,30]
["Coupeville","2017 Quarter 1","Sales",53,259450,62]
["Coupeville","2017 Quarter 1","Sales",54,642371,100]
["Coupeville","2017 Quarter 1","Sales",55,"D","D"]
["Coupeville","2017 Quarter 1","Sales",56,564983,88]
["Coupeville","2017 Quarter 1","Sales",61,11562,23]
["Coupeville","2017 Quarter 1","Sales",62,117968,17]
["Coupeville","2017 Quarter 1","Sales",71,29718,5]
["Coupeville","2017 Quarter 1","Sales",72,1696741,30]
["Coupeville","2017 Quarter 1","Sales",81,232601,42]
["Coupeville","2017 Quarter 1","Sales",92,9449,4]
["Langley","2017 Quarter 1","Sales",11,"D","D"]
["Langley","2017 Quarter 1","Sales",22,"D","D"]
["Langley","2017 Quarter 1","Sales",23,2423546,131]
["Langley","2017 Quarter 1","Sales",31,100347,20]
["Langley","2017 Quarter 1","Sales",32,200077,35]
["Langley","2017 Quarter 1","Sales",33,20334,19]
["Langley","2017 Quarter 1","Sales",42,522762,238]
["Langley","2017 Quarter 1","Sales",44,927271,338]
["Langley","2017 Quarter 1","Sales",45,1834748,421]
["Langley","2017 Quarter 1","Sales",48,"D","D"]
["Langley","2017 Quarter 1","Sales",51,341342,113]
["Langley","2017 Quarter 1","Sales",52,148105,29]
["Langley","2017 Quarter 1","Sales",53,73785,39]
["Langley","2017 Quarter 1","Sales",54,202509,76]
["Langley","2017 Quarter 1","Sales",56,325001,79]
["Langley","2017 Quarter 1","Sales",61,5041,15]
["Langley","2017 Quarter 1","Sales",62,1899,6]
["Langley","2017 Quarter 1","Sales",71,22793,6]
["Langley","2017 Quarter 1","Sales",72,2195908,18]
["Langley","2017 Quarter 1","Sales",81,122874,46]
["Langley","2017 Quarter 1","Sales",92,"D","D"]
["Oak Harbor","2017 Quarter 1","Sales",11,6601,5]
["Oak Harbor","2017 Quarter 1","Sales",22,35728,3]
["Oak Harbor","2017 Quarter 1","Sales",23,14592750,432]
["Oak Harbor","2017 Quarter 1","Sales",31,348085,57]
["Oak Harbor","2017 Quarter 1","Sales",32,805896,79]
["Oak Harbor","2017 Quarter 1","Sales",33,601628,105]
["Oak Harbor","2017 Quarter 1","Sales",42,3963372,730]
["Oak Harbor","2017 Quarter 1","Sales",44,27732977,754]
["Oak Harbor","2017 Quarter 1","Sales",45,17706670,981]
["Oak Harbor","2017 Quarter 1","Sales",48,8441,6]
["Oak Harbor","2017 Quarter 1","Sales",49,1998,3]
["Oak Harbor","2017 Quarter 1","Sales",51,4359083,227]
["Oak Harbor","2017 Quarter 1","Sales",52,955891,59]
["Oak Harbor","2017 Quarter 1","Sales",53,2222335,118]
["Oak Harbor","2017 Quarter 1","Sales",54,1909855,207]
["Oak Harbor","2017 Quarter 1","Sales",55,"D","D"]
["Oak Harbor","2017 Quarter 1","Sales",56,1888974,224]
["Oak Harbor","2017 Quarter 1","Sales",61,92865,41]
["Oak Harbor","2017 Quarter 1","Sales",62,24861,27]
["Oak Harbor","2017 Quarter 1","Sales",71,790042,22]
["Oak Harbor","2017 Quarter 1","Sales",72,14145725,70]
["Oak Harbor","2017 Quarter 1","Sales",81,2691290,155]
["Oak Harbor","2017 Quarter 1","Sales",92,6933,3]
["Coupeville","2017 Quarter 2","Sales",11,54333,4]
["Coupeville","2017 Quarter 2","Sales",22,"D","D"]
["Coupeville","2017 Quarter 2","Sales",23,7028785,144]
["Coupeville","2017 Quarter 2","Sales",31,210558,18]
["Coupeville","2017 Quarter 2","Sales",32,387738,27]
["Coupeville","2017 Quarter 2","Sales",33,54729,32]
["Coupeville","2017 Quarter 2","Sales",42,2794412,365]
["Coupeville","2017 Quarter 2","Sales",44,1951675,370]
["Coupeville","2017 Quarter 2","Sales",45,1513004,432]
["Coupeville","2017 Quarter 2","Sales",48,358,3]
["Coupeville","2017 Quarter 2","Sales",51,693758,119]
["Coupeville","2017 Quarter 2","Sales",52,84677,30]
["Coupeville","2017 Quarter 2","Sales",53,210132,59]
["Coupeville","2017 Quarter 2","Sales",54,527827,97]
["Coupeville","2017 Quarter 2","Sales",56,631639,102]
["Coupeville","2017 Quarter 2","Sales",61,31345,21]
["Coupeville","2017 Quarter 2","Sales",62,107405,14]
["Coupeville","2017 Quarter 2","Sales",71,35387,6]
["Coupeville","2017 Quarter 2","Sales",72,2429961,29]
["Coupeville","2017 Quarter 2","Sales",81,262233,46]
["Coupeville","2017 Quarter 2","Sales",92,1225,3]
["Langley","2017 Quarter 2","Sales",11,2536,3]
["Langley","2017 Quarter 2","Sales",22,"D","D"]
["Langley","2017 Quarter 2","Sales",23,2753164,144]
["Langley","2017 Quarter 2","Sales",31,137929,20]
["Langley","2017 Quarter 2","Sales",32,161690,36]
["Langley","2017 Quarter 2","Sales",33,60569,23]
["Langley","2017 Quarter 2","Sales",42,712310,267]
["Langley","2017 Quarter 2","Sales",44,1066732,354]
["Langley","2017 Quarter 2","Sales",45,2288651,386]
["Langley","2017 Quarter 2","Sales",48,"D","D"]
["Langley","2017 Quarter 2","Sales",51,334655,108]
["Langley","2017 Quarter 2","Sales",52,118174,30]
["Langley","2017 Quarter 2","Sales",53,85147,38]
["Langley","2017 Quarter 2","Sales",54,271085,84]
["Langley","2017 Quarter 2","Sales",56,399929,87]
["Langley","2017 Quarter 2","Sales",61,11701,20]
["Langley","2017 Quarter 2","Sales",62,3584,6]
["Langley","2017 Quarter 2","Sales",71,43058,9]
["Langley","2017 Quarter 2","Sales",72,3071955,20]
["Langley","2017 Quarter 2","Sales",81,117568,45]
["Langley","2017 Quarter 2","Sales",92,"D","D"]
["Oak Harbor","2017 Quarter 2","Sales",11,8323,5]
["Oak Harbor","2017 Quarter 2","Sales",22,118952,5]
["Oak Harbor","2017 Quarter 2","Sales",23,17701058,426]
["Oak Harbor","2017 Quarter 2","Sales",31,361830,52]
["Oak Harbor","2017 Quarter 2","Sales",32,1674469,88]
["Oak Harbor","2017 Quarter 2","Sales",33,602096,104]
["Oak Harbor","2017 Quarter 2","Sales",42,4699623,743]
["Oak Harbor","2017 Quarter 2","Sales",44,34211922,755]
["Oak Harbor","2017 Quarter 2","Sales",45,19354525,1037]
["Oak Harbor","2017 Quarter 2","Sales",48,20999,5]
["Oak Harbor","2017 Quarter 2","Sales",49,"D","D"]
["Oak Harbor","2017 Quarter 2","Sales",51,4471726,236]
["Oak Harbor","2017 Quarter 2","Sales",52,1028554,56]
["Oak Harbor","2017 Quarter 2","Sales",53,2362107,118]
["Oak Harbor","2017 Quarter 2","Sales",54,2111116,207]
["Oak Harbor","2017 Quarter 2","Sales",55,"D","D"]
["Oak Harbor","2017 Quarter 2","Sales",56,1998746,232]
["Oak Harbor","2017 Quarter 2","Sales",61,72813,48]
["Oak Harbor","2017 Quarter 2","Sales",62,27178,22]
["Oak Harbor","2017 Quarter 2","Sales",71,870237,22]
["Oak Harbor","2017 Quarter 2","Sales",72,16141426,75]
["Oak Harbor","2017 Quarter 2","Sales",81,2731003,166]
["Oak Harbor","2017 Quarter 2","Sales",92,"D","D"]
["Unic Is Co","2017 Quarter 2","Sales",11,218650,19]
["Unic Is Co","2017 Quarter 2","Sales",21,118135,3]
["Unic Is Co","2017 Quarter 2","Sales",22,251647,7]
["Unic Is Co","2017 Quarter 2","Sales",23,50234229,1194]
["Unic Is Co","2017 Quarter 2","Sales",31,728986,118]
["Unic Is Co","2017 Quarter 2","Sales",32,2338287,114]
["Unic Is Co","2017 Quarter 2","Sales",33,1319126,163]
["Unic Is Co","2017 Quarter 2","Sales",42,9103375,888]
["Unic Is Co","2017 Quarter 2","Sales",44,31642415,1109]
["Unic Is Co","2017 Quarter 2","Sales",45,13178006,1319]
["Unic Is Co","2017 Quarter 2","Sales",48,252378,20]
["Unic Is Co","2017 Quarter 2","Sales",49,"D","D"]
["Unic Is Co","2017 Quarter 2","Sales",51,7839981,237]
["Unic Is Co","2017 Quarter 2","Sales",52,715185,59]
["Unic Is Co","2017 Quarter 2","Sales",53,1889229,148]
["Unic Is Co","2017 Quarter 2","Sales",54,3111492,262]
["Unic Is Co","2017 Quarter 2","Sales",55,"D","D"]
["Unic Is Co","2017 Quarter 2","Sales",56,7692130,389]
["Unic Is Co","2017 Quarter 2","Sales",61,286169,51]
["Unic Is Co","2017 Quarter 2","Sales",62,126422,23]
["Unic Is Co","2017 Quarter 2","Sales",71,2353796,43]
["Unic Is Co","2017 Quarter 2","Sales",72,8017388,118]
["Unic Is Co","2017 Quarter 2","Sales",81,3557711,194]
["Unic Is Co","2017 Quarter 2","Sales",92,37647,6]
["Coupeville","2017 Quarter 3","Sales",11,111018,6]
["Coupeville","2017 Quarter 3","Sales",22,5032,3]
["Coupeville","2017 Quarter 3","Sales",23,4375058,162]
["Coupeville","2017 Quarter 3","Sales",31,282897,24]
["Coupeville","2017 Quarter 3","Sales",32,584196,35]
["Coupeville","2017 Quarter 3","Sales",33,108267,39]
["Coupeville","2017 Quarter 3","Sales",42,1229180,355]
["Coupeville","2017 Quarter 3","Sales",44,2331246,397]
["Coupeville","2017 Quarter 3","Sales",45,1649610,527]
["Coupeville","2017 Quarter 3","Sales",48,"D","D"]
["Coupeville","2017 Quarter 3","Sales",49,"D","D"]
["Coupeville","2017 Quarter 3","Sales",51,662212,125]
["Coupeville","2017 Quarter 3","Sales",52,80791,29]
["Coupeville","2017 Quarter 3","Sales",53,338961,59]
["Coupeville","2017 Quarter 3","Sales",54,644108,102]
["Coupeville","2017 Quarter 3","Sales",55,"D","D"]
["Coupeville","2017 Quarter 3","Sales",56,825461,104]
["Coupeville","2017 Quarter 3","Sales",61,44180,22]
["Coupeville","2017 Quarter 3","Sales",62,134016,15]
["Coupeville","2017 Quarter 3","Sales",71,80792,13]
["Coupeville","2017 Quarter 3","Sales",72,3313571,33]
["Coupeville","2017 Quarter 3","Sales",81,290766,54]
["Coupeville","2017 Quarter 3","Sales",92,2220,3]
["Langley","2017 Quarter 3","Sales",11,"D","D"]
["Langley","2017 Quarter 3","Sales",22,"D","D"]
["Langley","2017 Quarter 3","Sales",23,2392193,145]
["Langley","2017 Quarter 3","Sales",31,184201,23]
["Langley","2017 Quarter 3","Sales",32,207658,35]
["Langley","2017 Quarter 3","Sales",33,22585,26]
["Langley","2017 Quarter 3","Sales",42,515522,253]
["Langley","2017 Quarter 3","Sales",44,1200944,369]
["Langley","2017 Quarter 3","Sales",45,3154128,402]
["Langley","2017 Quarter 3","Sales",48,"D","D"]
["Langley","2017 Quarter 3","Sales",49,"D","D"]
["Langley","2017 Quarter 3","Sales",51,359900,117]
["Langley","2017 Quarter 3","Sales",52,122471,24]
["Langley","2017 Quarter 3","Sales",53,129167,40]
["Langley","2017 Quarter 3","Sales",54,256983,91]
["Langley","2017 Quarter 3","Sales",56,430442,79]
["Langley","2017 Quarter 3","Sales",61,42172,17]
["Langley","2017 Quarter 3","Sales",62,1819,7]
["Langley","2017 Quarter 3","Sales",71,180402,15]
["Langley","2017 Quarter 3","Sales",72,4931204,27]
["Langley","2017 Quarter 3","Sales",81,116714,42]
["Langley","2017 Quarter 3","Sales",92,"D","D"]
["Oak Harbor","2017 Quarter 3","Sales",11,4495,3]
["Oak Harbor","2017 Quarter 3","Sales",22,178048,3]
["Oak Harbor","2017 Quarter 3","Sales",23,22756121,431]
["Oak Harbor","2017 Quarter 3","Sales",31,472660,53]
["Oak Harbor","2017 Quarter 3","Sales",32,2035362,79]
["Oak Harbor","2017 Quarter 3","Sales",33,524494,97]
["Oak Harbor","2017 Quarter 3","Sales",42,4287798,737]
["Oak Harbor","2017 Quarter 3","Sales",44,32685039,819]
["Oak Harbor","2017 Quarter 3","Sales",45,20612691,1089]
["Oak Harbor","2017 Quarter 3","Sales",48,3948,4]
["Oak Harbor","2017 Quarter 3","Sales",49,"D","D"]
["Oak Harbor","2017 Quarter 3","Sales",51,4217808,234]
["Oak Harbor","2017 Quarter 3","Sales",52,998373,54]
["Oak Harbor","2017 Quarter 3","Sales",53,2300335,122]
["Oak Harbor","2017 Quarter 3","Sales",54,2201001,218]
["Oak Harbor","2017 Quarter 3","Sales",55,"D","D"]
["Oak Harbor","2017 Quarter 3","Sales",56,2046894,235]
["Oak Harbor","2017 Quarter 3","Sales",61,108388,45]
["Oak Harbor","2017 Quarter 3","Sales",62,27952,24]
["Oak Harbor","2017 Quarter 3","Sales",71,1016801,30]
["Oak Harbor","2017 Quarter 3","Sales",72,17273818,84]
["Oak Harbor","2017 Quarter 3","Sales",81,2840513,166]
["Oak Harbor","2017 Quarter 3","Sales",92,1059,3]
["Unic Is Co","2017 Quarter 3","Sales",11,292304,20]
["Unic Is Co","2017 Quarter 3","Sales",21,139295,5]
["Unic Is Co","2017 Quarter 3","Sales",22,215574,9]
["Unic Is Co","2017 Quarter 3","Sales",23,55384632,1212]
["Unic Is Co","2017 Quarter 3","Sales",31,954946,126]
["Unic Is Co","2017 Quarter 3","Sales",32,2445689,105]
["Unic Is Co","2017 Quarter 3","Sales",33,1000285,153]
["Unic Is Co","2017 Quarter 3","Sales",42,8068597,851]
["Unic Is Co","2017 Quarter 3","Sales",44,33048434,1124]
["Unic Is Co","2017 Quarter 3","Sales",45,15564499,1441]
["Unic Is Co","2017 Quarter 3","Sales",48,267684,18]
["Unic Is Co","2017 Quarter 3","Sales",49,54042,3]
["Unic Is Co","2017 Quarter 3","Sales",51,7596825,248]
["Unic Is Co","2017 Quarter 3","Sales",52,598358,58]
["Unic Is Co","2017 Quarter 3","Sales",53,2419538,156]
["Unic Is Co","2017 Quarter 3","Sales",54,3403030,271]
["Unic Is Co","2017 Quarter 3","Sales",55,"D","D"]
["Unic Is Co","2017 Quarter 3","Sales",56,7879854,382]
["Unic Is Co","2017 Quarter 3","Sales",61,343427,48]
["Unic Is Co","2017 Quarter 3","Sales",62,162781,32]
["Unic Is Co","2017 Quarter 3","Sales",71,3341285,43]
["Unic Is Co","2017 Quarter 3","Sales",72,9784040,127]
["Unic Is Co","2017 Quarter 3","Sales",81,3292874,208]
["Unic Is Co","2017 Quarter 3","Sales",92,41442,7]
["Coupeville","2017 Quarter 4","Sales",11,62756,9]
["Coupeville","2017 Quarter 4","Sales",21,"D","D"]
["Coupeville","2017 Quarter 4","Sales",22,"D","D"]
["Coupeville","2017 Quarter 4","Sales",23,2665758,158]
["Coupeville","2017 Quarter 4","Sales",31,169559,31]
["Coupeville","2017 Quarter 4","Sales",32,435779,47]
["Coupeville","2017 Quarter 4","Sales",33,334961,47]
["Coupeville","2017 Quarter 4","Sales",42,1952156,393]
["Coupeville","2017 Quarter 4","Sales",44,2062757,475]
["Coupeville","2017 Quarter 4","Sales",45,1927299,635]
["Coupeville","2017 Quarter 4","Sales",48,"D","D"]
["Coupeville","2017 Quarter 4","Sales",49,"D","D"]
["Coupeville","2017 Quarter 4","Sales",51,748773,136]
["Coupeville","2017 Quarter 4","Sales",52,89301,31]
["Coupeville","2017 Quarter 4","Sales",53,190222,59]
["Coupeville","2017 Quarter 4","Sales",54,487063,127]
["Coupeville","2017 Quarter 4","Sales",56,691888,110]
["Coupeville","2017 Quarter 4","Sales",61,33235,23]
["Coupeville","2017 Quarter 4","Sales",62,122793,14]
["Coupeville","2017 Quarter 4","Sales",71,61549,28]
["Coupeville","2017 Quarter 4","Sales",72,1813317,39]
["Coupeville","2017 Quarter 4","Sales",81,328922,58]
["Coupeville","2017 Quarter 4","Sales",92,1617,3]
["Langley","2017 Quarter 4","Sales",11,1670,7]
["Langley","2017 Quarter 4","Sales",22,"D","D"]
["Langley","2017 Quarter 4","Sales",23,2945149,148]
["Langley","2017 Quarter 4","Sales",31,120807,23]
["Langley","2017 Quarter 4","Sales",32,150336,38]
["Langley","2017 Quarter 4","Sales",33,24638,35]
["Langley","2017 Quarter 4","Sales",42,654178,281]
["Langley","2017 Quarter 4","Sales",44,1059048,419]
["Langley","2017 Quarter 4","Sales",45,2889720,563]
["Langley","2017 Quarter 4","Sales",48,"D","D"]
["Langley","2017 Quarter 4","Sales",49,"D","D"]
["Langley","2017 Quarter 4","Sales",51,402270,120]
["Langley","2017 Quarter 4","Sales",52,105193,25]
["Langley","2017 Quarter 4","Sales",53,85300,39]
["Langley","2017 Quarter 4","Sales",54,244969,98]
["Langley","2017 Quarter 4","Sales",56,602267,96]
["Langley","2017 Quarter 4","Sales",61,4769,16]
["Langley","2017 Quarter 4","Sales",62,6289,7]
["Langley","2017 Quarter 4","Sales",71,97063,14]
["Langley","2017 Quarter 4","Sales",72,2934732,27]
["Langley","2017 Quarter 4","Sales",81,180028,52]
["Langley","2017 Quarter 4","Sales",92,"D","D"]
["Oak Harbor","2017 Quarter 4","Sales",11,16727,9]
["Oak Harbor","2017 Quarter 4","Sales",21,"D","D"]
["Oak Harbor","2017 Quarter 4","Sales",22,63397,3]
["Oak Harbor","2017 Quarter 4","Sales",23,25325567,427]
["Oak Harbor","2017 Quarter 4","Sales",31,414775,81]
["Oak Harbor","2017 Quarter 4","Sales",32,1299383,99]
["Oak Harbor","2017 Quarter 4","Sales",33,379992,122]
["Oak Harbor","2017 Quarter 4","Sales",42,5217491,805]
["Oak Harbor","2017 Quarter 4","Sales",44,31049135,1008]
["Oak Harbor","2017 Quarter 4","Sales",45,23100595,1513]
["Oak Harbor","2017 Quarter 4","Sales",48,9078,7]
["Oak Harbor","2017 Quarter 4","Sales",49,2423,6]
["Oak Harbor","2017 Quarter 4","Sales",51,5121496,264]
["Oak Harbor","2017 Quarter 4","Sales",52,945875,58]
["Oak Harbor","2017 Quarter 4","Sales",53,2049689,132]
["Oak Harbor","2017 Quarter 4","Sales",54,2361730,275]
["Oak Harbor","2017 Quarter 4","Sales",55,3939,3]
["Oak Harbor","2017 Quarter 4","Sales",56,1933552,261]
["Oak Harbor","2017 Quarter 4","Sales",61,114865,48]
["Oak Harbor","2017 Quarter 4","Sales",62,47065,32]
["Oak Harbor","2017 Quarter 4","Sales",71,933336,53]
["Oak Harbor","2017 Quarter 4","Sales",72,14323351,80]
["Oak Harbor","2017 Quarter 4","Sales",81,2760317,190]
["Oak Harbor","2017 Quarter 4","Sales",92,8412,4]
["Unic Is Co","2017 Quarter 4","Sales",0,"D","D"]
["Unic Is Co","2017 Quarter 4","Sales",11,342002,43]
["Unic Is Co","2017 Quarter 4","Sales",21,151963,3]
["Unic Is Co","2017 Quarter 4","Sales",22,290943,8]
["Unic Is Co","2017 Quarter 4","Sales",23,51024920,1267]
["Unic Is Co","2017 Quarter 4","Sales",31,795169,175]
["Unic Is Co","2017 Quarter 4","Sales",32,2547220,166]
["Unic Is Co","2017 Quarter 4","Sales",33,884693,185]
["Unic Is Co","2017 Quarter 4","Sales",42,10695357,966]
["Unic Is Co","2017 Quarter 4","Sales",44,29191421,1416]
["Unic Is Co","2017 Quarter 4","Sales",45,19235869,2039]
["Unic Is Co","2017 Quarter 4","Sales",48,308874,26]
["Unic Is Co","2017 Quarter 4","Sales",49,59624,7]
["Unic Is Co","2017 Quarter 4","Sales",51,8297862,280]
["Unic Is Co","2017 Quarter 4","Sales",52,707159,65]
["Unic Is Co","2017 Quarter 4","Sales",53,2132118,177]
["Unic Is Co","2017 Quarter 4","Sales",54,3125847,371]
["Unic Is Co","2017 Quarter 4","Sales",55,"D","D"]
["Unic Is Co","2017 Quarter 4","Sales",56,8034758,433]
["Unic Is Co","2017 Quarter 4","Sales",61,379042,75]
["Unic Is Co","2017 Quarter 4","Sales",62,152413,36]
["Unic Is Co","2017 Quarter 4","Sales",71,1713571,110]
["Unic Is Co","2017 Quarter 4","Sales",72,7139574,164]
["Unic Is Co","2017 Quarter 4","Sales",81,3759336,264]
["Unic Is Co","2017 Quarter 4","Sales",92,43129,6]
["Coupeville","2018 Quarter 1","Sales",11,30500,6]
["Coupeville","2018 Quarter 1","Sales",21,"D","D"]
["Coupeville","2018 Quarter 1","Sales",22,953,3]
["Coupeville","2018 Quarter 1","Sales",23,3396509,153]
["Coupeville","2018 Quarter 1","Sales",31,184687,12]
["Coupeville","2018 Quarter 1","Sales",32,459041,39]
["Coupeville","2018 Quarter 1","Sales",33,208266,31]
["Coupeville","2018 Quarter 1","Sales",42,1418009,341]
["Coupeville","2018 Quarter 1","Sales",44,1869791,315]
["Coupeville","2018 Quarter 1","Sales",45,1428471,421]
["Coupeville","2018 Quarter 1","Sales",48,"D","D"]
["Coupeville","2018 Quarter 1","Sales",49,"D","D"]
["Coupeville","2018 Quarter 1","Sales",51,659278,126]
["Coupeville","2018 Quarter 1","Sales",52,113269,27]
["Coupeville","2018 Quarter 1","Sales",53,200485,56]
["Coupeville","2018 Quarter 1","Sales",54,696673,101]
["Coupeville","2018 Quarter 1","Sales",56,1040255,96]
["Coupeville","2018 Quarter 1","Sales",61,15372,19]
["Coupeville","2018 Quarter 1","Sales",62,126602,14]
["Coupeville","2018 Quarter 1","Sales",71,35562,7]
["Coupeville","2018 Quarter 1","Sales",72,1728799,29]
["Coupeville","2018 Quarter 1","Sales",81,292970,50]
["Coupeville","2018 Quarter 1","Sales",92,6044,4]
["Langley","2018 Quarter 1","Sales",11,"D","D"]
["Langley","2018 Quarter 1","Sales",21,"D","D"]
["Langley","2018 Quarter 1","Sales",22,"D","D"]
["Langley","2018 Quarter 1","Sales",23,2227354,105]
["Langley","2018 Quarter 1","Sales",31,115542,15]
["Langley","2018 Quarter 1","Sales",32,143080,39]
["Langley","2018 Quarter 1","Sales",33,39639,20]
["Langley","2018 Quarter 1","Sales",42,542328,241]
["Langley","2018 Quarter 1","Sales",44,814225,296]
["Langley","2018 Quarter 1","Sales",45,2280866,345]
["Langley","2018 Quarter 1","Sales",48,29364,3]
["Langley","2018 Quarter 1","Sales",49,"D","D"]
["Langley","2018 Quarter 1","Sales",51,352404,122]
["Langley","2018 Quarter 1","Sales",52,99243,22]
["Langley","2018 Quarter 1","Sales",53,77681,33]
["Langley","2018 Quarter 1","Sales",54,232202,77]
["Langley","2018 Quarter 1","Sales",56,478259,78]
["Langley","2018 Quarter 1","Sales",61,32465,16]
["Langley","2018 Quarter 1","Sales",62,1936,5]
["Langley","2018 Quarter 1","Sales",71,57782,10]
["Langley","2018 Quarter 1","Sales",72,2619927,21]
["Langley","2018 Quarter 1","Sales",81,98687,34]
["Langley","2018 Quarter 1","Sales",92,"D","D"]
["Oak Harbor","2018 Quarter 1","Sales",11,"D","D"]
["Oak Harbor","2018 Quarter 1","Sales",21,"D","D"]
["Oak Harbor","2018 Quarter 1","Sales",22,38587,3]
["Oak Harbor","2018 Quarter 1","Sales",23,22553629,430]
["Oak Harbor","2018 Quarter 1","Sales",31,445521,50]
["Oak Harbor","2018 Quarter 1","Sales",32,1324423,83]
["Oak Harbor","2018 Quarter 1","Sales",33,338609,92]
["Oak Harbor","2018 Quarter 1","Sales",42,4949660,736]
["Oak Harbor","2018 Quarter 1","Sales",44,29111630,720]
["Oak Harbor","2018 Quarter 1","Sales",45,19983111,856]
["Oak Harbor","2018 Quarter 1","Sales",48,6533,5]
["Oak Harbor","2018 Quarter 1","Sales",49,6007,4]
["Oak Harbor","2018 Quarter 1","Sales",51,4577033,239]
["Oak Harbor","2018 Quarter 1","Sales",52,1010069,55]
["Oak Harbor","2018 Quarter 1","Sales",53,2438325,128]
["Oak Harbor","2018 Quarter 1","Sales",54,2069520,217]
["Oak Harbor","2018 Quarter 1","Sales",55,"D","D"]
["Oak Harbor","2018 Quarter 1","Sales",56,3049340,222]
["Oak Harbor","2018 Quarter 1","Sales",61,75271,45]
["Oak Harbor","2018 Quarter 1","Sales",62,21896,20]
["Oak Harbor","2018 Quarter 1","Sales",71,788822,27]
["Oak Harbor","2018 Quarter 1","Sales",72,15159763,76]
["Oak Harbor","2018 Quarter 1","Sales",81,2788003,162]
["Oak Harbor","2018 Quarter 1","Sales",92,773,3]
["Unic Is Co","2018 Quarter 1","Sales",11,198535,18]
["Unic Is Co","2018 Quarter 1","Sales",21,270886,5]
["Unic Is Co","2018 Quarter 1","Sales",22,220444,5]
["Unic Is Co","2018 Quarter 1","Sales",23,46039480,1157]
["Unic Is Co","2018 Quarter 1","Sales",31,645316,127]
["Unic Is Co","2018 Quarter 1","Sales",32,1739692,104]
["Unic Is Co","2018 Quarter 1","Sales",33,696268,143]
["Unic Is Co","2018 Quarter 1","Sales",42,10711040,887]
["Unic Is Co","2018 Quarter 1","Sales",44,26393065,971]
["Unic Is Co","2018 Quarter 1","Sales",45,16641310,1043]
["Unic Is Co","2018 Quarter 1","Sales",48,242900,16]
["Unic Is Co","2018 Quarter 1","Sales",49,54471,4]
["Unic Is Co","2018 Quarter 1","Sales",51,7620366,261]
["Unic Is Co","2018 Quarter 1","Sales",52,565552,61]
["Unic Is Co","2018 Quarter 1","Sales",53,1601854,136]
["Unic Is Co","2018 Quarter 1","Sales",54,2526965,267]
["Unic Is Co","2018 Quarter 1","Sales",55,"D","D"]
["Unic Is Co","2018 Quarter 1","Sales",56,10450987,362]
["Unic Is Co","2018 Quarter 1","Sales",61,128475,48]
["Unic Is Co","2018 Quarter 1","Sales",62,121913,31]
["Unic Is Co","2018 Quarter 1","Sales",71,1493499,48]
["Unic Is Co","2018 Quarter 1","Sales",72,6194588,106]
["Unic Is Co","2018 Quarter 1","Sales",81,3426047,196]
["Unic Is Co","2018 Quarter 1","Sales",92,42036,5]
["Coupeville","2018 Quarter 2","Sales",11,51227,5]
["Coupeville","2018 Quarter 2","Sales",21,"D","D"]
["Coupeville","2018 Quarter 2","Sales",22,5842,4]
["Coupeville","2018 Quarter 2","Sales",23,4863868,160]
["Coupeville","2018 Quarter 2","Sales",31,213123,22]
["Coupeville","2018 Quarter 2","Sales",32,610988,34]
["Coupeville","2018 Quarter 2","Sales",33,63329,32]
["Coupeville","2018 Quarter 2","Sales",42,1425011,338]
["Coupeville","2018 Quarter 2","Sales",44,2344272,354]
["Coupeville","2018 Quarter 2","Sales",45,1811930,416]
["Coupeville","2018 Quarter 2","Sales",48,"D","D"]
["Coupeville","2018 Quarter 2","Sales",49,"D","D"]
["Coupeville","2018 Quarter 2","Sales",51,666368,127]
["Coupeville","2018 Quarter 2","Sales",52,97568,28]
["Coupeville","2018 Quarter 2","Sales",53,600124,57]
["Coupeville","2018 Quarter 2","Sales",54,533236,97]
["Coupeville","2018 Quarter 2","Sales",56,749536,104]
["Coupeville","2018 Quarter 2","Sales",61,39480,22]
["Coupeville","2018 Quarter 2","Sales",62,129148,15]
["Coupeville","2018 Quarter 2","Sales",71,34167,6]
["Coupeville","2018 Quarter 2","Sales",72,2481609,29]
["Coupeville","2018 Quarter 2","Sales",81,265954,49]
["Coupeville","2018 Quarter 2","Sales",92,3490,3]
["Langley","2018 Quarter 2","Sales",11,"D","D"]
["Langley","2018 Quarter 2","Sales",22,"D","D"]
["Langley","2018 Quarter 2","Sales",23,2062388,121]
["Langley","2018 Quarter 2","Sales",31,147481,21]
["Langley","2018 Quarter 2","Sales",32,159175,42]
["Langley","2018 Quarter 2","Sales",33,26992,27]
["Langley","2018 Quarter 2","Sales",42,503626,232]
["Langley","2018 Quarter 2","Sales",44,1076909,306]
["Langley","2018 Quarter 2","Sales",45,2886443,353]
["Langley","2018 Quarter 2","Sales",48,11822,3]
["Langley","2018 Quarter 2","Sales",49,"D","D"]
["Langley","2018 Quarter 2","Sales",51,373017,113]
["Langley","2018 Quarter 2","Sales",52,134761,26]
["Langley","2018 Quarter 2","Sales",53,108110,35]
["Langley","2018 Quarter 2","Sales",54,308715,87]
["Langley","2018 Quarter 2","Sales",56,675311,91]
["Langley","2018 Quarter 2","Sales",61,46895,15]
["Langley","2018 Quarter 2","Sales",62,10960,7]
["Langley","2018 Quarter 2","Sales",71,99198,11]
["Langley","2018 Quarter 2","Sales",72,3542215,21]
["Langley","2018 Quarter 2","Sales",81,143047,41]
["Langley","2018 Quarter 2","Sales",92,"D","D"]
["Oak Harbor","2018 Quarter 2","Sales",11,12290,5]
["Oak Harbor","2018 Quarter 2","Sales",22,122811,5]
["Oak Harbor","2018 Quarter 2","Sales",23,23179334,455]
["Oak Harbor","2018 Quarter 2","Sales",31,442204,60]
["Oak Harbor","2018 Quarter 2","Sales",32,1540466,90]
["Oak Harbor","2018 Quarter 2","Sales",33,467845,102]
["Oak Harbor","2018 Quarter 2","Sales",42,5467555,752]
["Oak Harbor","2018 Quarter 2","Sales",44,34569744,729]
["Oak Harbor","2018 Quarter 2","Sales",45,21518830,872]
["Oak Harbor","2018 Quarter 2","Sales",48,8701,7]
["Oak Harbor","2018 Quarter 2","Sales",49,7797,4]
["Oak Harbor","2018 Quarter 2","Sales",51,4603533,245]
["Oak Harbor","2018 Quarter 2","Sales",52,1174414,62]
["Oak Harbor","2018 Quarter 2","Sales",53,3010824,136]
["Oak Harbor","2018 Quarter 2","Sales",54,2355032,219]
["Oak Harbor","2018 Quarter 2","Sales",55,"D","D"]
["Oak Harbor","2018 Quarter 2","Sales",56,3453262,219]
["Oak Harbor","2018 Quarter 2","Sales",61,72352,44]
["Oak Harbor","2018 Quarter 2","Sales",62,22422,20]
["Oak Harbor","2018 Quarter 2","Sales",71,961858,30]
["Oak Harbor","2018 Quarter 2","Sales",72,17393804,84]
["Oak Harbor","2018 Quarter 2","Sales",81,2916891,168]
["Oak Harbor","2018 Quarter 2","Sales",92,1049,3]
["Unic Is Co","2018 Quarter 2","Sales",11,243869,19]
["Unic Is Co","2018 Quarter 2","Sales",21,205436,3]
["Unic Is Co","2018 Quarter 2","Sales",22,367721,6]
["Unic Is Co","2018 Quarter 2","Sales",23,53089432,1209]
["Unic Is Co","2018 Quarter 2","Sales",31,938040,146]
["Unic Is Co","2018 Quarter 2","Sales",32,2851152,117]
["Unic Is Co","2018 Quarter 2","Sales",33,1061404,155]
["Unic Is Co","2018 Quarter 2","Sales",42,9228755,902]
["Unic Is Co","2018 Quarter 2","Sales",44,33261230,1028]
["Unic Is Co","2018 Quarter 2","Sales",45,18442158,1115]
["Unic Is Co","2018 Quarter 2","Sales",48,277718,24]
["Unic Is Co","2018 Quarter 2","Sales",49,66897,4]
["Unic Is Co","2018 Quarter 2","Sales",51,7615888,252]
["Unic Is Co","2018 Quarter 2","Sales",52,743004,65]
["Unic Is Co","2018 Quarter 2","Sales",53,2072588,149]
["Unic Is Co","2018 Quarter 2","Sales",54,2901961,255]
["Unic Is Co","2018 Quarter 2","Sales",55,"D","D"]
["Unic Is Co","2018 Quarter 2","Sales",56,12985980,391]
["Unic Is Co","2018 Quarter 2","Sales",61,216040,52]
["Unic Is Co","2018 Quarter 2","Sales",62,135167,27]
["Unic Is Co","2018 Quarter 2","Sales",71,2385613,60]
["Unic Is Co","2018 Quarter 2","Sales",72,8516534,132]
["Unic Is Co","2018 Quarter 2","Sales",81,3513002,194]
["Unic Is Co","2018 Quarter 2","Sales",92,62318,6]
["Coupeville","2018 Quarter 3","Sales",11,64892,5]
["Coupeville","2018 Quarter 3","Sales",21,"D","D"]
["Coupeville","2018 Quarter 3","Sales",22,7576,3]
["Coupeville","2018 Quarter 3","Sales",23,4153113,167]
["Coupeville","2018 Quarter 3","Sales",31,114777,23]
["Coupeville","2018 Quarter 3","Sales",32,628637,47]
["Coupeville","2018 Quarter 3","Sales",33,662208,46]
["Coupeville","2018 Quarter 3","Sales",42,1343273,316]
["Coupeville","2018 Quarter 3","Sales",44,2737087,402]
["Coupeville","2018 Quarter 3","Sales",45,1916900,469]
["Coupeville","2018 Quarter 3","Sales",48,1867,4]
["Coupeville","2018 Quarter 3","Sales",49,"D","D"]
["Coupeville","2018 Quarter 3","Sales",51,639438,138]
["Coupeville","2018 Quarter 3","Sales",52,135433,29]
["Coupeville","2018 Quarter 3","Sales",53,221771,55]
["Coupeville","2018 Quarter 3","Sales",54,645719,103]
["Coupeville","2018 Quarter 3","Sales",56,700236,103]
["Coupeville","2018 Quarter 3","Sales",61,55967,20]
["Coupeville","2018 Quarter 3","Sales",62,129098,14]
["Coupeville","2018 Quarter 3","Sales",71,76947,15]
["Coupeville","2018 Quarter 3","Sales",72,3306666,29]
["Coupeville","2018 Quarter 3","Sales",81,287611,54]
["Coupeville","2018 Quarter 3","Sales",92,1139,3]
["Langley","2018 Quarter 3","Sales",11,"D","D"]
["Langley","2018 Quarter 3","Sales",22,"D","D"]
["Langley","2018 Quarter 3","Sales",23,2449408,128]
["Langley","2018 Quarter 3","Sales",31,198337,22]
["Langley","2018 Quarter 3","Sales",32,190794,35]
["Langley","2018 Quarter 3","Sales",33,21157,16]
["Langley","2018 Quarter 3","Sales",42,375944,256]
["Langley","2018 Quarter 3","Sales",44,1175137,331]
["Langley","2018 Quarter 3","Sales",45,3504399,393]
["Langley","2018 Quarter 3","Sales",48,"D","D"]
["Langley","2018 Quarter 3","Sales",49,"D","D"]
["Langley","2018 Quarter 3","Sales",51,353567,120]
["Langley","2018 Quarter 3","Sales",52,117710,27]
["Langley","2018 Quarter 3","Sales",53,119072,38]
["Langley","2018 Quarter 3","Sales",54,260613,79]
["Langley","2018 Quarter 3","Sales",56,633835,80]
["Langley","2018 Quarter 3","Sales",61,10426,13]
["Langley","2018 Quarter 3","Sales",62,2653,6]
["Langley","2018 Quarter 3","Sales",71,131273,11]
["Langley","2018 Quarter 3","Sales",72,5203171,27]
["Langley","2018 Quarter 3","Sales",81,141465,40]
["Langley","2018 Quarter 3","Sales",92,"D","D"]
["Oak Harbor","2018 Quarter 3","Sales",11,11945,3]
["Oak Harbor","2018 Quarter 3","Sales",21,"D","D"]
["Oak Harbor","2018 Quarter 3","Sales",22,163469,5]
["Oak Harbor","2018 Quarter 3","Sales",23,26053553,456]
["Oak Harbor","2018 Quarter 3","Sales",31,557869,56]
["Oak Harbor","2018 Quarter 3","Sales",32,1735276,90]
["Oak Harbor","2018 Quarter 3","Sales",33,354762,99]
["Oak Harbor","2018 Quarter 3","Sales",42,5002331,727]
["Oak Harbor","2018 Quarter 3","Sales",44,34433764,788]
["Oak Harbor","2018 Quarter 3","Sales",45,22740116,911]
["Oak Harbor","2018 Quarter 3","Sales",48,15781,9]
["Oak Harbor","2018 Quarter 3","Sales",49,6818,4]
["Oak Harbor","2018 Quarter 3","Sales",51,4540679,251]
["Oak Harbor","2018 Quarter 3","Sales",52,1139028,61]
["Oak Harbor","2018 Quarter 3","Sales",53,2180545,123]
["Oak Harbor","2018 Quarter 3","Sales",54,2340522,226]
["Oak Harbor","2018 Quarter 3","Sales",55,"D","D"]
["Oak Harbor","2018 Quarter 3","Sales",56,3466861,228]
["Oak Harbor","2018 Quarter 3","Sales",61,73053,42]
["Oak Harbor","2018 Quarter 3","Sales",62,28986,23]
["Oak Harbor","2018 Quarter 3","Sales",71,995327,30]
["Oak Harbor","2018 Quarter 3","Sales",72,18015046,85]
["Oak Harbor","2018 Quarter 3","Sales",81,2910133,169]
["Oak Harbor","2018 Quarter 3","Sales",92,"D","D"]
["Unic Is Co","2018 Quarter 3","Sales",11,436671,15]
["Unic Is Co","2018 Quarter 3","Sales",21,325137,5]
["Unic Is Co","2018 Quarter 3","Sales",22,326115,6]
["Unic Is Co","2018 Quarter 3","Sales",23,56421558,1234]
["Unic Is Co","2018 Quarter 3","Sales",31,1159698,130]
["Unic Is Co","2018 Quarter 3","Sales",32,2767672,125]
["Unic Is Co","2018 Quarter 3","Sales",33,876478,155]
["Unic Is Co","2018 Quarter 3","Sales",42,8726350,870]
["Unic Is Co","2018 Quarter 3","Sales",44,34025122,1084]
["Unic Is Co","2018 Quarter 3","Sales",45,19424130,1188]
["Unic Is Co","2018 Quarter 3","Sales",48,227410,16]
["Unic Is Co","2018 Quarter 3","Sales",49,74292,4]
["Unic Is Co","2018 Quarter 3","Sales",51,7724717,263]
["Unic Is Co","2018 Quarter 3","Sales",52,763116,63]
["Unic Is Co","2018 Quarter 3","Sales",53,2383004,143]
["Unic Is Co","2018 Quarter 3","Sales",54,2874130,276]
["Unic Is Co","2018 Quarter 3","Sales",55,"D","D"]
["Unic Is Co","2018 Quarter 3","Sales",56,13869529,386]
["Unic Is Co","2018 Quarter 3","Sales",61,331177,43]
["Unic Is Co","2018 Quarter 3","Sales",62,117048,27]
["Unic Is Co","2018 Quarter 3","Sales",71,3550216,60]
["Unic Is Co","2018 Quarter 3","Sales",72,10159248,134]
["Unic Is Co","2018 Quarter 3","Sales",81,3736342,222]
["Unic Is Co","2018 Quarter 3","Sales",92,81420,5]
["Coupeville","2018 Quarter 4","Sales",11,48881,8]
["Coupeville","2018 Quarter 4","Sales",21,"D","D"]
["Coupeville","2018 Quarter 4","Sales",22,"D","D"]
["Coupeville","2018 Quarter 4","Sales",23,5449476,164]
["Coupeville","2018 Quarter 4","Sales",31,165721,37]
["Coupeville","2018 Quarter 4","Sales",32,83414,55]
["Coupeville","2018 Quarter 4","Sales",33,445701,44]
["Coupeville","2018 Quarter 4","Sales",42,1872259,354]
["Coupeville","2018 Quarter 4","Sales",44,2608536,488]
["Coupeville","2018 Quarter 4","Sales",45,2113913,551]
["Coupeville","2018 Quarter 4","Sales",48,"D","D"]
["Coupeville","2018 Quarter 4","Sales",49,"D","D"]
["Coupeville","2018 Quarter 4","Sales",51,699284,162]
["Coupeville","2018 Quarter 4","Sales",52,111303,29]
["Coupeville","2018 Quarter 4","Sales",53,311655,47]
["Coupeville","2018 Quarter 4","Sales",54,734248,129]
["Coupeville","2018 Quarter 4","Sales",55,"D","D"]
["Coupeville","2018 Quarter 4","Sales",56,785729,106]
["Coupeville","2018 Quarter 4","Sales",61,37671,23]
["Coupeville","2018 Quarter 4","Sales",62,128855,13]
["Coupeville","2018 Quarter 4","Sales",71,48756,30]
["Coupeville","2018 Quarter 4","Sales",72,1869975,35]
["Coupeville","2018 Quarter 4","Sales",81,368035,69]
["Coupeville","2018 Quarter 4","Sales",92,4138,4]
["Langley","2018 Quarter 4","Sales",11,7894,5]
["Langley","2018 Quarter 4","Sales",22,"D","D"]
["Langley","2018 Quarter 4","Sales",23,1455745,132]
["Langley","2018 Quarter 4","Sales",31,144602,35]
["Langley","2018 Quarter 4","Sales",32,70418,45]
["Langley","2018 Quarter 4","Sales",33,20705,29]
["Langley","2018 Quarter 4","Sales",42,702271,282]
["Langley","2018 Quarter 4","Sales",44,1176638,413]
["Langley","2018 Quarter 4","Sales",45,3214816,495]
["Langley","2018 Quarter 4","Sales",48,"D","D"]
["Langley","2018 Quarter 4","Sales",49,"D","D"]
["Langley","2018 Quarter 4","Sales",51,488214,156]
["Langley","2018 Quarter 4","Sales",52,126041,27]
["Langley","2018 Quarter 4","Sales",53,100038,41]
["Langley","2018 Quarter 4","Sales",54,411977,107]
["Langley","2018 Quarter 4","Sales",56,977022,98]
["Langley","2018 Quarter 4","Sales",61,6834,15]
["Langley","2018 Quarter 4","Sales",62,4509,12]
["Langley","2018 Quarter 4","Sales",71,133163,18]
["Langley","2018 Quarter 4","Sales",72,3174045,24]
["Langley","2018 Quarter 4","Sales",81,188684,52]
["Langley","2018 Quarter 4","Sales",92,"D","D"]
["Oak Harbor","2018 Quarter 4","Sales",11,27664,9]
["Oak Harbor","2018 Quarter 4","Sales",21,"D","D"]
["Oak Harbor","2018 Quarter 4","Sales",22,32098,4]
["Oak Harbor","2018 Quarter 4","Sales",23,25474109,450]
["Oak Harbor","2018 Quarter 4","Sales",31,382352,90]
["Oak Harbor","2018 Quarter 4","Sales",32,631054,98]
["Oak Harbor","2018 Quarter 4","Sales",33,280165,129]
["Oak Harbor","2018 Quarter 4","Sales",42,5533622,768]
["Oak Harbor","2018 Quarter 4","Sales",44,32027062,986]
["Oak Harbor","2018 Quarter 4","Sales",45,26653613,1210]
["Oak Harbor","2018 Quarter 4","Sales",48,14124,8]
["Oak Harbor","2018 Quarter 4","Sales",49,12427,6]
["Oak Harbor","2018 Quarter 4","Sales",51,5268309,296]
["Oak Harbor","2018 Quarter 4","Sales",52,1064497,65]
["Oak Harbor","2018 Quarter 4","Sales",53,1855151,123]
["Oak Harbor","2018 Quarter 4","Sales",54,2693234,271]
["Oak Harbor","2018 Quarter 4","Sales",55,"D","D"]
["Oak Harbor","2018 Quarter 4","Sales",56,4165397,261]
["Oak Harbor","2018 Quarter 4","Sales",61,66046,52]
["Oak Harbor","2018 Quarter 4","Sales",62,51674,31]
["Oak Harbor","2018 Quarter 4","Sales",71,909380,51]
["Oak Harbor","2018 Quarter 4","Sales",72,15539171,86]
["Oak Harbor","2018 Quarter 4","Sales",81,2832669,195]
["Oak Harbor","2018 Quarter 4","Sales",92,2131,4]
["Unic Is Co","2018 Quarter 4","Sales",11,329292,44]
["Unic Is Co","2018 Quarter 4","Sales",21,58186,4]
["Unic Is Co","2018 Quarter 4","Sales",22,313277,6]
["Unic Is Co","2018 Quarter 4","Sales",23,57110292,1303]
["Unic Is Co","2018 Quarter 4","Sales",31,953759,203]
["Unic Is Co","2018 Quarter 4","Sales",32,1753955,162]
["Unic Is Co","2018 Quarter 4","Sales",33,1690779,198]
["Unic Is Co","2018 Quarter 4","Sales",42,10403546,1031]
["Unic Is Co","2018 Quarter 4","Sales",44,29883945,1404]
["Unic Is Co","2018 Quarter 4","Sales",45,23687825,1637]
["Unic Is Co","2018 Quarter 4","Sales",48,398584,20]
["Unic Is Co","2018 Quarter 4","Sales",49,40270,5]
["Unic Is Co","2018 Quarter 4","Sales",51,7960912,340]
["Unic Is Co","2018 Quarter 4","Sales",52,679718,58]
["Unic Is Co","2018 Quarter 4","Sales",53,2149019,149]
["Unic Is Co","2018 Quarter 4","Sales",54,3170276,376]
["Unic Is Co","2018 Quarter 4","Sales",55,"D","D"]
["Unic Is Co","2018 Quarter 4","Sales",56,14519077,453]
["Unic Is Co","2018 Quarter 4","Sales",61,214055,71]
["Unic Is Co","2018 Quarter 4","Sales",62,185499,37]
["Unic Is Co","2018 Quarter 4","Sales",71,1843351,107]
["Unic Is Co","2018 Quarter 4","Sales",72,7367926,141]
["Unic Is Co","2018 Quarter 4","Sales",81,3820834,267]
["Unic Is Co","2018 Quarter 4","Sales",92,56746,4]
["Coupeville","2019 Quarter 1","Sales",11,29372,3]
["Coupeville","2019 Quarter 1","Sales",21,"D","D"]
["Coupeville","2019 Quarter 1","Sales",22,"D","D"]
["Coupeville","2019 Quarter 1","Sales",23,2996355,159]
["Coupeville","2019 Quarter 1","Sales",31,165465,22]
["Coupeville","2019 Quarter 1","Sales",32,58044,46]
["Coupeville","2019 Quarter 1","Sales",33,454663,29]
["Coupeville","2019 Quarter 1","Sales",42,1872081,349]
["Coupeville","2019 Quarter 1","Sales",44,2771578,492]
["Coupeville","2019 Quarter 1","Sales",45,1678234,517]
["Coupeville","2019 Quarter 1","Sales",49,"D","D"]
["Coupeville","2019 Quarter 1","Sales",51,730742,169]
["Coupeville","2019 Quarter 1","Sales",52,162949,30]
["Coupeville","2019 Quarter 1","Sales",53,163091,44]
["Coupeville","2019 Quarter 1","Sales",54,775406,118]
["Coupeville","2019 Quarter 1","Sales",56,596840,102]
["Coupeville","2019 Quarter 1","Sales",61,11064,23]
["Coupeville","2019 Quarter 1","Sales",62,126052,15]
["Coupeville","2019 Quarter 1","Sales",71,32484,10]
["Coupeville","2019 Quarter 1","Sales",72,1755235,28]
["Coupeville","2019 Quarter 1","Sales",81,293189,57]
["Coupeville","2019 Quarter 1","Sales",92,4374,3]
["Langley","2019 Quarter 1","Sales",11,"D","D"]
["Langley","2019 Quarter 1","Sales",22,"D","D"]
["Langley","2019 Quarter 1","Sales",23,1895957,107]
["Langley","2019 Quarter 1","Sales",31,106798,19]
["Langley","2019 Quarter 1","Sales",32,26171,38]
["Langley","2019 Quarter 1","Sales",33,39853,22]
["Langley","2019 Quarter 1","Sales",42,522464,250]
["Langley","2019 Quarter 1","Sales",44,1028535,411]
["Langley","2019 Quarter 1","Sales",45,2346059,479]
["Langley","2019 Quarter 1","Sales",48,14845,3]
["Langley","2019 Quarter 1","Sales",49,"D","D"]
["Langley","2019 Quarter 1","Sales",51,354114,142]
["Langley","2019 Quarter 1","Sales",52,208983,29]
["Langley","2019 Quarter 1","Sales",53,71213,31]
["Langley","2019 Quarter 1","Sales",54,342599,99]
["Langley","2019 Quarter 1","Sales",56,455731,85]
["Langley","2019 Quarter 1","Sales",61,6540,13]
["Langley","2019 Quarter 1","Sales",62,3501,6]
["Langley","2019 Quarter 1","Sales",71,59928,9]
["Langley","2019 Quarter 1","Sales",72,2645221,20]
["Langley","2019 Quarter 1","Sales",81,120827,43]
["Langley","2019 Quarter 1","Sales",92,"D","D"]
["Oak Harbor","2019 Quarter 1","Sales",11,7582,5]
["Oak Harbor","2019 Quarter 1","Sales",22,108439,5]
["Oak Harbor","2019 Quarter 1","Sales",23,11980848,413]
["Oak Harbor","2019 Quarter 1","Sales",31,363641,71]
["Oak Harbor","2019 Quarter 1","Sales",32,576691,88]
["Oak Harbor","2019 Quarter 1","Sales",33,329273,106]
["Oak Harbor","2019 Quarter 1","Sales",42,5754839,776]
["Oak Harbor","2019 Quarter 1","Sales",44,29709013,1037]
["Oak Harbor","2019 Quarter 1","Sales",45,22139547,1143]
["Oak Harbor","2019 Quarter 1","Sales",48,9210,3]
["Oak Harbor","2019 Quarter 1","Sales",49,9600,4]
["Oak Harbor","2019 Quarter 1","Sales",51,4899069,295]
["Oak Harbor","2019 Quarter 1","Sales",52,894882,64]
["Oak Harbor","2019 Quarter 1","Sales",53,1924978,115]
["Oak Harbor","2019 Quarter 1","Sales",54,2119305,257]
["Oak Harbor","2019 Quarter 1","Sales",55,"D","D"]
["Oak Harbor","2019 Quarter 1","Sales",56,3210198,232]
["Oak Harbor","2019 Quarter 1","Sales",61,67652,47]
["Oak Harbor","2019 Quarter 1","Sales",62,28278,22]
["Oak Harbor","2019 Quarter 1","Sales",71,894021,32]
["Oak Harbor","2019 Quarter 1","Sales",72,15463657,74]
["Oak Harbor","2019 Quarter 1","Sales",81,2750305,178]
["Oak Harbor","2019 Quarter 1","Sales",92,1709,4]
["Unic Is Co","2019 Quarter 1","Sales",11,95893,14]
["Unic Is Co","2019 Quarter 1","Sales",21,308331,3]
["Unic Is Co","2019 Quarter 1","Sales",22,235258,7]
["Unic Is Co","2019 Quarter 1","Sales",23,49417250,1192]
["Unic Is Co","2019 Quarter 1","Sales",31,753501,157]
["Unic Is Co","2019 Quarter 1","Sales",32,1909139,118]
["Unic Is Co","2019 Quarter 1","Sales",33,873602,160]
["Unic Is Co","2019 Quarter 1","Sales",42,10856897,923]
["Unic Is Co","2019 Quarter 1","Sales",44,26757814,1426]
["Unic Is Co","2019 Quarter 1","Sales",45,20801347,1510]
["Unic Is Co","2019 Quarter 1","Sales",48,336332,18]
["Unic Is Co","2019 Quarter 1","Sales",49,45534,4]
["Unic Is Co","2019 Quarter 1","Sales",51,7363893,339]
["Unic Is Co","2019 Quarter 1","Sales",52,682976,62]
["Unic Is Co","2019 Quarter 1","Sales",53,1338198,137]
["Unic Is Co","2019 Quarter 1","Sales",54,2778202,310]
["Unic Is Co","2019 Quarter 1","Sales",55,"D","D"]
["Unic Is Co","2019 Quarter 1","Sales",56,12140847,393]
["Unic Is Co","2019 Quarter 1","Sales",61,123442,58]
["Unic Is Co","2019 Quarter 1","Sales",62,119174,25]
["Unic Is Co","2019 Quarter 1","Sales",71,1457769,53]
["Unic Is Co","2019 Quarter 1","Sales",72,6237242,99]
["Unic Is Co","2019 Quarter 1","Sales",81,3342765,201]
["Unic Is Co","2019 Quarter 1","Sales",92,74007,5]
["Unic Is Co","2019 Quarter 2","Sales",11,212058,23]
["Unic Is Co","2019 Quarter 2","Sales",21,57417,3]
["Unic Is Co","2019 Quarter 2","Sales",22,291638,7]
["Unic Is Co","2019 Quarter 2","Sales",23,63852590,1368]
["Unic Is Co","2019 Quarter 2","Sales",31,763850,180]
["Unic Is Co","2019 Quarter 2","Sales",32,1833294,153]
["Unic Is Co","2019 Quarter 2","Sales",33,1046851,214]
["Unic Is Co","2019 Quarter 2","Sales",42,10164471,1011]
["Unic Is Co","2019 Quarter 2","Sales",44,35936225,1640]
["Unic Is Co","2019 Quarter 2","Sales",45,24081322,1708]
["Unic Is Co","2019 Quarter 2","Sales",48,265020,22]
["Unic Is Co","2019 Quarter 2","Sales",49,55142,6]
["Unic Is Co","2019 Quarter 2","Sales",51,7823661,351]
["Unic Is Co","2019 Quarter 2","Sales",52,749529,63]
["Unic Is Co","2019 Quarter 2","Sales",53,2236597,152]
["Unic Is Co","2019 Quarter 2","Sales",54,3173646,342]
["Unic Is Co","2019 Quarter 2","Sales",55,"D","D"]
["Unic Is Co","2019 Quarter 2","Sales",56,15197470,453]
["Unic Is Co","2019 Quarter 2","Sales",61,266779,61]
["Unic Is Co","2019 Quarter 2","Sales",62,122214,24]
["Unic Is Co","2019 Quarter 2","Sales",71,2655072,64]
["Unic Is Co","2019 Quarter 2","Sales",72,8959813,121]
["Unic Is Co","2019 Quarter 2","Sales",81,3976786,224]
["Unic Is Co","2019 Quarter 2","Sales",92,69387,5]
["Unic Is Co","2019 Quarter 3","Sales",11,210934,25]
["Unic Is Co","2019 Quarter 3","Sales",21,86168,4]
["Unic Is Co","2019 Quarter 3","Sales",22,325688,7]
["Unic Is Co","2019 Quarter 3","Sales",23,64485604,1360]
["Unic Is Co","2019 Quarter 3","Sales",31,788490,177]
["Unic Is Co","2019 Quarter 3","Sales",32,2104953,166]
["Unic Is Co","2019 Quarter 3","Sales",33,1287902,213]
["Unic Is Co","2019 Quarter 3","Sales",42,9727928,1065]
["Unic Is Co","2019 Quarter 3","Sales",44,35961361,1795]
["Unic Is Co","2019 Quarter 3","Sales",45,26812412,1839]
["Unic Is Co","2019 Quarter 3","Sales",48,274022,27]
["Unic Is Co","2019 Quarter 3","Sales",49,63909,6]
["Unic Is Co","2019 Quarter 3","Sales",51,8548644,380]
["Unic Is Co","2019 Quarter 3","Sales",52,787865,59]
["Unic Is Co","2019 Quarter 3","Sales",53,2430395,142]
["Unic Is Co","2019 Quarter 3","Sales",54,3338846,344]
["Unic Is Co","2019 Quarter 3","Sales",55,"D","D"]
["Unic Is Co","2019 Quarter 3","Sales",56,16369370,456]
["Unic Is Co","2019 Quarter 3","Sales",61,348224,65]
["Unic Is Co","2019 Quarter 3","Sales",62,143835,26]
["Unic Is Co","2019 Quarter 3","Sales",71,3795041,73]
["Unic Is Co","2019 Quarter 3","Sales",72,10773748,127]
["Unic Is Co","2019 Quarter 3","Sales",81,3971658,227]
["Unic Is Co","2019 Quarter 3","Sales",92,82799,6]
["Unic Is Co","2019 Quarter 4","Sales",11,249329,43]
["Unic Is Co","2019 Quarter 4","Sales",21,47264,5]
["Unic Is Co","2019 Quarter 4","Sales",22,243327,5]
["Unic Is Co","2019 Quarter 4","Sales",23,57510681,1325]
["Unic Is Co","2019 Quarter 4","Sales",31,803533,223]
["Unic Is Co","2019 Quarter 4","Sales",32,1906175,194]
["Unic Is Co","2019 Quarter 4","Sales",33,1038695,225]
["Unic Is Co","2019 Quarter 4","Sales",42,11984389,1176]
["Unic Is Co","2019 Quarter 4","Sales",44,32777715,2066]
["Unic Is Co","2019 Quarter 4","Sales",45,29258679,2121]
["Unic Is Co","2019 Quarter 4","Sales",48,216780,25]
["Unic Is Co","2019 Quarter 4","Sales",49,57534,6]
["Unic Is Co","2019 Quarter 4","Sales",51,8474110,437]
["Unic Is Co","2019 Quarter 4","Sales",52,892490,62]
["Unic Is Co","2019 Quarter 4","Sales",53,2383762,160]
["Unic Is Co","2019 Quarter 4","Sales",54,4113338,457]
["Unic Is Co","2019 Quarter 4","Sales",55,"D","D"]
["Unic Is Co","2019 Quarter 4","Sales",56,15966933,489]
["Unic Is Co","2019 Quarter 4","Sales",61,201990,86]
["Unic Is Co","2019 Quarter 4","Sales",62,219335,38]
["Unic Is Co","2019 Quarter 4","Sales",71,1824595,111]
["Unic Is Co","2019 Quarter 4","Sales",72,7773063,127]
["Unic Is Co","2019 Quarter 4","Sales",81,4024679,268]
["Unic Is Co","2019 Quarter 4","Sales",92,43538,6]
["Unic Is Co","2020 Quarter 1","Sales",11,117246,29]
["Unic Is Co","2020 Quarter 1","Sales",21,"D","D"]
["Unic Is Co","2020 Quarter 1","Sales",22,271012,4]
["Unic Is Co","2020 Quarter 1","Sales",23,52600194,1246]
["Unic Is Co","2020 Quarter 1","Sales",31,506459,201]
["Unic Is Co","2020 Quarter 1","Sales",32,1692682,171]
["Unic Is Co","2020 Quarter 1","Sales",33,2180524,201]
["Unic Is Co","2020 Quarter 1","Sales",42,12783421,1115]
["Unic Is Co","2020 Quarter 1","Sales",44,30097807,1956]
["Unic Is Co","2020 Quarter 1","Sales",45,22074856,1943]
["Unic Is Co","2020 Quarter 1","Sales",48,214888,22]
["Unic Is Co","2020 Quarter 1","Sales",49,125283,6]
["Unic Is Co","2020 Quarter 1","Sales",51,7734052,413]
["Unic Is Co","2020 Quarter 1","Sales",52,996005,60]
["Unic Is Co","2020 Quarter 1","Sales",53,1498198,142]
["Unic Is Co","2020 Quarter 1","Sales",54,2918763,374]
["Unic Is Co","2020 Quarter 1","Sales",55,"D","D"]
["Unic Is Co","2020 Quarter 1","Sales",56,14983441,427]
["Unic Is Co","2020 Quarter 1","Sales",61,129911,72]
["Unic Is Co","2020 Quarter 1","Sales",62,137246,27]
["Unic Is Co","2020 Quarter 1","Sales",71,1450625,61]
["Unic Is Co","2020 Quarter 1","Sales",72,6153862,98]
["Unic Is Co","2020 Quarter 1","Sales",81,3284662,217]
["Unic Is Co","2020 Quarter 1","Sales",92,51098,7]
["Coupeville","2019 Quarter 2","Sales",11,35134,4]
["Coupeville","2019 Quarter 2","Sales",21,"D","D"]
["Coupeville","2019 Quarter 2","Sales",22,"D","D"]
["Coupeville","2019 Quarter 2","Sales",23,2419259,153]
["Coupeville","2019 Quarter 2","Sales",31,207403,21]
["Coupeville","2019 Quarter 2","Sales",32,59646,45]
["Coupeville","2019 Quarter 2","Sales",33,439395,37]
["Coupeville","2019 Quarter 2","Sales",42,1929680,347]
["Coupeville","2019 Quarter 2","Sales",44,2627833,503]
["Coupeville","2019 Quarter 2","Sales",45,2209207,565]
["Coupeville","2019 Quarter 2","Sales",48,"D","D"]
["Coupeville","2019 Quarter 2","Sales",49,"D","D"]
["Coupeville","2019 Quarter 2","Sales",51,690029,185]
["Coupeville","2019 Quarter 2","Sales",52,85507,29]
["Coupeville","2019 Quarter 2","Sales",53,534445,54]
["Coupeville","2019 Quarter 2","Sales",54,712796,135]
["Coupeville","2019 Quarter 2","Sales",56,796708,106]
["Coupeville","2019 Quarter 2","Sales",61,49766,22]
["Coupeville","2019 Quarter 2","Sales",62,175484,13]
["Coupeville","2019 Quarter 2","Sales",71,43783,11]
["Coupeville","2019 Quarter 2","Sales",72,2479886,27]
["Coupeville","2019 Quarter 2","Sales",81,235510,58]
["Coupeville","2019 Quarter 2","Sales",92,4835,3]
["Coupeville","2019 Quarter 3","Sales",11,69714,4]
["Coupeville","2019 Quarter 3","Sales",21,"D","D"]
["Coupeville","2019 Quarter 3","Sales",22,17113,4]
["Coupeville","2019 Quarter 3","Sales",23,2783843,181]
["Coupeville","2019 Quarter 3","Sales",31,245945,24]
["Coupeville","2019 Quarter 3","Sales",32,110106,62]
["Coupeville","2019 Quarter 3","Sales",33,535544,58]
["Coupeville","2019 Quarter 3","Sales",42,2106137,360]
["Coupeville","2019 Quarter 3","Sales",44,2539295,562]
["Coupeville","2019 Quarter 3","Sales",45,2218058,629]
["Coupeville","2019 Quarter 3","Sales",48,"D","D"]
["Coupeville","2019 Quarter 3","Sales",49,930,3]
["Coupeville","2019 Quarter 3","Sales",51,703404,188]
["Coupeville","2019 Quarter 3","Sales",52,74042,31]
["Coupeville","2019 Quarter 3","Sales",53,325730,54]
["Coupeville","2019 Quarter 3","Sales",54,905284,133]
["Coupeville","2019 Quarter 3","Sales",55,"D","D"]
["Coupeville","2019 Quarter 3","Sales",56,778892,101]
["Coupeville","2019 Quarter 3","Sales",61,47086,22]
["Coupeville","2019 Quarter 3","Sales",62,99077,12]
["Coupeville","2019 Quarter 3","Sales",71,76897,17]
["Coupeville","2019 Quarter 3","Sales",72,3351947,28]
["Coupeville","2019 Quarter 3","Sales",81,171102,46]
["Coupeville","2019 Quarter 3","Sales",92,4482,3]
["Coupeville","2019 Quarter 4","Sales",11,36245,8]
["Coupeville","2019 Quarter 4","Sales",21,"D","D"]
["Coupeville","2019 Quarter 4","Sales",22,2704,3]
["Coupeville","2019 Quarter 4","Sales",23,2736958,171]
["Coupeville","2019 Quarter 4","Sales",31,142968,42]
["Coupeville","2019 Quarter 4","Sales",32,147628,60]
["Coupeville","2019 Quarter 4","Sales",33,496770,48]
["Coupeville","2019 Quarter 4","Sales",42,2027637,391]
["Coupeville","2019 Quarter 4","Sales",44,2392246,630]
["Coupeville","2019 Quarter 4","Sales",45,2536095,695]
["Coupeville","2019 Quarter 4","Sales",49,1720,3]
["Coupeville","2019 Quarter 4","Sales",51,745979,219]
["Coupeville","2019 Quarter 4","Sales",52,108881,33]
["Coupeville","2019 Quarter 4","Sales",53,490898,55]
["Coupeville","2019 Quarter 4","Sales",54,698415,151]
["Coupeville","2019 Quarter 4","Sales",56,618261,114]
["Coupeville","2019 Quarter 4","Sales",61,34675,23]
["Coupeville","2019 Quarter 4","Sales",62,126789,12]
["Coupeville","2019 Quarter 4","Sales",71,65028,29]
["Coupeville","2019 Quarter 4","Sales",72,2048793,32]
["Coupeville","2019 Quarter 4","Sales",81,266037,54]
["Coupeville","2019 Quarter 4","Sales",92,3448,4]
["Coupeville","2020 Quarter 1","Sales",11,25555,4]
["Coupeville","2020 Quarter 1","Sales",22,40003,3]
["Coupeville","2020 Quarter 1","Sales",23,2195155,142]
["Coupeville","2020 Quarter 1","Sales",31,90926,31]
["Coupeville","2020 Quarter 1","Sales",32,110063,56]
["Coupeville","2020 Quarter 1","Sales",33,460819,49]
["Coupeville","2020 Quarter 1","Sales",42,1665648,352]
["Coupeville","2020 Quarter 1","Sales",44,2060918,598]
["Coupeville","2020 Quarter 1","Sales",45,1967690,633]
["Coupeville","2020 Quarter 1","Sales",49,"D","D"]
["Coupeville","2020 Quarter 1","Sales",51,756453,220]
["Coupeville","2020 Quarter 1","Sales",52,88769,31]
["Coupeville","2020 Quarter 1","Sales",53,217958,47]
["Coupeville","2020 Quarter 1","Sales",54,835821,146]
["Coupeville","2020 Quarter 1","Sales",56,600837,108]
["Coupeville","2020 Quarter 1","Sales",61,14484,28]
["Coupeville","2020 Quarter 1","Sales",62,131097,16]
["Coupeville","2020 Quarter 1","Sales",71,30555,12]
["Coupeville","2020 Quarter 1","Sales",72,1587458,26]
["Coupeville","2020 Quarter 1","Sales",81,153470,55]
["Coupeville","2020 Quarter 1","Sales",92,3297,3]
["Langley","2019 Quarter 2","Sales",11,"D","D"]
["Langley","2019 Quarter 2","Sales",22,"D","D"]
["Langley","2019 Quarter 2","Sales",23,2280263,131]
["Langley","2019 Quarter 2","Sales",31,176143,27]
["Langley","2019 Quarter 2","Sales",32,30097,46]
["Langley","2019 Quarter 2","Sales",33,65730,29]
["Langley","2019 Quarter 2","Sales",42,697749,274]
["Langley","2019 Quarter 2","Sales",44,1255725,463]
["Langley","2019 Quarter 2","Sales",45,3184050,501]
["Langley","2019 Quarter 2","Sales",48,"D","D"]
["Langley","2019 Quarter 2","Sales",49,"D","D"]
["Langley","2019 Quarter 2","Sales",51,364521,144]
["Langley","2019 Quarter 2","Sales",52,138634,29]
["Langley","2019 Quarter 2","Sales",53,86083,34]
["Langley","2019 Quarter 2","Sales",54,306032,96]
["Langley","2019 Quarter 2","Sales",56,768840,100]
["Langley","2019 Quarter 2","Sales",61,7816,11]
["Langley","2019 Quarter 2","Sales",62,3650,9]
["Langley","2019 Quarter 2","Sales",71,105629,10]
["Langley","2019 Quarter 2","Sales",72,3850657,24]
["Langley","2019 Quarter 2","Sales",81,139005,43]
["Langley","2019 Quarter 3","Sales",11,"D","D"]
["Langley","2019 Quarter 3","Sales",21,"D","D"]
["Langley","2019 Quarter 3","Sales",22,"D","D"]
["Langley","2019 Quarter 3","Sales",23,2492166,128]
["Langley","2019 Quarter 3","Sales",31,191496,20]
["Langley","2019 Quarter 3","Sales",32,39348,45]
["Langley","2019 Quarter 3","Sales",33,35245,35]
["Langley","2019 Quarter 3","Sales",42,681895,277]
["Langley","2019 Quarter 3","Sales",44,1330862,488]
["Langley","2019 Quarter 3","Sales",45,3897194,553]
["Langley","2019 Quarter 3","Sales",49,"D","D"]
["Langley","2019 Quarter 3","Sales",51,406180,157]
["Langley","2019 Quarter 3","Sales",52,118742,31]
["Langley","2019 Quarter 3","Sales",53,107534,36]
["Langley","2019 Quarter 3","Sales",54,363802,108]
["Langley","2019 Quarter 3","Sales",56,702415,99]
["Langley","2019 Quarter 3","Sales",61,11613,9]
["Langley","2019 Quarter 3","Sales",62,2269,6]
["Langley","2019 Quarter 3","Sales",71,168516,12]
["Langley","2019 Quarter 3","Sales",72,5452714,31]
["Langley","2019 Quarter 3","Sales",81,210699,47]
["Langley","2019 Quarter 3","Sales",92,"D","D"]
["Langley","2019 Quarter 4","Sales",11,"D","D"]
["Langley","2019 Quarter 4","Sales",22,"D","D"]
["Langley","2019 Quarter 4","Sales",23,2365532,141]
["Langley","2019 Quarter 4","Sales",31,144303,24]
["Langley","2019 Quarter 4","Sales",32,92220,52]
["Langley","2019 Quarter 4","Sales",33,88040,35]
["Langley","2019 Quarter 4","Sales",42,923940,278]
["Langley","2019 Quarter 4","Sales",44,1498139,561]
["Langley","2019 Quarter 4","Sales",45,3654998,616]
["Langley","2019 Quarter 4","Sales",48,2603,4]
["Langley","2019 Quarter 4","Sales",49,"D","D"]
["Langley","2019 Quarter 4","Sales",51,451574,171]
["Langley","2019 Quarter 4","Sales",52,107760,33]
["Langley","2019 Quarter 4","Sales",53,75524,42]
["Langley","2019 Quarter 4","Sales",54,538608,121]
["Langley","2019 Quarter 4","Sales",56,698398,114]
["Langley","2019 Quarter 4","Sales",61,8935,12]
["Langley","2019 Quarter 4","Sales",62,2224,8]
["Langley","2019 Quarter 4","Sales",71,111485,14]
["Langley","2019 Quarter 4","Sales",72,3275108,24]
["Langley","2019 Quarter 4","Sales",81,190943,56]
["Langley","2019 Quarter 4","Sales",92,"D","D"]
["Langley","2020 Quarter 1","Sales",11,"D","D"]
["Langley","2020 Quarter 1","Sales",22,"D","D"]
["Langley","2020 Quarter 1","Sales",23,1805526,126]
["Langley","2020 Quarter 1","Sales",31,111254,27]
["Langley","2020 Quarter 1","Sales",32,130298,47]
["Langley","2020 Quarter 1","Sales",33,38961,30]
["Langley","2020 Quarter 1","Sales",42,730223,256]
["Langley","2020 Quarter 1","Sales",44,1026749,512]
["Langley","2020 Quarter 1","Sales",45,2418771,554]
["Langley","2020 Quarter 1","Sales",48,"D","D"]
["Langley","2020 Quarter 1","Sales",49,"D","D"]
["Langley","2020 Quarter 1","Sales",51,425716,188]
["Langley","2020 Quarter 1","Sales",52,114202,28]
["Langley","2020 Quarter 1","Sales",53,72261,36]
["Langley","2020 Quarter 1","Sales",54,337831,118]
["Langley","2020 Quarter 1","Sales",56,659498,94]
["Langley","2020 Quarter 1","Sales",61,7877,15]
["Langley","2020 Quarter 1","Sales",62,4682,8]
["Langley","2020 Quarter 1","Sales",71,39989,12]
["Langley","2020 Quarter 1","Sales",72,2450595,20]
["Langley","2020 Quarter 1","Sales",81,95677,55]
["Langley","2020 Quarter 1","Sales",92,"D","D"]
["Oak Harbor","2019 Quarter 2","Sales",11,9182,3]
["Oak Harbor","2019 Quarter 2","Sales",22,85441,5]
["Oak Harbor","2019 Quarter 2","Sales",23,17672411,456]
["Oak Harbor","2019 Quarter 2","Sales",31,468695,61]
["Oak Harbor","2019 Quarter 2","Sales",32,839536,107]
["Oak Harbor","2019 Quarter 2","Sales",33,542945,119]
["Oak Harbor","2019 Quarter 2","Sales",42,6941366,794]
["Oak Harbor","2019 Quarter 2","Sales",44,33936573,1129]
["Oak Harbor","2019 Quarter 2","Sales",45,24742094,1271]
["Oak Harbor","2019 Quarter 2","Sales",48,39854,8]
["Oak Harbor","2019 Quarter 2","Sales",49,11386,5]
["Oak Harbor","2019 Quarter 2","Sales",51,4772403,324]
["Oak Harbor","2019 Quarter 2","Sales",52,1118283,66]
["Oak Harbor","2019 Quarter 2","Sales",53,2313064,119]
["Oak Harbor","2019 Quarter 2","Sales",54,2442293,272]
["Oak Harbor","2019 Quarter 2","Sales",55,"D","D"]
["Oak Harbor","2019 Quarter 2","Sales",56,3680708,265]
["Oak Harbor","2019 Quarter 2","Sales",61,71866,51]
["Oak Harbor","2019 Quarter 2","Sales",62,48745,28]
["Oak Harbor","2019 Quarter 2","Sales",71,914107,39]
["Oak Harbor","2019 Quarter 2","Sales",72,17518764,83]
["Oak Harbor","2019 Quarter 2","Sales",81,3033865,186]
["Oak Harbor","2019 Quarter 2","Sales",92,4465,3]
["Oak Harbor","2019 Quarter 3","Sales",11,4847,4]
["Oak Harbor","2019 Quarter 3","Sales",21,"D","D"]
["Oak Harbor","2019 Quarter 3","Sales",22,151176,5]
["Oak Harbor","2019 Quarter 3","Sales",23,13021227,464]
["Oak Harbor","2019 Quarter 3","Sales",31,635568,70]
["Oak Harbor","2019 Quarter 3","Sales",32,778771,111]
["Oak Harbor","2019 Quarter 3","Sales",33,553891,118]
["Oak Harbor","2019 Quarter 3","Sales",42,6028071,784]
["Oak Harbor","2019 Quarter 3","Sales",44,32687572,1204]
["Oak Harbor","2019 Quarter 3","Sales",45,25726532,1330]
["Oak Harbor","2019 Quarter 3","Sales",48,17499,4]
["Oak Harbor","2019 Quarter 3","Sales",49,8949,3]
["Oak Harbor","2019 Quarter 3","Sales",51,4986301,330]
["Oak Harbor","2019 Quarter 3","Sales",52,1205228,67]
["Oak Harbor","2019 Quarter 3","Sales",53,2280045,124]
["Oak Harbor","2019 Quarter 3","Sales",54,2699698,279]
["Oak Harbor","2019 Quarter 3","Sales",55,"D","D"]
["Oak Harbor","2019 Quarter 3","Sales",56,3802476,245]
["Oak Harbor","2019 Quarter 3","Sales",61,79995,48]
["Oak Harbor","2019 Quarter 3","Sales",62,33857,23]
["Oak Harbor","2019 Quarter 3","Sales",71,1100676,39]
["Oak Harbor","2019 Quarter 3","Sales",72,18074442,82]
["Oak Harbor","2019 Quarter 3","Sales",81,3018932,180]
["Oak Harbor","2019 Quarter 3","Sales",92,3127,3]
["Oak Harbor","2019 Quarter 4","Sales",11,14615,10]
["Oak Harbor","2019 Quarter 4","Sales",21,"D","D"]
["Oak Harbor","2019 Quarter 4","Sales",22,26477,5]
["Oak Harbor","2019 Quarter 4","Sales",23,14507363,456]
["Oak Harbor","2019 Quarter 4","Sales",31,478140,79]
["Oak Harbor","2019 Quarter 4","Sales",32,946756,125]
["Oak Harbor","2019 Quarter 4","Sales",33,366580,139]
["Oak Harbor","2019 Quarter 4","Sales",42,5799464,873]
["Oak Harbor","2019 Quarter 4","Sales",44,31212005,1361]
["Oak Harbor","2019 Quarter 4","Sales",45,29901822,1548]
["Oak Harbor","2019 Quarter 4","Sales",48,183387,4]
["Oak Harbor","2019 Quarter 4","Sales",49,37151,4]
["Oak Harbor","2019 Quarter 4","Sales",51,5295724,360]
["Oak Harbor","2019 Quarter 4","Sales",52,1134893,61]
["Oak Harbor","2019 Quarter 4","Sales",53,1965243,126]
["Oak Harbor","2019 Quarter 4","Sales",54,2765315,316]
["Oak Harbor","2019 Quarter 4","Sales",55,"D","D"]
["Oak Harbor","2019 Quarter 4","Sales",56,4265254,271]
["Oak Harbor","2019 Quarter 4","Sales",61,68912,58]
["Oak Harbor","2019 Quarter 4","Sales",62,59852,27]
["Oak Harbor","2019 Quarter 4","Sales",71,1213998,49]
["Oak Harbor","2019 Quarter 4","Sales",72,16012920,77]
["Oak Harbor","2019 Quarter 4","Sales",81,3134813,187]
["Oak Harbor","2019 Quarter 4","Sales",92,2110,5]
["Oak Harbor","2020 Quarter 1","Sales",11,3825,10]
["Oak Harbor","2020 Quarter 1","Sales",22,20815,3]
["Oak Harbor","2020 Quarter 1","Sales",23,11590736,449]
["Oak Harbor","2020 Quarter 1","Sales",31,377245,84]
["Oak Harbor","2020 Quarter 1","Sales",32,339899,114]
["Oak Harbor","2020 Quarter 1","Sales",33,341162,116]
["Oak Harbor","2020 Quarter 1","Sales",42,7187230,832]
["Oak Harbor","2020 Quarter 1","Sales",44,29626283,1333]
["Oak Harbor","2020 Quarter 1","Sales",45,23897368,1468]
["Oak Harbor","2020 Quarter 1","Sales",48,50278,7]
["Oak Harbor","2020 Quarter 1","Sales",49,12263,3]
["Oak Harbor","2020 Quarter 1","Sales",51,4821504,361]
["Oak Harbor","2020 Quarter 1","Sales",52,982200,63]
["Oak Harbor","2020 Quarter 1","Sales",53,1962190,122]
["Oak Harbor","2020 Quarter 1","Sales",54,2157512,296]
["Oak Harbor","2020 Quarter 1","Sales",55,"D","D"]
["Oak Harbor","2020 Quarter 1","Sales",56,4186143,250]
["Oak Harbor","2020 Quarter 1","Sales",61,75361,55]
["Oak Harbor","2020 Quarter 1","Sales",62,40167,23]
["Oak Harbor","2020 Quarter 1","Sales",71,912062,35]
["Oak Harbor","2020 Quarter 1","Sales",72,14571266,76]
["Oak Harbor","2020 Quarter 1","Sales",81,2787404,180]
["Oak Harbor","2020 Quarter 1","Sales",92,501,3]
["Unic Is Co","2020 Quarter 2","Sales",11,194463,38]
["Unic Is Co","2020 Quarter 2","Sales",21,150997,4]
["Unic Is Co","2020 Quarter 2","Sales",22,309868,5]
["Unic Is Co","2020 Quarter 2","Sales",23,45415631,1204]
["Unic Is Co","2020 Quarter 2","Sales",31,693266,256]
["Unic Is Co","2020 Quarter 2","Sales",32,1868686,172]
["Unic Is Co","2020 Quarter 2","Sales",33,1217381,234]
["Unic Is Co","2020 Quarter 2","Sales",42,11181576,1252]
["Unic Is Co","2020 Quarter 2","Sales",44,41407031,2245]
["Unic Is Co","2020 Quarter 2","Sales",45,29898348,2227]
["Unic Is Co","2020 Quarter 2","Sales",48,183448,19]
["Unic Is Co","2020 Quarter 2","Sales",49,29785,6]
["Unic Is Co","2020 Quarter 2","Sales",51,8002827,427]
["Unic Is Co","2020 Quarter 2","Sales",52,760385,60]
["Unic Is Co","2020 Quarter 2","Sales",53,1906255,145]
["Unic Is Co","2020 Quarter 2","Sales",54,3061531,378]
["Unic Is Co","2020 Quarter 2","Sales",55,"D","D"]
["Unic Is Co","2020 Quarter 2","Sales",56,18389559,436]
["Unic Is Co","2020 Quarter 2","Sales",61,98003,76]
["Unic Is Co","2020 Quarter 2","Sales",62,91866,26]
["Unic Is Co","2020 Quarter 2","Sales",71,1167430,61]
["Unic Is Co","2020 Quarter 2","Sales",72,5752679,100]
["Unic Is Co","2020 Quarter 2","Sales",81,2697624,232]
["Unic Is Co","2020 Quarter 2","Sales",92,41476,6]
["Coupeville","2020 Quarter 2","Sales",11,13449,"D"]
["Coupeville","2020 Quarter 2","Sales",21,"D",4]
["Coupeville","2020 Quarter 2","Sales",22,7894,151]
["Coupeville","2020 Quarter 2","Sales",23,2013491,40]
["Coupeville","2020 Quarter 2","Sales",31,93599,52]
["Coupeville","2020 Quarter 2","Sales",32,115509,39]
["Coupeville","2020 Quarter 2","Sales",33,141057,413]
["Coupeville","2020 Quarter 2","Sales",42,1839384,697]
["Coupeville","2020 Quarter 2","Sales",44,2438045,726]
["Coupeville","2020 Quarter 2","Sales",45,2261020,"D"]
["Coupeville","2020 Quarter 2","Sales",48,"D",3]
["Coupeville","2020 Quarter 2","Sales",49,1301,213]
["Coupeville","2020 Quarter 2","Sales",51,717264,31]
["Coupeville","2020 Quarter 2","Sales",52,70655,44]
["Coupeville","2020 Quarter 2","Sales",53,230874,136]
["Coupeville","2020 Quarter 2","Sales",54,757083,102]
["Coupeville","2020 Quarter 2","Sales",56,769008,29]
["Coupeville","2020 Quarter 2","Sales",61,19747,17]
["Coupeville","2020 Quarter 2","Sales",62,134796,12]
["Coupeville","2020 Quarter 2","Sales",71,16259,24]
["Coupeville","2020 Quarter 2","Sales",72,1031550,46]
["Coupeville","2020 Quarter 2","Sales",81,128921,4]
["Coupeville","2020 Quarter 2","Sales",92,8170,3]
["Langley","2020 Quarter 2","Sales",11,275,"D"]
["Langley","2020 Quarter 2","Sales",22,"D",111]
["Langley","2020 Quarter 2","Sales",23,1498797,28]
["Langley","2020 Quarter 2","Sales",31,77330,51]
["Langley","2020 Quarter 2","Sales",32,26518,38]
["Langley","2020 Quarter 2","Sales",33,12120,313]
["Langley","2020 Quarter 2","Sales",42,754872,609]
["Langley","2020 Quarter 2","Sales",44,1226318,642]
["Langley","2020 Quarter 2","Sales",45,2621828,"D"]
["Langley","2020 Quarter 2","Sales",48,"D",182]
["Langley","2020 Quarter 2","Sales",51,392630,31]
["Langley","2020 Quarter 2","Sales",52,124347,36]
["Langley","2020 Quarter 2","Sales",53,72336,119]
["Langley","2020 Quarter 2","Sales",54,309553,100]
["Langley","2020 Quarter 2","Sales",56,725911,18]
["Langley","2020 Quarter 2","Sales",61,9802,7]
["Langley","2020 Quarter 2","Sales",62,6528,12]
["Langley","2020 Quarter 2","Sales",71,39360,20]
["Langley","2020 Quarter 2","Sales",72,1146585,55]
["Langley","2020 Quarter 2","Sales",81,118570,"D"]
["Langley","2020 Quarter 2","Sales",92,"D",9]
["Oak Harbor","2020 Quarter 2","Sales",11,17111,4]
["Oak Harbor","2020 Quarter 2","Sales",22,67251,427]
["Oak Harbor","2020 Quarter 2","Sales",23,11273404,88]
["Oak Harbor","2020 Quarter 2","Sales",31,361012,111]
["Oak Harbor","2020 Quarter 2","Sales",32,256225,138]
["Oak Harbor","2020 Quarter 2","Sales",33,730282,892]
["Oak Harbor","2020 Quarter 2","Sales",42,7230630,1520]
["Oak Harbor","2020 Quarter 2","Sales",44,38055583,1674]
["Oak Harbor","2020 Quarter 2","Sales",45,29593871,7]
["Oak Harbor","2020 Quarter 2","Sales",48,39166,4]
["Oak Harbor","2020 Quarter 2","Sales",49,26354,372]
["Oak Harbor","2020 Quarter 2","Sales",51,5457940,68]
["Oak Harbor","2020 Quarter 2","Sales",52,1012585,129]
["Oak Harbor","2020 Quarter 2","Sales",53,2086666,298]
["Oak Harbor","2020 Quarter 2","Sales",54,2598410,"D"]
["Oak Harbor","2020 Quarter 2","Sales",55,"D",234]
["Oak Harbor","2020 Quarter 2","Sales",56,4732486,55]
["Oak Harbor","2020 Quarter 2","Sales",61,83833,22]
["Oak Harbor","2020 Quarter 2","Sales",62,36926,37]
["Oak Harbor","2020 Quarter 2","Sales",71,363950,79]
["Oak Harbor","2020 Quarter 2","Sales",72,14455906,185]
["Oak Harbor","2020 Quarter 2","Sales",81,2189337,3]
["Oak Harbor","2020 Quarter 2","Sales",92,6915]
["Unic Is Co","2020 Quarter 3","Sales",11,222492,37]
["Unic Is Co","2020 Quarter 3","Sales",21,48980,3]
["Unic Is Co","2020 Quarter 3","Sales",22,243534,6]
["Unic Is Co","2020 Quarter 3","Sales",23,63758599,1447]
["Unic Is Co","2020 Quarter 3","Sales",31,962950,224]
["Unic Is Co","2020 Quarter 3","Sales",32,2048102,193]
["Unic Is Co","2020 Quarter 3","Sales",33,2122799,267]
["Unic Is Co","2020 Quarter 3","Sales",42,11723865,1243]
["Unic Is Co","2020 Quarter 3","Sales",44,45231917,2293]
["Unic Is Co","2020 Quarter 3","Sales",45,33289754,2332]
["Unic Is Co","2020 Quarter 3","Sales",48,330693,22]
["Unic Is Co","2020 Quarter 3","Sales",49,77600,8]
["Unic Is Co","2020 Quarter 3","Sales",51,7360064,462]
["Unic Is Co","2020 Quarter 3","Sales",52,1099582,64]
["Unic Is Co","2020 Quarter 3","Sales",53,2161832,145]
["Unic Is Co","2020 Quarter 3","Sales",54,3643158,419]
["Unic Is Co","2020 Quarter 3","Sales",55,"D","D"]
["Unic Is Co","2020 Quarter 3","Sales",56,21916157,497]
["Unic Is Co","2020 Quarter 3","Sales",61,136664,73]
["Unic Is Co","2020 Quarter 3","Sales",62,128754,31]
["Unic Is Co","2020 Quarter 3","Sales",71,3561477,70]
["Unic Is Co","2020 Quarter 3","Sales",72,9561412,120]
["Unic Is Co","2020 Quarter 3","Sales",81,3552482,245]
["Unic Is Co","2020 Quarter 3","Sales",92,52600,7]
["Coupeville","2020 Quarter 3","Sales",11,56570,7]
["Coupeville","2020 Quarter 3","Sales",21,"D","D"]
["Coupeville","2020 Quarter 3","Sales",22,3107,3]
["Coupeville","2020 Quarter 3","Sales",23,2880092,193]
["Coupeville","2020 Quarter 3","Sales",31,111972,37]
["Coupeville","2020 Quarter 3","Sales",32,97668,52]
["Coupeville","2020 Quarter 3","Sales",33,698210,50]
["Coupeville","2020 Quarter 3","Sales",42,2245709,410]
["Coupeville","2020 Quarter 3","Sales",44,2460397,724]
["Coupeville","2020 Quarter 3","Sales",45,2743305,745]
["Coupeville","2020 Quarter 3","Sales",48,"D","D"]
["Coupeville","2020 Quarter 3","Sales",49,"D","D"]
["Coupeville","2020 Quarter 3","Sales",51,772612,212]
["Coupeville","2020 Quarter 3","Sales",52,88910,33]
["Coupeville","2020 Quarter 3","Sales",53,184678,40]
["Coupeville","2020 Quarter 3","Sales",54,928678,147]
["Coupeville","2020 Quarter 3","Sales",56,935475,109]
["Coupeville","2020 Quarter 3","Sales",61,48010,32]
["Coupeville","2020 Quarter 3","Sales",62,110621,15]
["Coupeville","2020 Quarter 3","Sales",71,49932,12]
["Coupeville","2020 Quarter 3","Sales",72,2365811,22]
["Coupeville","2020 Quarter 3","Sales",81,143365,52]
["Coupeville","2020 Quarter 3","Sales",92,3534,3]
["Langley","2020 Quarter 3","Sales",11,5780,3]
["Langley","2020 Quarter 3","Sales",22,"D","D"]
["Langley","2020 Quarter 3","Sales",23,1903144,136]
["Langley","2020 Quarter 3","Sales",31,116222,39]
["Langley","2020 Quarter 3","Sales",32,335250,58]
["Langley","2020 Quarter 3","Sales",33,126212,43]
["Langley","2020 Quarter 3","Sales",42,851879,318]
["Langley","2020 Quarter 3","Sales",44,1632636,642]
["Langley","2020 Quarter 3","Sales",45,3857036,685]
["Langley","2020 Quarter 3","Sales",48,3578,3]
["Langley","2020 Quarter 3","Sales",49,"D","D"]
["Langley","2020 Quarter 3","Sales",51,426701,201]
["Langley","2020 Quarter 3","Sales",52,121096,31]
["Langley","2020 Quarter 3","Sales",53,72134,38]
["Langley","2020 Quarter 3","Sales",54,306046,116]
["Langley","2020 Quarter 3","Sales",56,803960,106]
["Langley","2020 Quarter 3","Sales",61,9542,22]
["Langley","2020 Quarter 3","Sales",62,5589,10]
["Langley","2020 Quarter 3","Sales",71,131764,12]
["Langley","2020 Quarter 3","Sales",72,3309268,21]
["Langley","2020 Quarter 3","Sales",81,131934,50]
["Langley","2020 Quarter 3","Sales",92,"D","D"]
["Oak Harbor","2020 Quarter 3","Sales",11,12655,10]
["Oak Harbor","2020 Quarter 3","Sales",22,154187,4]
["Oak Harbor","2020 Quarter 3","Sales",23,13093999,471]
["Oak Harbor","2020 Quarter 3","Sales",31,582451,84]
["Oak Harbor","2020 Quarter 3","Sales",32,361744,121]
["Oak Harbor","2020 Quarter 3","Sales",33,729900,153]
["Oak Harbor","2020 Quarter 3","Sales",42,7819202,939]
["Oak Harbor","2020 Quarter 3","Sales",44,38957043,1574]
["Oak Harbor","2020 Quarter 3","Sales",45,30211735,1755]
["Oak Harbor","2020 Quarter 3","Sales",48,38834,4]
["Oak Harbor","2020 Quarter 3","Sales",49,33305,5]
["Oak Harbor","2020 Quarter 3","Sales",51,5957058,397]
["Oak Harbor","2020 Quarter 3","Sales",52,1309415,67]
["Oak Harbor","2020 Quarter 3","Sales",53,2529317,130]
["Oak Harbor","2020 Quarter 3","Sales",54,3153466,305]
["Oak Harbor","2020 Quarter 3","Sales",55,"D","D"]
["Oak Harbor","2020 Quarter 3","Sales",56,4904219,249]
["Oak Harbor","2020 Quarter 3","Sales",61,144061,62]
["Oak Harbor","2020 Quarter 3","Sales",62,52772,27]
["Oak Harbor","2020 Quarter 3","Sales",71,1063703,35]
["Oak Harbor","2020 Quarter 3","Sales",72,18309788,82]
["Oak Harbor","2020 Quarter 3","Sales",81,2868994,175]
["Oak Harbor","2020 Quarter 3","Sales",92,1142,4]
["Unic Is Co","2020 Quarter 4","Sales",11,176910,50]
["Unic Is Co","2020 Quarter 4","Sales",21,29675,3]
["Unic Is Co","2020 Quarter 4","Sales",22,243103,5]
["Unic Is Co","2020 Quarter 4","Sales",23,65207103,1409]
["Unic Is Co","2020 Quarter 4","Sales",31,873269,295]
["Unic Is Co","2020 Quarter 4","Sales",32,2040663,217]
["Unic Is Co","2020 Quarter 4","Sales",33,2092872,288]
["Unic Is Co","2020 Quarter 4","Sales",42,13488804,1381]
["Unic Is Co","2020 Quarter 4","Sales",44,43539216,2509]
["Unic Is Co","2020 Quarter 4","Sales",45,39008583,2700]
["Unic Is Co","2020 Quarter 4","Sales",48,269799,20]
["Unic Is Co","2020 Quarter 4","Sales",49,138871,12]
["Unic Is Co","2020 Quarter 4","Sales",51,7591170,514]
["Unic Is Co","2020 Quarter 4","Sales",52,1088472,63]
["Unic Is Co","2020 Quarter 4","Sales",53,2444023,151]
["Unic Is Co","2020 Quarter 4","Sales",54,4062760,507]
["Unic Is Co","2020 Quarter 4","Sales",55,"D","D"]
["Unic Is Co","2020 Quarter 4","Sales",56,23605944,526]
["Unic Is Co","2020 Quarter 4","Sales",61,171958,97]
["Unic Is Co","2020 Quarter 4","Sales",62,137438,37]
["Unic Is Co","2020 Quarter 4","Sales",71,1649904,104]
["Unic Is Co","2020 Quarter 4","Sales",72,7036896,126]
["Unic Is Co","2020 Quarter 4","Sales",81,4050642,302]
["Unic Is Co","2020 Quarter 4","Sales",92,52938,7]
["Coupeville","2020 Quarter 4","Sales",11,40795,9]
["Coupeville","2020 Quarter 4","Sales",21,"D","D"]
["Coupeville","2020 Quarter 4","Sales",22,"D","D"]
["Coupeville","2020 Quarter 4","Sales",23,2430411,185]
["Coupeville","2020 Quarter 4","Sales",31,145412,55]
["Coupeville","2020 Quarter 4","Sales",32,204087,72]
["Coupeville","2020 Quarter 4","Sales",33,719205,61]
["Coupeville","2020 Quarter 4","Sales",42,2366928,427]
["Coupeville","2020 Quarter 4","Sales",44,2980861,807]
["Coupeville","2020 Quarter 4","Sales",45,3162516,847]
["Coupeville","2020 Quarter 4","Sales",49,8434,3]
["Coupeville","2020 Quarter 4","Sales",51,881895,252]
["Coupeville","2020 Quarter 4","Sales",52,73185,35]
["Coupeville","2020 Quarter 4","Sales",53,305163,46]
["Coupeville","2020 Quarter 4","Sales",54,817961,172]
["Coupeville","2020 Quarter 4","Sales",56,969373,116]
["Coupeville","2020 Quarter 4","Sales",61,17649,32]
["Coupeville","2020 Quarter 4","Sales",62,106647,17]
["Coupeville","2020 Quarter 4","Sales",71,22415,18]
["Coupeville","2020 Quarter 4","Sales",72,1409697,28]
["Coupeville","2020 Quarter 4","Sales",81,236038,68]
["Coupeville","2020 Quarter 4","Sales",92,5333,3]
["Langley","2020 Quarter 4","Sales",11,6202,7]
["Langley","2020 Quarter 4","Sales",22,"D","D"]
["Langley","2020 Quarter 4","Sales",23,2347486,150]
["Langley","2020 Quarter 4","Sales",31,142974,57]
["Langley","2020 Quarter 4","Sales",32,55921,57]
["Langley","2020 Quarter 4","Sales",33,67153,48]
["Langley","2020 Quarter 4","Sales",42,1215087,348]
["Langley","2020 Quarter 4","Sales",44,1693472,706]
["Langley","2020 Quarter 4","Sales",45,3934374,772]
["Langley","2020 Quarter 4","Sales",48,"D","D"]
["Langley","2020 Quarter 4","Sales",49,"D","D"]
["Langley","2020 Quarter 4","Sales",51,518683,222]
["Langley","2020 Quarter 4","Sales",52,156449,30]
["Langley","2020 Quarter 4","Sales",53,133194,38]
["Langley","2020 Quarter 4","Sales",54,285559,136]
["Langley","2020 Quarter 4","Sales",56,875230,116]
["Langley","2020 Quarter 4","Sales",61,6253,21]
["Langley","2020 Quarter 4","Sales",62,9351,11]
["Langley","2020 Quarter 4","Sales",71,65899,25]
["Langley","2020 Quarter 4","Sales",72,2166067,21]
["Langley","2020 Quarter 4","Sales",81,189780,57]
["Langley","2020 Quarter 4","Sales",92,"D","D"]
["Oak Harbor","2020 Quarter 4","Sales",11,10021,10]
["Oak Harbor","2020 Quarter 4","Sales",21,"D","D"]
["Oak Harbor","2020 Quarter 4","Sales",22,48077,4]
["Oak Harbor","2020 Quarter 4","Sales",23,15955904,504]
["Oak Harbor","2020 Quarter 4","Sales",31,448847,118]
["Oak Harbor","2020 Quarter 4","Sales",32,306260,139]
["Oak Harbor","2020 Quarter 4","Sales",33,589023,183]
["Oak Harbor","2020 Quarter 4","Sales",42,7071631,1000]
["Oak Harbor","2020 Quarter 4","Sales",44,37583078,1696]
["Oak Harbor","2020 Quarter 4","Sales",45,33342414,1947]
["Oak Harbor","2020 Quarter 4","Sales",48,65214,9]
["Oak Harbor","2020 Quarter 4","Sales",49,463479,8]
["Oak Harbor","2020 Quarter 4","Sales",51,7114330,444]
["Oak Harbor","2020 Quarter 4","Sales",52,1113005,68]
["Oak Harbor","2020 Quarter 4","Sales",53,2039213,124]
["Oak Harbor","2020 Quarter 4","Sales",54,3332567,355]
["Oak Harbor","2020 Quarter 4","Sales",55,1850,3]
["Oak Harbor","2020 Quarter 4","Sales",56,6817818,279]
["Oak Harbor","2020 Quarter 4","Sales",61,59560,65]
["Oak Harbor","2020 Quarter 4","Sales",62,49124,32]
["Oak Harbor","2020 Quarter 4","Sales",71,780598,58]
["Oak Harbor","2020 Quarter 4","Sales",72,16046277,82]
["Oak Harbor","2020 Quarter 4","Sales",81,2911363,222]
["Oak Harbor","2020 Quarter 4","Sales",92,745,3]
["Unic Is Co","2021 Quarter 1","Sales",11,217880,36]
["Unic Is Co","2021 Quarter 1","Sales",21,96500,3]
["Unic Is Co","2021 Quarter 1","Sales",22,408595,6]
["Unic Is Co","2021 Quarter 1","Sales",23,63521334,1346]
["Unic Is Co","2021 Quarter 1","Sales",31,660594,235]
["Unic Is Co","2021 Quarter 1","Sales",32,1676100,178]
["Unic Is Co","2021 Quarter 1","Sales",33,2001480,282]
["Unic Is Co","2021 Quarter 1","Sales",42,15551992,1316]
["Unic Is Co","2021 Quarter 1","Sales",44,38726862,2475]
["Unic Is Co","2021 Quarter 1","Sales",45,33705929,2535]
["Unic Is Co","2021 Quarter 1","Sales",48,263650,21]
["Unic Is Co","2021 Quarter 1","Sales",49,195101,9]
["Unic Is Co","2021 Quarter 1","Sales",51,7332363,513]
["Unic Is Co","2021 Quarter 1","Sales",52,948297,61]
["Unic Is Co","2021 Quarter 1","Sales",53,2145044,147]
["Unic Is Co","2021 Quarter 1","Sales",54,3168404,430]
["Unic Is Co","2021 Quarter 1","Sales",55,"D","D"]
["Unic Is Co","2021 Quarter 1","Sales",56,22689212,465]
["Unic Is Co","2021 Quarter 1","Sales",61,106185,92]
["Unic Is Co","2021 Quarter 1","Sales",62,118869,29]
["Unic Is Co","2021 Quarter 1","Sales",71,1290125,71]
["Unic Is Co","2021 Quarter 1","Sales",72,6654423,103]
["Unic Is Co","2021 Quarter 1","Sales",81,3803950,257]
["Unic Is Co","2021 Quarter 1","Sales",92,115856,7]
["Coupeville","2021 Quarter 1","Sales",11,40439,9]
["Coupeville","2021 Quarter 1","Sales",21,"D","D"]
["Coupeville","2021 Quarter 1","Sales",22,"D","D"]
["Coupeville","2021 Quarter 1","Sales",23,3067894,193]
["Coupeville","2021 Quarter 1","Sales",31,127144,33]
["Coupeville","2021 Quarter 1","Sales",32,100213,65]
["Coupeville","2021 Quarter 1","Sales",33,543642,64]
["Coupeville","2021 Quarter 1","Sales",42,2231825,439]
["Coupeville","2021 Quarter 1","Sales",44,2629226,749]
["Coupeville","2021 Quarter 1","Sales",45,2475823,812]
["Coupeville","2021 Quarter 1","Sales",48,"D","D"]
["Coupeville","2021 Quarter 1","Sales",49,2351,3]
["Coupeville","2021 Quarter 1","Sales",51,917973,224]
["Coupeville","2021 Quarter 1","Sales",52,95609,29]
["Coupeville","2021 Quarter 1","Sales",53,575661,48]
["Coupeville","2021 Quarter 1","Sales",54,807691,155]
["Coupeville","2021 Quarter 1","Sales",56,903372,110]
["Coupeville","2021 Quarter 1","Sales",61,19333,25]
["Coupeville","2021 Quarter 1","Sales",62,110926,18]
["Coupeville","2021 Quarter 1","Sales",71,22011,11]
["Coupeville","2021 Quarter 1","Sales",72,1246438,22]
["Coupeville","2021 Quarter 1","Sales",81,138774,58]
["Coupeville","2021 Quarter 1","Sales",92,7848,3]
["Langley","2021 Quarter 1","Sales",11,275,4]
["Langley","2021 Quarter 1","Sales",22,"D","D"]
["Langley","2021 Quarter 1","Sales",23,1649280,136]
["Langley","2021 Quarter 1","Sales",31,90252,42]
["Langley","2021 Quarter 1","Sales",32,30250,43]
["Langley","2021 Quarter 1","Sales",33,52664,41]
["Langley","2021 Quarter 1","Sales",42,921742,318]
["Langley","2021 Quarter 1","Sales",44,1405647,672]
["Langley","2021 Quarter 1","Sales",45,3327508,750]
["Langley","2021 Quarter 1","Sales",48,"D","D"]
["Langley","2021 Quarter 1","Sales",49,1306,3]
["Langley","2021 Quarter 1","Sales",51,483373,220]
["Langley","2021 Quarter 1","Sales",52,131528,32]
["Langley","2021 Quarter 1","Sales",53,140968,37]
["Langley","2021 Quarter 1","Sales",54,274001,119]
["Langley","2021 Quarter 1","Sales",55,"D","D"]
["Langley","2021 Quarter 1","Sales",56,752483,98]
["Langley","2021 Quarter 1","Sales",61,5770,18]
["Langley","2021 Quarter 1","Sales",62,10995,6]
["Langley","2021 Quarter 1","Sales",71,86466,13]
["Langley","2021 Quarter 1","Sales",72,1984517,20]
["Langley","2021 Quarter 1","Sales",81,122525,48]
["Langley","2021 Quarter 1","Sales",92,"D","D"]
["Oak Harbor","2021 Quarter 1","Sales",11,54696,11]
["Oak Harbor","2021 Quarter 1","Sales",22,58811,5]
["Oak Harbor","2021 Quarter 1","Sales",23,11518356,486]
["Oak Harbor","2021 Quarter 1","Sales",31,427291,99]
["Oak Harbor","2021 Quarter 1","Sales",32,242722,112]
["Oak Harbor","2021 Quarter 1","Sales",33,385949,153]
["Oak Harbor","2021 Quarter 1","Sales",42,6933496,992]
["Oak Harbor","2021 Quarter 1","Sales",44,35573081,1717]
["Oak Harbor","2021 Quarter 1","Sales",45,29008536,1913]
["Oak Harbor","2021 Quarter 1","Sales",48,29282,9]
["Oak Harbor","2021 Quarter 1","Sales",49,1160816,6]
["Oak Harbor","2021 Quarter 1","Sales",51,6770583,448]
["Oak Harbor","2021 Quarter 1","Sales",52,1093181,69]
["Oak Harbor","2021 Quarter 1","Sales",53,2050762,119]
["Oak Harbor","2021 Quarter 1","Sales",54,3135755,344]
["Oak Harbor","2021 Quarter 1","Sales",55,"D","D"]
["Oak Harbor","2021 Quarter 1","Sales",56,5806852,262]
["Oak Harbor","2021 Quarter 1","Sales",61,75708,66]
["Oak Harbor","2021 Quarter 1","Sales",62,62893,27]
["Oak Harbor","2021 Quarter 1","Sales",71,915279,39]
["Oak Harbor","2021 Quarter 1","Sales",72,16508922,83]
["Oak Harbor","2021 Quarter 1","Sales",81,2965574,184]
["Oak Harbor","2021 Quarter 1","Sales",92,519,3]
["Unic Is Co","2021 Quarter 2","Sales",11,368726,47]
["Unic Is Co","2021 Quarter 2","Sales",21,"D","D"]
["Unic Is Co","2021 Quarter 2","Sales",22,378600,7]
["Unic Is Co","2021 Quarter 2","Sales",23,75329088,1504]
["Unic Is Co","2021 Quarter 2","Sales",31,1151706,261]
["Unic Is Co","2021 Quarter 2","Sales",32,2085558,190]
["Unic Is Co","2021 Quarter 2","Sales",33,2769136,294]
["Unic Is Co","2021 Quarter 2","Sales",42,13740421,1355]
["Unic Is Co","2021 Quarter 2","Sales",44,50881004,2596]
["Unic Is Co","2021 Quarter 2","Sales",45,37952908,2699]
["Unic Is Co","2021 Quarter 2","Sales",48,328001,21]
["Unic Is Co","2021 Quarter 2","Sales",49,174491,9]
["Unic Is Co","2021 Quarter 2","Sales",51,7262155,536]
["Unic Is Co","2021 Quarter 2","Sales",52,1191637,63]
["Unic Is Co","2021 Quarter 2","Sales",53,2868252,151]
["Unic Is Co","2021 Quarter 2","Sales",54,4361850,465]
["Unic Is Co","2021 Quarter 2","Sales",55,5120,3]
["Unic Is Co","2021 Quarter 2","Sales",56,25622430,519]
["Unic Is Co","2021 Quarter 2","Sales",61,124478,80]
["Unic Is Co","2021 Quarter 2","Sales",62,145953,27]
["Unic Is Co","2021 Quarter 2","Sales",71,2992334,83]
["Unic Is Co","2021 Quarter 2","Sales",72,10645175,121]
["Unic Is Co","2021 Quarter 2","Sales",81,4324555,241]
["Unic Is Co","2021 Quarter 2","Sales",92,97025,6]
["Coupeville","2021 Quarter 2","Sales",11,50035,5]
["Coupeville","2021 Quarter 2","Sales",21,"D","D"]
["Coupeville","2021 Quarter 2","Sales",22,"D","D"]
["Coupeville","2021 Quarter 2","Sales",23,3544589,197]
["Coupeville","2021 Quarter 2","Sales",31,199823,42]
["Coupeville","2021 Quarter 2","Sales",32,90197,71]
["Coupeville","2021 Quarter 2","Sales",33,611839,58]
["Coupeville","2021 Quarter 2","Sales",42,2075761,458]
["Coupeville","2021 Quarter 2","Sales",44,3167084,775]
["Coupeville","2021 Quarter 2","Sales",45,3642640,823]
["Coupeville","2021 Quarter 2","Sales",48,"D","D"]
["Coupeville","2021 Quarter 2","Sales",49,1707,3]
["Coupeville","2021 Quarter 2","Sales",51,909000,239]
["Coupeville","2021 Quarter 2","Sales",52,102555,31]
["Coupeville","2021 Quarter 2","Sales",53,340085,50]
["Coupeville","2021 Quarter 2","Sales",54,748413,164]
["Coupeville","2021 Quarter 2","Sales",56,964011,126]
["Coupeville","2021 Quarter 2","Sales",61,46431,32]
["Coupeville","2021 Quarter 2","Sales",62,107504,18]
["Coupeville","2021 Quarter 2","Sales",71,36441,9]
["Coupeville","2021 Quarter 2","Sales",72,2477796,24]
["Coupeville","2021 Quarter 2","Sales",81,166095,63]
["Coupeville","2021 Quarter 2","Sales",92,8783,4]
["Langley","2021 Quarter 2","Sales",11,419,3]
["Langley","2021 Quarter 2","Sales",22,"D","D"]
["Langley","2021 Quarter 2","Sales",23,1804695,144]
["Langley","2021 Quarter 2","Sales",31,176422,40]
["Langley","2021 Quarter 2","Sales",32,32624,53]
["Langley","2021 Quarter 2","Sales",33,26265,45]
["Langley","2021 Quarter 2","Sales",42,855788,350]
["Langley","2021 Quarter 2","Sales",44,1696492,709]
["Langley","2021 Quarter 2","Sales",45,4080817,778]
["Langley","2021 Quarter 2","Sales",48,"D","D"]
["Langley","2021 Quarter 2","Sales",49,"D","D"]
["Langley","2021 Quarter 2","Sales",51,526657,225]
["Langley","2021 Quarter 2","Sales",52,117338,26]
["Langley","2021 Quarter 2","Sales",53,137123,35]
["Langley","2021 Quarter 2","Sales",54,276612,123]
["Langley","2021 Quarter 2","Sales",56,880019,111]
["Langley","2021 Quarter 2","Sales",61,10288,21]
["Langley","2021 Quarter 2","Sales",62,11380,9]
["Langley","2021 Quarter 2","Sales",71,172917,14]
["Langley","2021 Quarter 2","Sales",72,3443412,24]
["Langley","2021 Quarter 2","Sales",81,115500,47]
["Langley","2021 Quarter 2","Sales",92,"D","D"]
["Oak Harbor","2021 Quarter 2","Sales",11,14233,13]
["Oak Harbor","2021 Quarter 2","Sales",22,88441,4]
["Oak Harbor","2021 Quarter 2","Sales",23,14365874,500]
["Oak Harbor","2021 Quarter 2","Sales",31,577003,105]
["Oak Harbor","2021 Quarter 2","Sales",32,403410,134]
["Oak Harbor","2021 Quarter 2","Sales",33,566789,167]
["Oak Harbor","2021 Quarter 2","Sales",42,9430709,1007]
["Oak Harbor","2021 Quarter 2","Sales",44,45131754,1782]
["Oak Harbor","2021 Quarter 2","Sales",45,32062459,2010]
["Oak Harbor","2021 Quarter 2","Sales",48,66211,9]
["Oak Harbor","2021 Quarter 2","Sales",49,1373900,8]
["Oak Harbor","2021 Quarter 2","Sales",51,6593912,450]
["Oak Harbor","2021 Quarter 2","Sales",52,1358426,75]
["Oak Harbor","2021 Quarter 2","Sales",53,2573941,130]
["Oak Harbor","2021 Quarter 2","Sales",54,3052388,341]
["Oak Harbor","2021 Quarter 2","Sales",55,"D","D"]
["Oak Harbor","2021 Quarter 2","Sales",56,5427892,277]
["Oak Harbor","2021 Quarter 2","Sales",61,233137,58]
["Oak Harbor","2021 Quarter 2","Sales",62,59475,27]
["Oak Harbor","2021 Quarter 2","Sales",71,1152104,35]
["Oak Harbor","2021 Quarter 2","Sales",72,19512836,80]
["Oak Harbor","2021 Quarter 2","Sales",81,3211470,187]
["Oak Harbor","2021 Quarter 2","Sales",92,63039,3]
["Unic Is Co","2021 Quarter 3","Sales",11,333696,35]
["Unic Is Co","2021 Quarter 3","Sales",21,"D","D"]
["Unic Is Co","2021 Quarter 3","Sales",22,454151,5]
["Unic Is Co","2021 Quarter 3","Sales",23,82472691,1504]
["Unic Is Co","2021 Quarter 3","Sales",31,1365773,214]
["Unic Is Co","2021 Quarter 3","Sales",32,2481645,199]
["Unic Is Co","2021 Quarter 3","Sales",33,3288862,294]
["Unic Is Co","2021 Quarter 3","Sales",42,12777492,1360]
["Unic Is Co","2021 Quarter 3","Sales",44,47799370,2589]
["Unic Is Co","2021 Quarter 3","Sales",45,38367928,2819]
["Unic Is Co","2021 Quarter 3","Sales",48,321485,20]
["Unic Is Co","2021 Quarter 3","Sales",49,262423,8]
["Unic Is Co","2021 Quarter 3","Sales",51,7410614,543]
["Unic Is Co","2021 Quarter 3","Sales",52,1322474,69]
["Unic Is Co","2021 Quarter 3","Sales",53,3496475,162]
["Unic Is Co","2021 Quarter 3","Sales",54,3578807,483]
["Unic Is Co","2021 Quarter 3","Sales",55,"D","D"]
["Unic Is Co","2021 Quarter 3","Sales",56,24826318,522]
["Unic Is Co","2021 Quarter 3","Sales",61,269479,89]
["Unic Is Co","2021 Quarter 3","Sales",62,199691,33]
["Unic Is Co","2021 Quarter 3","Sales",71,4014442,88]
["Unic Is Co","2021 Quarter 3","Sales",72,12337602,132]
["Unic Is Co","2021 Quarter 3","Sales",81,4474663,260]
["Unic Is Co","2021 Quarter 3","Sales",92,91680,6]
["Coupeville","2021 Quarter 3","Sales",11,76072,8]
["Coupeville","2021 Quarter 3","Sales",21,"D","D"]
["Coupeville","2021 Quarter 3","Sales",22,"D","D"]
["Coupeville","2021 Quarter 3","Sales",23,4057894,180]
["Coupeville","2021 Quarter 3","Sales",31,171323,39]
["Coupeville","2021 Quarter 3","Sales",32,76978,61]
["Coupeville","2021 Quarter 3","Sales",33,657407,52]
["Coupeville","2021 Quarter 3","Sales",42,2318215,451]
["Coupeville","2021 Quarter 3","Sales",44,3251275,820]
["Coupeville","2021 Quarter 3","Sales",45,3373041,880]
["Coupeville","2021 Quarter 3","Sales",48,1838,3]
["Coupeville","2021 Quarter 3","Sales",49,"D","D"]
["Coupeville","2021 Quarter 3","Sales",51,830322,248]
["Coupeville","2021 Quarter 3","Sales",52,142048,33]
["Coupeville","2021 Quarter 3","Sales",53,398762,43]
["Coupeville","2021 Quarter 3","Sales",54,1021195,186]
["Coupeville","2021 Quarter 3","Sales",56,1047823,127]
["Coupeville","2021 Quarter 3","Sales",61,53717,28]
["Coupeville","2021 Quarter 3","Sales",62,151827,17]
["Coupeville","2021 Quarter 3","Sales",71,78175,16]
["Coupeville","2021 Quarter 3","Sales",72,3379879,26]
["Coupeville","2021 Quarter 3","Sales",81,103442,54]
["Coupeville","2021 Quarter 3","Sales",92,4437,3]
["Langley","2021 Quarter 3","Sales",11,2498,3]
["Langley","2021 Quarter 3","Sales",22,"D","D"]
["Langley","2021 Quarter 3","Sales",23,2260891,146]
["Langley","2021 Quarter 3","Sales",31,194773,29]
["Langley","2021 Quarter 3","Sales",32,46858,49]
["Langley","2021 Quarter 3","Sales",33,40641,45]
["Langley","2021 Quarter 3","Sales",42,886676,363]
["Langley","2021 Quarter 3","Sales",44,1987568,744]
["Langley","2021 Quarter 3","Sales",45,4806963,762]
["Langley","2021 Quarter 3","Sales",49,"D","D"]
["Langley","2021 Quarter 3","Sales",51,626621,224]
["Langley","2021 Quarter 3","Sales",52,197024,25]
["Langley","2021 Quarter 3","Sales",53,130692,35]
["Langley","2021 Quarter 3","Sales",54,325255,137]
["Langley","2021 Quarter 3","Sales",56,785986,115]
["Langley","2021 Quarter 3","Sales",61,12337,16]
["Langley","2021 Quarter 3","Sales",62,8845,8]
["Langley","2021 Quarter 3","Sales",71,266808,16]
["Langley","2021 Quarter 3","Sales",72,4775794,29]
["Langley","2021 Quarter 3","Sales",81,143399,39]
["Langley","2021 Quarter 3","Sales",92,"D","D"]
["Oak Harbor","2021 Quarter 3","Sales",11,8908,10]
["Oak Harbor","2021 Quarter 3","Sales",22,170102,3]
["Oak Harbor","2021 Quarter 3","Sales",23,17065481,514]
["Oak Harbor","2021 Quarter 3","Sales",31,626646,99]
["Oak Harbor","2021 Quarter 3","Sales",32,849076,141]
["Oak Harbor","2021 Quarter 3","Sales",33,622993,153]
["Oak Harbor","2021 Quarter 3","Sales",42,7591322,1029]
["Oak Harbor","2021 Quarter 3","Sales",44,41975254,1722]
["Oak Harbor","2021 Quarter 3","Sales",45,30742867,2002]
["Oak Harbor","2021 Quarter 3","Sales",48,44514,7]
["Oak Harbor","2021 Quarter 3","Sales",49,1555394,7]
["Oak Harbor","2021 Quarter 3","Sales",51,6762876,474]
["Oak Harbor","2021 Quarter 3","Sales",52,1400585,71]
["Oak Harbor","2021 Quarter 3","Sales",53,2918396,123]
["Oak Harbor","2021 Quarter 3","Sales",54,3327197,347]
["Oak Harbor","2021 Quarter 3","Sales",55,4583,3]
["Oak Harbor","2021 Quarter 3","Sales",56,5355706,286]
["Oak Harbor","2021 Quarter 3","Sales",61,134753,70]
["Oak Harbor","2021 Quarter 3","Sales",62,55962,25]
["Oak Harbor","2021 Quarter 3","Sales",71,1268803,42]
["Oak Harbor","2021 Quarter 3","Sales",72,21186672,86]
["Oak Harbor","2021 Quarter 3","Sales",81,3067410,179]
["Oak Harbor","2021 Quarter 3","Sales",92,5738,3]
["Unic Is Co","2021 Quarter 4","Sales",11,428858,57]
["Unic Is Co","2021 Quarter 4","Sales",21,15885,4]
["Unic Is Co","2021 Quarter 4","Sales",22,284267,4]
["Unic Is Co","2021 Quarter 4","Sales",23,79503193,1472]
["Unic Is Co","2021 Quarter 4","Sales",31,1106720,323]
["Unic Is Co","2021 Quarter 4","Sales",32,2332692,239]
["Unic Is Co","2021 Quarter 4","Sales",33,2080843,342]
["Unic Is Co","2021 Quarter 4","Sales",42,16209449,1458]
["Unic Is Co","2021 Quarter 4","Sales",44,43630078,2832]
["Unic Is Co","2021 Quarter 4","Sales",45,41691578,3103]
["Unic Is Co","2021 Quarter 4","Sales",48,436165,28]
["Unic Is Co","2021 Quarter 4","Sales",49,310013,10]
["Unic Is Co","2021 Quarter 4","Sales",51,8257274,594]
["Unic Is Co","2021 Quarter 4","Sales",52,1226930,69]
["Unic Is Co","2021 Quarter 4","Sales",53,2030270,168]
["Unic Is Co","2021 Quarter 4","Sales",54,4472164,586]
["Unic Is Co","2021 Quarter 4","Sales",55,"D","D"]
["Unic Is Co","2021 Quarter 4","Sales",56,26063819,562]
["Unic Is Co","2021 Quarter 4","Sales",61,194993,105]
["Unic Is Co","2021 Quarter 4","Sales",62,358287,43]
["Unic Is Co","2021 Quarter 4","Sales",71,1817803,130]
["Unic Is Co","2021 Quarter 4","Sales",72,8235061,139]
["Unic Is Co","2021 Quarter 4","Sales",81,3807031,305]
["Unic Is Co","2021 Quarter 4","Sales",92,83540,7]
["Coupeville","2021 Quarter 4","Sales",11,35878,8]
["Coupeville","2021 Quarter 4","Sales",21,"D","D"]
["Coupeville","2021 Quarter 4","Sales",22,1167,3]
["Coupeville","2021 Quarter 4","Sales",23,3884181,185]
["Coupeville","2021 Quarter 4","Sales",31,138221,55]
["Coupeville","2021 Quarter 4","Sales",32,122491,70]
["Coupeville","2021 Quarter 4","Sales",33,566631,63]
["Coupeville","2021 Quarter 4","Sales",42,1924916,442]
["Coupeville","2021 Quarter 4","Sales",44,3007901,881]
["Coupeville","2021 Quarter 4","Sales",45,3428175,946]
["Coupeville","2021 Quarter 4","Sales",48,"D","D"]
["Coupeville","2021 Quarter 4","Sales",49,"D","D"]
["Coupeville","2021 Quarter 4","Sales",51,976424,279]
["Coupeville","2021 Quarter 4","Sales",52,86217,36]
["Coupeville","2021 Quarter 4","Sales",53,221265,44]
["Coupeville","2021 Quarter 4","Sales",54,861821,210]
["Coupeville","2021 Quarter 4","Sales",55,"D","D"]
["Coupeville","2021 Quarter 4","Sales",56,987330,135]
["Coupeville","2021 Quarter 4","Sales",61,26592,25]
["Coupeville","2021 Quarter 4","Sales",62,91474,18]
["Coupeville","2021 Quarter 4","Sales",71,50479,26]
["Coupeville","2021 Quarter 4","Sales",72,2014762,25]
["Coupeville","2021 Quarter 4","Sales",81,203091,67]
["Coupeville","2021 Quarter 4","Sales",92,2047,3]
["Langley","2021 Quarter 4","Sales",11,2743,7]
["Langley","2021 Quarter 4","Sales",22,"D","D"]
["Langley","2021 Quarter 4","Sales",23,2071601,151]
["Langley","2021 Quarter 4","Sales",31,188644,51]
["Langley","2021 Quarter 4","Sales",32,90292,61]
["Langley","2021 Quarter 4","Sales",33,41985,60]
["Langley","2021 Quarter 4","Sales",42,1047237,380]
["Langley","2021 Quarter 4","Sales",44,1744949,761]
["Langley","2021 Quarter 4","Sales",45,4333667,862]
["Langley","2021 Quarter 4","Sales",48,"D","D"]
["Langley","2021 Quarter 4","Sales",49,"D","D"]
["Langley","2021 Quarter 4","Sales",51,566385,261]
["Langley","2021 Quarter 4","Sales",52,188939,30]
["Langley","2021 Quarter 4","Sales",53,126405,35]
["Langley","2021 Quarter 4","Sales",54,302242,158]
["Langley","2021 Quarter 4","Sales",55,"D","D"]
["Langley","2021 Quarter 4","Sales",56,865107,102]
["Langley","2021 Quarter 4","Sales",61,11659,24]
["Langley","2021 Quarter 4","Sales",62,11454,11]
["Langley","2021 Quarter 4","Sales",71,233799,24]
["Langley","2021 Quarter 4","Sales",72,2647200,20]
["Langley","2021 Quarter 4","Sales",81,218181,54]
["Langley","2021 Quarter 4","Sales",92,"D","D"]
["Oak Harbor","2021 Quarter 4","Sales",11,10218,11]
["Oak Harbor","2021 Quarter 4","Sales",21,"D","D"]
["Oak Harbor","2021 Quarter 4","Sales",22,43503,4]
["Oak Harbor","2021 Quarter 4","Sales",23,16190329,554]
["Oak Harbor","2021 Quarter 4","Sales",31,490873,118]
["Oak Harbor","2021 Quarter 4","Sales",32,391801,140]
["Oak Harbor","2021 Quarter 4","Sales",33,556947,203]
["Oak Harbor","2021 Quarter 4","Sales",42,7296170,1058]
["Oak Harbor","2021 Quarter 4","Sales",44,40390544,1913]
["Oak Harbor","2021 Quarter 4","Sales",45,34043606,2223]
["Oak Harbor","2021 Quarter 4","Sales",48,42239,6]
["Oak Harbor","2021 Quarter 4","Sales",49,1731235,6]
["Oak Harbor","2021 Quarter 4","Sales",51,7471214,514]
["Oak Harbor","2021 Quarter 4","Sales",52,1394181,71]
["Oak Harbor","2021 Quarter 4","Sales",53,2796505,122]
["Oak Harbor","2021 Quarter 4","Sales",54,3159392,394]
["Oak Harbor","2021 Quarter 4","Sales",55,"D","D"]
["Oak Harbor","2021 Quarter 4","Sales",56,6311929,290]
["Oak Harbor","2021 Quarter 4","Sales",61,77660,76]
["Oak Harbor","2021 Quarter 4","Sales",62,58420,30]
["Oak Harbor","2021 Quarter 4","Sales",71,1172905,57]
["Oak Harbor","2021 Quarter 4","Sales",72,18208980,88]
["Oak Harbor","2021 Quarter 4","Sales",81,3122826,219]
["Oak Harbor","2021 Quarter 4","Sales",92,2313,3]
["Unic Is Co","2022 Quarter 1","Sales",11,169939,35]
["Unic Is Co","2022 Quarter 1","Sales",21,"D","D"]
["Unic Is Co","2022 Quarter 1","Sales",22,293567,4]
["Unic Is Co","2022 Quarter 1","Sales",23,76597374,1421]
["Unic Is Co","2022 Quarter 1","Sales",31,973273,248]
["Unic Is Co","2022 Quarter 1","Sales",32,2028869,214]
["Unic Is Co","2022 Quarter 1","Sales",33,3296518,279]
["Unic Is Co","2022 Quarter 1","Sales",42,16933937,1357]
["Unic Is Co","2022 Quarter 1","Sales",44,42072218,2732]
["Unic Is Co","2022 Quarter 1","Sales",45,34721046,2895]
["Unic Is Co","2022 Quarter 1","Sales",48,441839,18]
["Unic Is Co","2022 Quarter 1","Sales",49,190546,6]
["Unic Is Co","2022 Quarter 1","Sales",51,8067259,570]
["Unic Is Co","2022 Quarter 1","Sales",52,1259270,62]
["Unic Is Co","2022 Quarter 1","Sales",53,2215363,148]
["Unic Is Co","2022 Quarter 1","Sales",54,3556603,502]
["Unic Is Co","2022 Quarter 1","Sales",55,"D","D"]
["Unic Is Co","2022 Quarter 1","Sales",56,25820159,512]
["Unic Is Co","2022 Quarter 1","Sales",61,131142,86]
["Unic Is Co","2022 Quarter 1","Sales",62,166225,28]
["Unic Is Co","2022 Quarter 1","Sales",71,1582425,72]
["Unic Is Co","2022 Quarter 1","Sales",72,7797268,106]
["Unic Is Co","2022 Quarter 1","Sales",81,4149957,259]
["Unic Is Co","2022 Quarter 1","Sales",92,83167,7]
["Coupeville","2022 Quarter 1","Sales",11,36266,8]
["Coupeville","2022 Quarter 1","Sales",21,"D","D"]
["Coupeville","2022 Quarter 1","Sales",22,4420,4]
["Coupeville","2022 Quarter 1","Sales",23,3736726,182]
["Coupeville","2022 Quarter 1","Sales",31,135220,42]
["Coupeville","2022 Quarter 1","Sales",32,197929,71]
["Coupeville","2022 Quarter 1","Sales",33,528177,63]
["Coupeville","2022 Quarter 1","Sales",42,2097330,429]
["Coupeville","2022 Quarter 1","Sales",44,2727400,841]
["Coupeville","2022 Quarter 1","Sales",45,2809788,860]
["Coupeville","2022 Quarter 1","Sales",48,"D","D"]
["Coupeville","2022 Quarter 1","Sales",49,955,3]
["Coupeville","2022 Quarter 1","Sales",51,865704,274]
["Coupeville","2022 Quarter 1","Sales",52,152723,35]
["Coupeville","2022 Quarter 1","Sales",53,236025,42]
["Coupeville","2022 Quarter 1","Sales",54,847403,176]
["Coupeville","2022 Quarter 1","Sales",56,1001644,115]
["Coupeville","2022 Quarter 1","Sales",61,17144,24]
["Coupeville","2022 Quarter 1","Sales",62,81657,20]
["Coupeville","2022 Quarter 1","Sales",71,36123,11]
["Coupeville","2022 Quarter 1","Sales",72,1856485,21]
["Coupeville","2022 Quarter 1","Sales",81,162689,56]
["Coupeville","2022 Quarter 1","Sales",92,9824,3]
["Langley","2022 Quarter 1","Sales",11,7632,9]
["Langley","2022 Quarter 1","Sales",22,"D","D"]
["Langley","2022 Quarter 1","Sales",23,2386095,151]
["Langley","2022 Quarter 1","Sales",31,247356,35]
["Langley","2022 Quarter 1","Sales",32,28433,49]
["Langley","2022 Quarter 1","Sales",33,25762,41]
["Langley","2022 Quarter 1","Sales",42,1257358,334]
["Langley","2022 Quarter 1","Sales",44,1619360,693]
["Langley","2022 Quarter 1","Sales",45,3337079,777]
["Langley","2022 Quarter 1","Sales",49,"D","D"]
["Langley","2022 Quarter 1","Sales",51,517491,263]
["Langley","2022 Quarter 1","Sales",52,85514,25]
["Langley","2022 Quarter 1","Sales",53,71512,34]
["Langley","2022 Quarter 1","Sales",54,327175,140]
["Langley","2022 Quarter 1","Sales",56,794673,103]
["Langley","2022 Quarter 1","Sales",61,5184,21]
["Langley","2022 Quarter 1","Sales",62,7813,8]
["Langley","2022 Quarter 1","Sales",71,135178,9]
["Langley","2022 Quarter 1","Sales",72,2598971,19]
["Langley","2022 Quarter 1","Sales",81,105460,40]
["Langley","2022 Quarter 1","Sales",92,"D","D"]
["Oak Harbor","2022 Quarter 1","Sales",11,16234,14]
["Oak Harbor","2022 Quarter 1","Sales",22,60963,4]
["Oak Harbor","2022 Quarter 1","Sales",23,17763142,501]
["Oak Harbor","2022 Quarter 1","Sales",31,517064,98]
["Oak Harbor","2022 Quarter 1","Sales",32,368079,130]
["Oak Harbor","2022 Quarter 1","Sales",33,400166,177]
["Oak Harbor","2022 Quarter 1","Sales",42,8419093,1011]
["Oak Harbor","2022 Quarter 1","Sales",44,37438949,1834]
["Oak Harbor","2022 Quarter 1","Sales",45,28246494,2111]
["Oak Harbor","2022 Quarter 1","Sales",48,42868,6]
["Oak Harbor","2022 Quarter 1","Sales",49,1938621,5]
["Oak Harbor","2022 Quarter 1","Sales",51,6864993,471]
["Oak Harbor","2022 Quarter 1","Sales",52,1189261,72]
["Oak Harbor","2022 Quarter 1","Sales",53,2711083,115]
["Oak Harbor","2022 Quarter 1","Sales",54,2796121,365]
["Oak Harbor","2022 Quarter 1","Sales",55,4240,3]
["Oak Harbor","2022 Quarter 1","Sales",56,5309584,294]
["Oak Harbor","2022 Quarter 1","Sales",61,82480,72]
["Oak Harbor","2022 Quarter 1","Sales",62,64378,29]
["Oak Harbor","2022 Quarter 1","Sales",71,1166373,35]
["Oak Harbor","2022 Quarter 1","Sales",72,17674154,82]
["Oak Harbor","2022 Quarter 1","Sales",81,3077258,178]
["Oak Harbor","2022 Quarter 1","Sales",92,1514,3]

{"sheet":"Unic Is Co","index":4,"n_rows":36,"n_cols":6,"rows_kept":36,"cut":false,"hidden":false,"merged":[]}
["NAICS","(All)",{"$f":"VLOOKUP(B1,NAICS!A1:B2600,2,FALSE)","v":{"$error":"#N/A"}}]
[]
["Row Labels","Sum of Total Taxable"]
["2012 Quarter 1",71695040]
["2012 Quarter 2",79961300]
["2012 Quarter 3",87413036]
["2012 Quarter 4",86009221]
["2013 Quarter 1",74539993]
["2013 Quarter 2",89056059]
["2013 Quarter 3",97270920]
["2013 Quarter 4",96958026]
["2014 Quarter 1",86719458]
["2014 Quarter 2",94258126]
["2014 Quarter 3",105853873]
["2014 Quarter 4",105315571]
["2015 Quarter 1",97265379]
["2015 Quarter 2",112560763]
["2015 Quarter 3",117678010]
["2015 Quarter 4",113395164]
["2016 Quarter 1",103794931]
["2016 Quarter 2",121095892]
["2016 Quarter 3",136129231]
["2016 Quarter 4",130213240]
["2017 Quarter 1",119451295]
["2017 Quarter 2",145012384]
["2017 Quarter 3",156299435,null,null,"Amounts","% Difference"]
["2017 Quarter 4",151012864,null,"Median",{"$f":"MEDIAN(B4:B36)","v":117678010},{"$f":"(B$36-E27)/E27","v":0.37665681974057857}]
["2018 Quarter 1",138025689,null,"Average",{"$f":"AVERAGE(B4:B36)","v":123809476.36363636},{"$f":"(B$36-E28)/E28","v":0.30848009181614711}]
["2018 Quarter 2",161181907,null,"Minimum",{"$f":"MIN(B4:B36)","v":71695040},{"$f":"(B$36-E29)/E29","v":1.2596017102438328}]
["2018 Quarter 3",170380580,null,"Maximum",{"$f":"MAX(B4:B36)","v":192719796},{"$f":"(B$36-E30)/E30","v":-0.15938975464668922}]
["2018 Quarter 4",168591123,null,"Yr Over Yr",{"$f":"B36-B32","v":13952822},{"$f":"E31/B36","v":8.6127342625859457E-2}]
["2019 Quarter 1",148049413]
["2019 Quarter 2",183790832]
["2019 Quarter 3",192719796]
["2019 Quarter 4",182011934]
["2020 Quarter 1",162002235]

{"sheet":"Unic Is Co Data","index":5,"n_rows":792,"n_cols":5,"rows_kept":792,"cut":false,"hidden":true,"merged":[]}
["Year","Tax Type","NAICS","Total Taxable","Units"]
["2014 Quarter 1","Sales",11,176914,15]
["2014 Quarter 1","Sales",21,"D","D"]
["2014 Quarter 1","Sales",22,280779,8]
["2014 Quarter 1","Sales",23,24733929,885]
["2014 Quarter 1","Sales",31,225294,90]
["2014 Quarter 1","Sales",32,910590,84]
["2014 Quarter 1","Sales",33,1162225,124]
["2014 Quarter 1","Sales",42,9522825,730]
["2014 Quarter 1","Sales",44,16758051,642]
["2014 Quarter 1","Sales",45,9724053,769]
["2014 Quarter 1","Sales",48,211267,12]
["2014 Quarter 1","Sales",49,5929,4]
["2014 Quarter 1","Sales",51,7924398,222]
["2014 Quarter 1","Sales",52,212244,41]
["2014 Quarter 1","Sales",53,814498,125]
["2014 Quarter 1","Sales",54,1355087,189]
["2014 Quarter 1","Sales",56,3341513,314]
["2014 Quarter 1","Sales",61,192201,45]
["2014 Quarter 1","Sales",62,115461,29]
["2014 Quarter 1","Sales",71,1389064,40]
["2014 Quarter 1","Sales",72,4729181,97]
["2014 Quarter 1","Sales",81,2888416,192]
["2014 Quarter 1","Sales",92,45539,6]
["2014 Quarter 2","Sales",11,167909,17]
["2014 Quarter 2","Sales",21,51166,3]
["2014 Quarter 2","Sales",22,289518,10]
["2014 Quarter 2","Sales",23,26001234,959]
["2014 Quarter 2","Sales",31,334957,96]
["2014 Quarter 2","Sales",32,1481837,89]
["2014 Quarter 2","Sales",33,584194,131]
["2014 Quarter 2","Sales",42,6379630,670]
["2014 Quarter 2","Sales",44,21775395,673]
["2014 Quarter 2","Sales",45,9406826,830]
["2014 Quarter 2","Sales",48,121095,11]
["2014 Quarter 2","Sales",49,12505,3]
["2014 Quarter 2","Sales",51,7751643,203]
["2014 Quarter 2","Sales",52,283092,46]
["2014 Quarter 2","Sales",53,1326315,141]
["2014 Quarter 2","Sales",54,1640746,199]
["2014 Quarter 2","Sales",56,4589078,322]
["2014 Quarter 2","Sales",61,246386,48]
["2014 Quarter 2","Sales",62,133740,31]
["2014 Quarter 2","Sales",71,2283196,37]
["2014 Quarter 2","Sales",72,6398861,109]
["2014 Quarter 2","Sales",81,2972359,174]
["2014 Quarter 2","Sales",92,26444,3]
["2014 Quarter 3","Sales",11,229768,15]
["2014 Quarter 3","Sales",21,86391,3]
["2014 Quarter 3","Sales",22,326725,7]
["2014 Quarter 3","Sales",23,29544012,993]
["2014 Quarter 3","Sales",31,354730,93]
["2014 Quarter 3","Sales",32,1592297,94]
["2014 Quarter 3","Sales",33,1171791,137]
["2014 Quarter 3","Sales",42,6149173,706]
["2014 Quarter 3","Sales",44,23698736,681]
["2014 Quarter 3","Sales",45,10820724,879]
["2014 Quarter 3","Sales",48,152612,9]
["2014 Quarter 3","Sales",49,"D","D"]
["2014 Quarter 3","Sales",51,7433090,234]
["2014 Quarter 3","Sales",52,280993,45]
["2014 Quarter 3","Sales",53,2134068,133]
["2014 Quarter 3","Sales",54,1636627,194]
["2014 Quarter 3","Sales",56,5033781,309]
["2014 Quarter 3","Sales",61,452327,49]
["2014 Quarter 3","Sales",62,134473,30]
["2014 Quarter 3","Sales",71,3164868,45]
["2014 Quarter 3","Sales",72,8395998,122]
["2014 Quarter 3","Sales",81,3022565,185]
["2014 Quarter 3","Sales",92,38124,4]
["2014 Quarter 4","Sales",11,311256,41]
["2014 Quarter 4","Sales",21,"D","D"]
["2014 Quarter 4","Sales",22,316346,6]
["2014 Quarter 4","Sales",23,31730407,1045]
["2014 Quarter 4","Sales",31,339733,139]
["2014 Quarter 4","Sales",32,1254524,116]
["2014 Quarter 4","Sales",33,891515,171]
["2014 Quarter 4","Sales",42,7440942,792]
["2014 Quarter 4","Sales",44,20210010,771]
["2014 Quarter 4","Sales",45,13962090,1272]
["2014 Quarter 4","Sales",48,270642,17]
["2014 Quarter 4","Sales",49,21743,6]
["2014 Quarter 4","Sales",51,7944637,255]
["2014 Quarter 4","Sales",52,382061,49]
["2014 Quarter 4","Sales",53,1585456,161]
["2014 Quarter 4","Sales",54,1733846,305]
["2014 Quarter 4","Sales",55,"D","D"]
["2014 Quarter 4","Sales",56,5087911,409]
["2014 Quarter 4","Sales",61,229931,60]
["2014 Quarter 4","Sales",62,174537,37]
["2014 Quarter 4","Sales",71,1522594,116]
["2014 Quarter 4","Sales",72,6423520,163]
["2014 Quarter 4","Sales",81,3440377,238]
["2014 Quarter 4","Sales",92,41493,3]
["2015 Quarter 1","Sales",11,153143,15]
["2015 Quarter 1","Sales",21,33610,4]
["2015 Quarter 1","Sales",22,262115,9]
["2015 Quarter 1","Sales",23,31974473,937]
["2015 Quarter 1","Sales",31,200426,97]
["2015 Quarter 1","Sales",32,1487386,88]
["2015 Quarter 1","Sales",33,734031,125]
["2015 Quarter 1","Sales",42,7808019,730]
["2015 Quarter 1","Sales",44,19278844,683]
["2015 Quarter 1","Sales",45,9688093,895]
["2015 Quarter 1","Sales",48,194150,12]
["2015 Quarter 1","Sales",49,"D","D"]
["2015 Quarter 1","Sales",51,7539275,219]
["2015 Quarter 1","Sales",52,295246,39]
["2015 Quarter 1","Sales",53,1206250,127]
["2015 Quarter 1","Sales",54,1491320,195]
["2015 Quarter 1","Sales",55,"D","D"]
["2015 Quarter 1","Sales",56,4747157,317]
["2015 Quarter 1","Sales",61,227118,50]
["2015 Quarter 1","Sales",62,141782,30]
["2015 Quarter 1","Sales",71,1349155,35]
["2015 Quarter 1","Sales",72,5654305,102]
["2015 Quarter 1","Sales",81,2766935,170]
["2015 Quarter 1","Sales",92,32546,4]
["2015 Quarter 2","Sales",11,139558,17]
["2015 Quarter 2","Sales",21,46421,4]
["2015 Quarter 2","Sales",22,254735,6]
["2015 Quarter 2","Sales",23,35579016,1015]
["2015 Quarter 2","Sales",31,378144,103]
["2015 Quarter 2","Sales",32,1792079,82]
["2015 Quarter 2","Sales",33,874286,141]
["2015 Quarter 2","Sales",42,6559811,741]
["2015 Quarter 2","Sales",44,24675518,741]
["2015 Quarter 2","Sales",45,10210007,928]
["2015 Quarter 2","Sales",48,197807,15]
["2015 Quarter 2","Sales",49,"D","D"]
["2015 Quarter 2","Sales",51,7860432,220]
["2015 Quarter 2","Sales",52,378859,44]
["2015 Quarter 2","Sales",53,1486053,141]
["2015 Quarter 2","Sales",54,1829065,216]
["2015 Quarter 2","Sales",55,"D","D"]
["2015 Quarter 2","Sales",56,6919882,345]
["2015 Quarter 2","Sales",61,359202,49]
["2015 Quarter 2","Sales",62,152295,29]
["2015 Quarter 2","Sales",71,2362784,37]
["2015 Quarter 2","Sales",72,7416681,117]
["2015 Quarter 2","Sales",81,3033978,190]
["2015 Quarter 2","Sales",92,54150,3]
["2015 Quarter 3","Sales",11,311531,18]
["2015 Quarter 3","Sales",21,37619,4]
["2015 Quarter 3","Sales",22,214636,6]
["2015 Quarter 3","Sales",23,35179981,1068]
["2015 Quarter 3","Sales",31,390558,96]
["2015 Quarter 3","Sales",32,1678447,79]
["2015 Quarter 3","Sales",33,719618,148]
["2015 Quarter 3","Sales",42,7068071,788]
["2015 Quarter 3","Sales",44,25819593,733]
["2015 Quarter 3","Sales",45,10498984,953]
["2015 Quarter 3","Sales",48,183343,12]
["2015 Quarter 3","Sales",49,"D","D"]
["2015 Quarter 3","Sales",51,8293268,240]
["2015 Quarter 3","Sales",52,401191,56]
["2015 Quarter 3","Sales",53,2415917,142]
["2015 Quarter 3","Sales",54,1784351,202]
["2015 Quarter 3","Sales",55,"D","D"]
["2015 Quarter 3","Sales",56,6998928,344]
["2015 Quarter 3","Sales",61,578717,54]
["2015 Quarter 3","Sales",62,149147,29]
["2015 Quarter 3","Sales",71,3050533,38]
["2015 Quarter 3","Sales",72,9016344,120]
["2015 Quarter 3","Sales",81,2844755,176]
["2015 Quarter 3","Sales",92,42478,5]
["2015 Quarter 4","Sales",11,390901,41]
["2015 Quarter 4","Sales",21,52092,6]
["2015 Quarter 4","Sales",22,220316,4]
["2015 Quarter 4","Sales",23,33662794,1086]
["2015 Quarter 4","Sales",31,370751,139]
["2015 Quarter 4","Sales",32,1709988,113]
["2015 Quarter 4","Sales",33,751183,190]
["2015 Quarter 4","Sales",42,7843381,837]
["2015 Quarter 4","Sales",44,22433903,926]
["2015 Quarter 4","Sales",45,13510971,1442]
["2015 Quarter 4","Sales",48,188030,21]
["2015 Quarter 4","Sales",49,21663,3]
["2015 Quarter 4","Sales",51,8470732,258]
["2015 Quarter 4","Sales",52,454781,53]
["2015 Quarter 4","Sales",53,2223757,174]
["2015 Quarter 4","Sales",54,1988594,331]
["2015 Quarter 4","Sales",55,"D","D"]
["2015 Quarter 4","Sales",56,6701102,406]
["2015 Quarter 4","Sales",61,301694,68]
["2015 Quarter 4","Sales",62,169093,36]
["2015 Quarter 4","Sales",71,1541702,108]
["2015 Quarter 4","Sales",72,6820425,177]
["2015 Quarter 4","Sales",81,3512230,245]
["2015 Quarter 4","Sales",92,55081,5]
["2016 Quarter 1","Sales",11,274158,19]
["2016 Quarter 1","Sales",21,"D","D"]
["2016 Quarter 1","Sales",22,154602,5]
["2016 Quarter 1","Sales",23,32755657,996]
["2016 Quarter 1","Sales",31,268839,102]
["2016 Quarter 1","Sales",32,1422337,92]
["2016 Quarter 1","Sales",33,1010896,153]
["2016 Quarter 1","Sales",42,8289863,763]
["2016 Quarter 1","Sales",44,21057168,802]
["2016 Quarter 1","Sales",45,10221308,962]
["2016 Quarter 1","Sales",48,194431,17]
["2016 Quarter 1","Sales",49,"D","D"]
["2016 Quarter 1","Sales",51,8316027,237]
["2016 Quarter 1","Sales",52,468658,55]
["2016 Quarter 1","Sales",53,1701181,145]
["2016 Quarter 1","Sales",54,1674621,227]
["2016 Quarter 1","Sales",55,"D","D"]
["2016 Quarter 1","Sales",56,5210341,329]
["2016 Quarter 1","Sales",61,134431,54]
["2016 Quarter 1","Sales",62,144455,31]
["2016 Quarter 1","Sales",71,1389547,43]
["2016 Quarter 1","Sales",72,5802423,111]
["2016 Quarter 1","Sales",81,3259447,172]
["2016 Quarter 1","Sales",92,44541,6]
["2016 Quarter 2","Sales",11,212872,21]
["2016 Quarter 2","Sales",21,"D","D"]
["2016 Quarter 2","Sales",22,202329,9]
["2016 Quarter 2","Sales",23,38446091,1083]
["2016 Quarter 2","Sales",31,389455,105]
["2016 Quarter 2","Sales",32,1951090,92]
["2016 Quarter 2","Sales",33,790732,150]
["2016 Quarter 2","Sales",42,7115348,759]
["2016 Quarter 2","Sales",44,27779636,848]
["2016 Quarter 2","Sales",45,10982996,1046]
["2016 Quarter 2","Sales",48,232137,20]
["2016 Quarter 2","Sales",49,"D","D"]
["2016 Quarter 2","Sales",51,8221503,233]
["2016 Quarter 2","Sales",52,533280,56]
["2016 Quarter 2","Sales",53,2158990,142]
["2016 Quarter 2","Sales",54,1896759,234]
["2016 Quarter 2","Sales",55,"D","D"]
["2016 Quarter 2","Sales",56,6415028,362]
["2016 Quarter 2","Sales",61,252801,55]
["2016 Quarter 2","Sales",62,144694,29]
["2016 Quarter 2","Sales",71,2374339,43]
["2016 Quarter 2","Sales",72,7577049,113]
["2016 Quarter 2","Sales",81,3375749,189]
["2016 Quarter 2","Sales",92,43014,4]
["2016 Quarter 3","Sales",11,300694,19]
["2016 Quarter 3","Sales",21,46448,3]
["2016 Quarter 3","Sales",22,300131,8]
["2016 Quarter 3","Sales",23,45798797,1100]
["2016 Quarter 3","Sales",31,491315,99]
["2016 Quarter 3","Sales",32,2209547,96]
["2016 Quarter 3","Sales",33,688797,138]
["2016 Quarter 3","Sales",42,7999656,787]
["2016 Quarter 3","Sales",44,30267225,928]
["2016 Quarter 3","Sales",45,11425791,1088]
["2016 Quarter 3","Sales",48,424496,21]
["2016 Quarter 3","Sales",49,34025,3]
["2016 Quarter 3","Sales",51,7762600,234]
["2016 Quarter 3","Sales",52,471738,58]
["2016 Quarter 3","Sales",53,2390185,136]
["2016 Quarter 3","Sales",54,2459407,244]
["2016 Quarter 3","Sales",55,"D","D"]
["2016 Quarter 3","Sales",56,7015413,364]
["2016 Quarter 3","Sales",61,420737,51]
["2016 Quarter 3","Sales",62,142195,27]
["2016 Quarter 3","Sales",71,3224199,42]
["2016 Quarter 3","Sales",72,8900204,123]
["2016 Quarter 3","Sales",81,3303311,184]
["2016 Quarter 3","Sales",92,52320,4]
["2016 Quarter 4","Sales",0,"D","D"]
["2016 Quarter 4","Sales",11,298703,41]
["2016 Quarter 4","Sales",21,47091,4]
["2016 Quarter 4","Sales",22,238621,7]
["2016 Quarter 4","Sales",23,42053921,1132]
["2016 Quarter 4","Sales",31,420571,164]
["2016 Quarter 4","Sales",32,2273225,112]
["2016 Quarter 4","Sales",33,1203967,197]
["2016 Quarter 4","Sales",42,8836227,898]
["2016 Quarter 4","Sales",44,25950623,1138]
["2016 Quarter 4","Sales",45,15592419,1601]
["2016 Quarter 4","Sales",48,505686,30]
["2016 Quarter 4","Sales",49,40453,5]
["2016 Quarter 4","Sales",51,7969649,263]
["2016 Quarter 4","Sales",52,643911,56]
["2016 Quarter 4","Sales",53,2036253,175]
["2016 Quarter 4","Sales",54,2951700,384]
["2016 Quarter 4","Sales",55,"D","D"]
["2016 Quarter 4","Sales",56,6713476,440]
["2016 Quarter 4","Sales",61,276904,61]
["2016 Quarter 4","Sales",62,192829,41]
["2016 Quarter 4","Sales",71,1575462,107]
["2016 Quarter 4","Sales",72,6631052,160]
["2016 Quarter 4","Sales",81,3709135,255]
["2016 Quarter 4","Sales",92,51362,6]
["2017 Quarter 1","Sales",11,133039,16]
["2017 Quarter 1","Sales",21,"D","D"]
["2017 Quarter 1","Sales",22,174265,4]
["2017 Quarter 1","Sales",23,40686978,1071]
["2017 Quarter 1","Sales",31,324598,124]
["2017 Quarter 1","Sales",32,1788864,97]
["2017 Quarter 1","Sales",33,721774,141]
["2017 Quarter 1","Sales",42,11285902,826]
["2017 Quarter 1","Sales",44,22962334,993]
["2017 Quarter 1","Sales",45,12137157,1157]
["2017 Quarter 1","Sales",48,248681,15]
["2017 Quarter 1","Sales",49,"D","D"]
["2017 Quarter 1","Sales",51,7582382,233]
["2017 Quarter 1","Sales",52,744243,54]
["2017 Quarter 1","Sales",53,1327353,138]
["2017 Quarter 1","Sales",54,2609132,257]
["2017 Quarter 1","Sales",55,"D","D"]
["2017 Quarter 1","Sales",56,5826185,347]
["2017 Quarter 1","Sales",61,164422,48]
["2017 Quarter 1","Sales",62,119156,30]
["2017 Quarter 1","Sales",71,1382995,41]
["2017 Quarter 1","Sales",72,5955796,99]
["2017 Quarter 1","Sales",81,3224246,191]
["2017 Quarter 1","Sales",92,51793,6]
["2017 Quarter 2","Sales",11,218650,19]
["2017 Quarter 2","Sales",21,118135,3]
["2017 Quarter 2","Sales",22,251647,7]
["2017 Quarter 2","Sales",23,50234229,1194]
["2017 Quarter 2","Sales",31,728986,118]
["2017 Quarter 2","Sales",32,2338287,114]
["2017 Quarter 2","Sales",33,1319126,163]
["2017 Quarter 2","Sales",42,9103375,888]
["2017 Quarter 2","Sales",44,31642415,1109]
["2017 Quarter 2","Sales",45,13178006,1319]
["2017 Quarter 2","Sales",48,252378,20]
["2017 Quarter 2","Sales",49,"D","D"]
["2017 Quarter 2","Sales",51,7839981,237]
["2017 Quarter 2","Sales",52,715185,59]
["2017 Quarter 2","Sales",53,1889229,148]
["2017 Quarter 2","Sales",54,3111492,262]
["2017 Quarter 2","Sales",55,"D","D"]
["2017 Quarter 2","Sales",56,7692130,389]
["2017 Quarter 2","Sales",61,286169,51]
["2017 Quarter 2","Sales",62,126422,23]
["2017 Quarter 2","Sales",71,2353796,43]
["2017 Quarter 2","Sales",72,8017388,118]
["2017 Quarter 2","Sales",81,3557711,194]
["2017 Quarter 2","Sales",92,37647,6]
["2017 Quarter 3","Sales",11,292304,20]
["2017 Quarter 3","Sales",21,139295,5]
["2017 Quarter 3","Sales",22,215574,9]
["2017 Quarter 3","Sales",23,55384632,1212]
["2017 Quarter 3","Sales",31,954946,126]
["2017 Quarter 3","Sales",32,2445689,105]
["2017 Quarter 3","Sales",33,1000285,153]
["2017 Quarter 3","Sales",42,8068597,851]
["2017 Quarter 3","Sales",44,33048434,1124]
["2017 Quarter 3","Sales",45,15564499,1441]
["2017 Quarter 3","Sales",48,267684,18]
["2017 Quarter 3","Sales",49,54042,3]
["2017 Quarter 3","Sales",51,7596825,248]
["2017 Quarter 3","Sales",52,598358,58]
["2017 Quarter 3","Sales",53,2419538,156]
["2017 Quarter 3","Sales",54,3403030,271]
["2017 Quarter 3","Sales",55,"D","D"]
["2017 Quarter 3","Sales",56,7879854,382]
["2017 Quarter 3","Sales",61,343427,48]
["2017 Quarter 3","Sales",62,162781,32]
["2017 Quarter 3","Sales",71,3341285,43]
["2017 Quarter 3","Sales",72,9784040,127]
["2017 Quarter 3","Sales",81,3292874,208]
["2017 Quarter 3","Sales",92,41442,7]
["2017 Quarter 4","Sales",0,"D","D"]
["2017 Quarter 4","Sales",11,342002,43]
["2017 Quarter 4","Sales",21,151963,3]
["2017 Quarter 4","Sales",22,290943,8]
["2017 Quarter 4","Sales",23,51024920,1267]
["2017 Quarter 4","Sales",31,795169,175]
["2017 Quarter 4","Sales",32,2547220,166]
["2017 Quarter 4","Sales",33,884693,185]
["2017 Quarter 4","Sales",42,10695357,966]
["2017 Quarter 4","Sales",44,29191421,1416]
["2017 Quarter 4","Sales",45,19235869,2039]
["2017 Quarter 4","Sales",48,308874,26]
["2017 Quarter 4","Sales",49,59624,7]
["2017 Quarter 4","Sales",51,8297862,280]
["2017 Quarter 4","Sales",52,707159,65]
["2017 Quarter 4","Sales",53,2132118,177]
["2017 Quarter 4","Sales",54,3125847,371]
["2017 Quarter 4","Sales",55,"D","D"]
["2017 Quarter 4","Sales",56,8034758,433]
["2017 Quarter 4","Sales",61,379042,75]
["2017 Quarter 4","Sales",62,152413,36]
["2017 Quarter 4","Sales",71,1713571,110]
["2017 Quarter 4","Sales",72,7139574,164]
["2017 Quarter 4","Sales",81,3759336,264]
["2017 Quarter 4","Sales",92,43129,6]
["2018 Quarter 1","Sales",11,198535,18]
["2018 Quarter 1","Sales",21,270886,5]
["2018 Quarter 1","Sales",22,220444,5]
["2018 Quarter 1","Sales",23,46039480,1157]
["2018 Quarter 1","Sales",31,645316,127]
["2018 Quarter 1","Sales",32,1739692,104]
["2018 Quarter 1","Sales",33,696268,143]
["2018 Quarter 1","Sales",42,10711040,887]
["2018 Quarter 1","Sales",44,26393065,971]
["2018 Quarter 1","Sales",45,16641310,1043]
["2018 Quarter 1","Sales",48,242900,16]
["2018 Quarter 1","Sales",49,54471,4]
["2018 Quarter 1","Sales",51,7620366,261]
["2018 Quarter 1","Sales",52,565552,61]
["2018 Quarter 1","Sales",53,1601854,136]
["2018 Quarter 1","Sales",54,2526965,267]
["2018 Quarter 1","Sales",55,"D","D"]
["2018 Quarter 1","Sales",56,10450987,362]
["2018 Quarter 1","Sales",61,128475,48]
["2018 Quarter 1","Sales",62,121913,31]
["2018 Quarter 1","Sales",71,1493499,48]
["2018 Quarter 1","Sales",72,6194588,106]
["2018 Quarter 1","Sales",81,3426047,196]
["2018 Quarter 1","Sales",92,42036,5]
["2018 Quarter 2","Sales",11,243869,19]
["2018 Quarter 2","Sales",21,205436,3]
["2018 Quarter 2","Sales",22,367721,6]
["2018 Quarter 2","Sales",23,53089432,1209]
["2018 Quarter 2","Sales",31,938040,146]
["2018 Quarter 2","Sales",32,2851152,117]
["2018 Quarter 2","Sales",33,1061404,155]
["2018 Quarter 2","Sales",42,9228755,902]
["2018 Quarter 2","Sales",44,33261230,1028]
["2018 Quarter 2","Sales",45,18442158,1115]
["2018 Quarter 2","Sales",48,277718,24]
["2018 Quarter 2","Sales",49,66897,4]
["2018 Quarter 2","Sales",51,7615888,252]
["2018 Quarter 2","Sales",52,743004,65]
["2018 Quarter 2","Sales",53,2072588,149]
["2018 Quarter 2","Sales",54,2901961,255]
["2018 Quarter 2","Sales",55,"D","D"]
["2018 Quarter 2","Sales",56,12985980,391]
["2018 Quarter 2","Sales",61,216040,52]
["2018 Quarter 2","Sales",62,135167,27]
["2018 Quarter 2","Sales",71,2385613,60]
["2018 Quarter 2","Sales",72,8516534,132]
["2018 Quarter 2","Sales",81,3513002,194]
["2018 Quarter 2","Sales",92,62318,6]
["2018 Quarter 3","Sales",11,436671,15]
["2018 Quarter 3","Sales",21,325137,5]
["2018 Quarter 3","Sales",22,326115,6]
["2018 Quarter 3","Sales",23,56421558,1234]
["2018 Quarter 3","Sales",31,1159698,130]
["2018 Quarter 3","Sales",32,2767672,125]
["2018 Quarter 3","Sales",33,876478,155]
["2018 Quarter 3","Sales",42,8726350,870]
["2018 Quarter 3","Sales",44,34025122,1084]
["2018 Quarter 3","Sales",45,19424130,1188]
["2018 Quarter 3","Sales",48,227410,16]
["2018 Quarter 3","Sales",49,74292,4]
["2018 Quarter 3","Sales",51,7724717,263]
["2018 Quarter 3","Sales",52,763116,63]
["2018 Quarter 3","Sales",53,2383004,143]
["2018 Quarter 3","Sales",54,2874130,276]
["2018 Quarter 3","Sales",55,"D","D"]
["2018 Quarter 3","Sales",56,13869529,386]
["2018 Quarter 3","Sales",61,331177,43]
["2018 Quarter 3","Sales",62,117048,27]
["2018 Quarter 3","Sales",71,3550216,60]
["2018 Quarter 3","Sales",72,10159248,134]
["2018 Quarter 3","Sales",81,3736342,222]
["2018 Quarter 3","Sales",92,81420,5]
["2018 Quarter 4","Sales",11,329292,44]
["2018 Quarter 4","Sales",21,58186,4]
["2018 Quarter 4","Sales",22,313277,6]
["2018 Quarter 4","Sales",23,57110292,1303]
["2018 Quarter 4","Sales",31,953759,203]
["2018 Quarter 4","Sales",32,1753955,162]
["2018 Quarter 4","Sales",33,1690779,198]
["2018 Quarter 4","Sales",42,10403546,1031]
["2018 Quarter 4","Sales",44,29883945,1404]
["2018 Quarter 4","Sales",45,23687825,1637]
["2018 Quarter 4","Sales",48,398584,20]
["2018 Quarter 4","Sales",49,40270,5]
["2018 Quarter 4","Sales",51,7960912,340]
["2018 Quarter 4","Sales",52,679718,58]
["2018 Quarter 4","Sales",53,2149019,149]
["2018 Quarter 4","Sales",54,3170276,376]
["2018 Quarter 4","Sales",55,"D","D"]
["2018 Quarter 4","Sales",56,14519077,453]
["2018 Quarter 4","Sales",61,214055,71]
["2018 Quarter 4","Sales",62,185499,37]
["2018 Quarter 4","Sales",71,1843351,107]
["2018 Quarter 4","Sales",72,7367926,141]
["2018 Quarter 4","Sales",81,3820834,267]
["2018 Quarter 4","Sales",92,56746,4]
["2019 Quarter 1","Sales",11,95893,14]
["2019 Quarter 1","Sales",21,308331,3]
["2019 Quarter 1","Sales",22,235258,7]
["2019 Quarter 1","Sales",23,49417250,1192]
["2019 Quarter 1","Sales",31,753501,157]
["2019 Quarter 1","Sales",32,1909139,118]
["2019 Quarter 1","Sales",33,873602,160]
["2019 Quarter 1","Sales",42,10856897,923]
["2019 Quarter 1","Sales",44,26757814,1426]
["2019 Quarter 1","Sales",45,20801347,1510]
["2019 Quarter 1","Sales",48,336332,18]
["2019 Quarter 1","Sales",49,45534,4]
["2019 Quarter 1","Sales",51,7363893,339]
["2019 Quarter 1","Sales",52,682976,62]
["2019 Quarter 1","Sales",53,1338198,137]
["2019 Quarter 1","Sales",54,2778202,310]
["2019 Quarter 1","Sales",55,"D","D"]
["2019 Quarter 1","Sales",56,12140847,393]
["2019 Quarter 1","Sales",61,123442,58]
["2019 Quarter 1","Sales",62,119174,25]
["2019 Quarter 1","Sales",71,1457769,53]
["2019 Quarter 1","Sales",72,6237242,99]
["2019 Quarter 1","Sales",81,3342765,201]
["2019 Quarter 1","Sales",92,74007,5]
["2019 Quarter 2","Sales",11,212058,23]
["2019 Quarter 2","Sales",21,57417,3]
["2019 Quarter 2","Sales",22,291638,7]
["2019 Quarter 2","Sales",23,63852590,1368]
["2019 Quarter 2","Sales",31,763850,180]
["2019 Quarter 2","Sales",32,1833294,153]
["2019 Quarter 2","Sales",33,1046851,214]
["2019 Quarter 2","Sales",42,10164471,1011]
["2019 Quarter 2","Sales",44,35936225,1640]
["2019 Quarter 2","Sales",45,24081322,1708]
["2019 Quarter 2","Sales",48,265020,22]
["2019 Quarter 2","Sales",49,55142,6]
["2019 Quarter 2","Sales",51,7823661,351]
["2019 Quarter 2","Sales",52,749529,63]
["2019 Quarter 2","Sales",53,2236597,152]
["2019 Quarter 2","Sales",54,3173646,342]
["2019 Quarter 2","Sales",55,"D","D"]
["2019 Quarter 2","Sales",56,15197470,453]
["2019 Quarter 2","Sales",61,266779,61]
["2019 Quarter 2","Sales",62,122214,24]
["2019 Quarter 2","Sales",71,2655072,64]
["2019 Quarter 2","Sales",72,8959813,121]
["2019 Quarter 2","Sales",81,3976786,224]
["2019 Quarter 2","Sales",92,69387,5]
["2019 Quarter 3","Sales",11,210934,25]
["2019 Quarter 3","Sales",21,86168,4]
["2019 Quarter 3","Sales",22,325688,7]
["2019 Quarter 3","Sales",23,64485604,1360]
["2019 Quarter 3","Sales",31,788490,177]
["2019 Quarter 3","Sales",32,2104953,166]
["2019 Quarter 3","Sales",33,1287902,213]
["2019 Quarter 3","Sales",42,9727928,1065]
["2019 Quarter 3","Sales",44,35961361,1795]
["2019 Quarter 3","Sales",45,26812412,1839]
["2019 Quarter 3","Sales",48,274022,27]
["2019 Quarter 3","Sales",49,63909,6]
["2019 Quarter 3","Sales",51,8548644,380]
["2019 Quarter 3","Sales",52,787865,59]
["2019 Quarter 3","Sales",53,2430395,142]
["2019 Quarter 3","Sales",54,3338846,344]
["2019 Quarter 3","Sales",55,"D","D"]
["2019 Quarter 3","Sales",56,16369370,456]
["2019 Quarter 3","Sales",61,348224,65]
["2019 Quarter 3","Sales",62,143835,26]
["2019 Quarter 3","Sales",71,3795041,73]
["2019 Quarter 3","Sales",72,10773748,127]
["2019 Quarter 3","Sales",81,3971658,227]
["2019 Quarter 3","Sales",92,82799,6]
["2019 Quarter 4","Sales",11,249329,43]
["2019 Quarter 4","Sales",21,47264,5]
["2019 Quarter 4","Sales",22,243327,5]
["2019 Quarter 4","Sales",23,57510681,1325]
["2019 Quarter 4","Sales",31,803533,223]
["2019 Quarter 4","Sales",32,1906175,194]
["2019 Quarter 4","Sales",33,1038695,225]
["2019 Quarter 4","Sales",42,11984389,1176]
["2019 Quarter 4","Sales",44,32777715,2066]
["2019 Quarter 4","Sales",45,29258679,2121]
["2019 Quarter 4","Sales",48,216780,25]
["2019 Quarter 4","Sales",49,57534,6]
["2019 Quarter 4","Sales",51,8474110,437]
["2019 Quarter 4","Sales",52,892490,62]
["2019 Quarter 4","Sales",53,2383762,160]
["2019 Quarter 4","Sales",54,4113338,457]
["2019 Quarter 4","Sales",55,"D","D"]
["2019 Quarter 4","Sales",56,15966933,489]
["2019 Quarter 4","Sales",61,201990,86]
["2019 Quarter 4","Sales",62,219335,38]
["2019 Quarter 4","Sales",71,1824595,111]
["2019 Quarter 4","Sales",72,7773063,127]
["2019 Quarter 4","Sales",81,4024679,268]
["2019 Quarter 4","Sales",92,43538,6]
["2020 Quarter 1","Sales",11,117246,29]
["2020 Quarter 1","Sales",21,"D","D"]
["2020 Quarter 1","Sales",22,271012,4]
["2020 Quarter 1","Sales",23,52600194,1246]
["2020 Quarter 1","Sales",31,506459,201]
["2020 Quarter 1","Sales",32,1692682,171]
["2020 Quarter 1","Sales",33,2180524,201]
["2020 Quarter 1","Sales",42,12783421,1115]
["2020 Quarter 1","Sales",44,30097807,1956]
["2020 Quarter 1","Sales",45,22074856,1943]
["2020 Quarter 1","Sales",48,214888,22]
["2020 Quarter 1","Sales",49,125283,6]
["2020 Quarter 1","Sales",51,7734052,413]
["2020 Quarter 1","Sales",52,996005,60]
["2020 Quarter 1","Sales",53,1498198,142]
["2020 Quarter 1","Sales",54,2918763,374]
["2020 Quarter 1","Sales",55,"D","D"]
["2020 Quarter 1","Sales",56,14983441,427]
["2020 Quarter 1","Sales",61,129911,72]
["2020 Quarter 1","Sales",62,137246,27]
["2020 Quarter 1","Sales",71,1450625,61]
["2020 Quarter 1","Sales",72,6153862,98]
["2020 Quarter 1","Sales",81,3284662,217]
["2020 Quarter 1","Sales",92,51098,7]
["2020 Quarter 2","Sales",11,194463,38]
["2020 Quarter 2","Sales",21,150997,4]
["2020 Quarter 2","Sales",22,309868,5]
["2020 Quarter 2","Sales",23,45415631,1204]
["2020 Quarter 2","Sales",31,693266,256]
["2020 Quarter 2","Sales",32,1868686,172]
["2020 Quarter 2","Sales",33,1217381,234]
["2020 Quarter 2","Sales",42,11181576,1252]
["2020 Quarter 2","Sales",44,41407031,2245]
["2020 Quarter 2","Sales",45,29898348,2227]
["2020 Quarter 2","Sales",48,183448,19]
["2020 Quarter 2","Sales",49,29785,6]
["2020 Quarter 2","Sales",51,8002827,427]
["2020 Quarter 2","Sales",52,760385,60]
["2020 Quarter 2","Sales",53,1906255,145]
["2020 Quarter 2","Sales",54,3061531,378]
["2020 Quarter 2","Sales",55,"D","D"]
["2020 Quarter 2","Sales",56,18389559,436]
["2020 Quarter 2","Sales",61,98003,76]
["2020 Quarter 2","Sales",62,91866,26]
["2020 Quarter 2","Sales",71,1167430,61]
["2020 Quarter 2","Sales",72,5752679,100]
["2020 Quarter 2","Sales",81,2697624,232]
["2020 Quarter 2","Sales",92,41476,6]
["2020 Quarter 3","Sales",11,222492,37]
["2020 Quarter 3","Sales",21,48980,3]
["2020 Quarter 3","Sales",22,243534,6]
["2020 Quarter 3","Sales",23,63758599,1447]
["2020 Quarter 3","Sales",31,962950,224]
["2020 Quarter 3","Sales",32,2048102,193]
["2020 Quarter 3","Sales",33,2122799,267]
["2020 Quarter 3","Sales",42,11723865,1243]
["2020 Quarter 3","Sales",44,45231917,2293]
["2020 Quarter 3","Sales",45,33289754,2332]
["2020 Quarter 3","Sales",48,330693,22]
["2020 Quarter 3","Sales",49,77600,8]
["2020 Quarter 3","Sales",51,7360064,462]
["2020 Quarter 3","Sales",52,1099582,64]
["2020 Quarter 3","Sales",53,2161832,145]
["2020 Quarter 3","Sales",54,3643158,419]
["2020 Quarter 3","Sales",55,"D","D"]
["2020 Quarter 3","Sales",56,21916157,497]
["2020 Quarter 3","Sales",61,136664,73]
["2020 Quarter 3","Sales",62,128754,31]
["2020 Quarter 3","Sales",71,3561477,70]
["2020 Quarter 3","Sales",72,9561412,120]
["2020 Quarter 3","Sales",81,3552482,245]
["2020 Quarter 3","Sales",92,52600,7]
["2020 Quarter 4","Sales",11,176910,50]
["2020 Quarter 4","Sales",21,29675,3]
["2020 Quarter 4","Sales",22,243103,5]
["2020 Quarter 4","Sales",23,65207103,1409]
["2020 Quarter 4","Sales",31,873269,295]
["2020 Quarter 4","Sales",32,2040663,217]
["2020 Quarter 4","Sales",33,2092872,288]
["2020 Quarter 4","Sales",42,13488804,1381]
["2020 Quarter 4","Sales",44,43539216,2509]
["2020 Quarter 4","Sales",45,39008583,2700]
["2020 Quarter 4","Sales",48,269799,20]
["2020 Quarter 4","Sales",49,138871,12]
["2020 Quarter 4","Sales",51,7591170,514]
["2020 Quarter 4","Sales",52,1088472,63]
["2020 Quarter 4","Sales",53,2444023,151]
["2020 Quarter 4","Sales",54,4062760,507]
["2020 Quarter 4","Sales",55,"D","D"]
["2020 Quarter 4","Sales",56,23605944,526]
["2020 Quarter 4","Sales",61,171958,97]
["2020 Quarter 4","Sales",62,137438,37]
["2020 Quarter 4","Sales",71,1649904,104]
["2020 Quarter 4","Sales",72,7036896,126]
["2020 Quarter 4","Sales",81,4050642,302]
["2020 Quarter 4","Sales",92,52938,7]
["2021 Quarter 1","Sales",11,217880,36]
["2021 Quarter 1","Sales",21,96500,3]
["2021 Quarter 1","Sales",22,408595,6]
["2021 Quarter 1","Sales",23,63521334,1346]
["2021 Quarter 1","Sales",31,660594,235]
["2021 Quarter 1","Sales",32,1676100,178]
["2021 Quarter 1","Sales",33,2001480,282]
["2021 Quarter 1","Sales",42,15551992,1316]
["2021 Quarter 1","Sales",44,38726862,2475]
["2021 Quarter 1","Sales",45,33705929,2535]
["2021 Quarter 1","Sales",48,263650,21]
["2021 Quarter 1","Sales",49,195101,9]
["2021 Quarter 1","Sales",51,7332363,513]
["2021 Quarter 1","Sales",52,948297,61]
["2021 Quarter 1","Sales",53,2145044,147]
["2021 Quarter 1","Sales",54,3168404,430]
["2021 Quarter 1","Sales",55,"D","D"]
["2021 Quarter 1","Sales",56,22689212,465]
["2021 Quarter 1","Sales",61,106185,92]
["2021 Quarter 1","Sales",62,118869,29]
["2021 Quarter 1","Sales",71,1290125,71]
["2021 Quarter 1","Sales",72,6654423,103]
["2021 Quarter 1","Sales",81,3803950,257]
["2021 Quarter 1","Sales",92,115856,7]
["2021 Quarter 2","Sales",11,368726,47]
["2021 Quarter 2","Sales",21,"D","D"]
["2021 Quarter 2","Sales",22,378600,7]
["2021 Quarter 2","Sales",23,75329088,1504]
["2021 Quarter 2","Sales",31,1151706,261]
["2021 Quarter 2","Sales",32,2085558,190]
["2021 Quarter 2","Sales",33,2769136,294]
["2021 Quarter 2","Sales",42,13740421,1355]
["2021 Quarter 2","Sales",44,50881004,2596]
["2021 Quarter 2","Sales",45,37952908,2699]
["2021 Quarter 2","Sales",48,328001,21]
["2021 Quarter 2","Sales",49,174491,9]
["2021 Quarter 2","Sales",51,7262155,536]
["2021 Quarter 2","Sales",52,1191637,63]
["2021 Quarter 2","Sales",53,2868252,151]
["2021 Quarter 2","Sales",54,4361850,465]
["2021 Quarter 2","Sales",55,5120,3]
["2021 Quarter 2","Sales",56,25622430,519]
["2021 Quarter 2","Sales",61,124478,80]
["2021 Quarter 2","Sales",62,145953,27]
["2021 Quarter 2","Sales",71,2992334,83]
["2021 Quarter 2","Sales",72,10645175,121]
["2021 Quarter 2","Sales",81,4324555,241]
["2021 Quarter 2","Sales",92,97025,6]
["2021 Quarter 3","Sales",11,333696,35]
["2021 Quarter 3","Sales",21,"D","D"]
["2021 Quarter 3","Sales",22,454151,5]
["2021 Quarter 3","Sales",23,82472691,1504]
["2021 Quarter 3","Sales",31,1365773,214]
["2021 Quarter 3","Sales",32,2481645,199]
["2021 Quarter 3","Sales",33,3288862,294]
["2021 Quarter 3","Sales",42,12777492,1360]
["2021 Quarter 3","Sales",44,47799370,2589]
["2021 Quarter 3","Sales",45,38367928,2819]
["2021 Quarter 3","Sales",48,321485,20]
["2021 Quarter 3","Sales",49,262423,8]
["2021 Quarter 3","Sales",51,7410614,543]
["2021 Quarter 3","Sales",52,1322474,69]
["2021 Quarter 3","Sales",53,3496475,162]
["2021 Quarter 3","Sales",54,3578807,483]
["2021 Quarter 3","Sales",55,"D","D"]
["2021 Quarter 3","Sales",56,24826318,522]
["2021 Quarter 3","Sales",61,269479,89]
["2021 Quarter 3","Sales",62,199691,33]
["2021 Quarter 3","Sales",71,4014442,88]
["2021 Quarter 3","Sales",72,12337602,132]
["2021 Quarter 3","Sales",81,4474663,260]
["2021 Quarter 3","Sales",92,91680,6]
["2021 Quarter 4","Sales",11,428858,57]
["2021 Quarter 4","Sales",21,15885,4]
["2021 Quarter 4","Sales",22,284267,4]
["2021 Quarter 4","Sales",23,79503193,1472]
["2021 Quarter 4","Sales",31,1106720,323]
["2021 Quarter 4","Sales",32,2332692,239]
["2021 Quarter 4","Sales",33,2080843,342]
["2021 Quarter 4","Sales",42,16209449,1458]
["2021 Quarter 4","Sales",44,43630078,2832]
["2021 Quarter 4","Sales",45,41691578,3103]
["2021 Quarter 4","Sales",48,436165,28]
["2021 Quarter 4","Sales",49,310013,10]
["2021 Quarter 4","Sales",51,8257274,594]
["2021 Quarter 4","Sales",52,1226930,69]
["2021 Quarter 4","Sales",53,2030270,168]
["2021 Quarter 4","Sales",54,4472164,586]
["2021 Quarter 4","Sales",55,"D","D"]
["2021 Quarter 4","Sales",56,26063819,562]
["2021 Quarter 4","Sales",61,194993,105]
["2021 Quarter 4","Sales",62,358287,43]
["2021 Quarter 4","Sales",71,1817803,130]
["2021 Quarter 4","Sales",72,8235061,139]
["2021 Quarter 4","Sales",81,3807031,305]
["2021 Quarter 4","Sales",92,83540,7]
["2022 Quarter 1","Sales",11,169939,35]
["2022 Quarter 1","Sales",21,"D","D"]
["2022 Quarter 1","Sales",22,293567,4]
["2022 Quarter 1","Sales",23,76597374,1421]
["2022 Quarter 1","Sales",31,973273,248]
["2022 Quarter 1","Sales",32,2028869,214]
["2022 Quarter 1","Sales",33,3296518,279]
["2022 Quarter 1","Sales",42,16933937,1357]
["2022 Quarter 1","Sales",44,42072218,2732]
["2022 Quarter 1","Sales",45,34721046,2895]
["2022 Quarter 1","Sales",48,441839,18]
["2022 Quarter 1","Sales",49,190546,6]
["2022 Quarter 1","Sales",51,8067259,570]
["2022 Quarter 1","Sales",52,1259270,62]
["2022 Quarter 1","Sales",53,2215363,148]
["2022 Quarter 1","Sales",54,3556603,502]
["2022 Quarter 1","Sales",55,"D","D"]
["2022 Quarter 1","Sales",56,25820159,512]
["2022 Quarter 1","Sales",61,131142,86]
["2022 Quarter 1","Sales",62,166225,28]
["2022 Quarter 1","Sales",71,1582425,72]
["2022 Quarter 1","Sales",72,7797268,106]
["2022 Quarter 1","Sales",81,4149957,259]
["2022 Quarter 1","Sales",92,83167,7]

{"sheet":"Coupeville","index":6,"n_rows":36,"n_cols":6,"rows_kept":36,"cut":false,"hidden":false,"merged":[]}
["NAICS","(All)",{"$f":"VLOOKUP(B1,NAICS!A1:B2604,2,FALSE)","v":{"$error":"#N/A"}}]
[]
["Row Labels","Sum of Total Taxable"]
["2014 Quarter 1",8777594]
["2014 Quarter 2",10657288]
["2014 Quarter 3",11924741]
["2014 Quarter 4",10237937]
["2015 Quarter 1",9519402]
["2015 Quarter 2",11073628]
["2015 Quarter 3",12691867]
["2015 Quarter 4",14284608]
["2016 Quarter 1",15076444]
["2016 Quarter 2",16452080]
["2016 Quarter 3",18081679]
["2016 Quarter 4",17726155]
["2017 Quarter 1",19355964]
["2017 Quarter 2",19011181]
["2017 Quarter 3",17093582]
["2017 Quarter 4",14179705]
["2018 Quarter 1",13911536]
["2018 Quarter 2",16990270]
["2018 Quarter 3",17830355]
["2018 Quarter 4",17887550]
["2019 Quarter 1",14677218]
["2019 Quarter 2",15736306]
["2019 Quarter 3",17164628]
["2019 Quarter 4",15728175,null,null,"Amounts","% Difference"]
["2020 Quarter 1",13036976,null,"Median",{"$f":"MEDIAN(B4:B34)","v":15736306},{"$f":"(B$36-E28)/E28","v":0.11472362065150488}]
["2020 Quarter 2",12809076,null,"Average",{"$f":"AVERAGE(B4:B34)","v":15235459.935483871},{"$f":"(B$34-E29)/E29","v":0.3912064414041489}]
["2020 Quarter 3",16928656,null,"Minimum",{"$f":"MIN(B4:B34)","v":8777594},{"$f":"(B$34-E30)/E30","v":1.4147471391363056}]
["2020 Quarter 4",16904005,null,"Maximum",{"$f":"MAX(B4:B34)","v":21195670},{"$f":"(B$34-E31)/E31","v":0}]
["2021 Quarter 1",16064193,null,"Yr Over Yr",{"$f":"B34-B30","v":4267014},{"$f":"E32/B30","v":0.25205863950451823}]
["2021 Quarter 2",19290789]
["2021 Quarter 3",21195670]
["2021 Quarter 4",18631063]
["2022 Quarter 1",17541632]

{"sheet":"Coupeville Data","index":7,"n_rows":744,"n_cols":5,"rows_kept":744,"cut":false,"hidden":true,"merged":[]}
["Year","Tax Type","NAICS","Total Taxable","Units"]
["2014 Quarter 1","Sales",11,13138,3]
["2014 Quarter 1","Sales",23,1308194,150]
["2014 Quarter 1","Sales",31,74032,18]
["2014 Quarter 1","Sales",32,50203,29]
["2014 Quarter 1","Sales",33,150082,28]
["2014 Quarter 1","Sales",42,1288290,315]
["2014 Quarter 1","Sales",44,1499059,262]
["2014 Quarter 1","Sales",45,1082747,354]
["2014 Quarter 1","Sales",49,"D","D"]
["2014 Quarter 1","Sales",51,644543,113]
["2014 Quarter 1","Sales",52,63680,25]
["2014 Quarter 1","Sales",53,87265,50]
["2014 Quarter 1","Sales",54,387872,83]
["2014 Quarter 1","Sales",56,310898,92]
["2014 Quarter 1","Sales",61,9360,16]
["2014 Quarter 1","Sales",62,116315,9]
["2014 Quarter 1","Sales",71,77206,7]
["2014 Quarter 1","Sales",72,1415167,28]
["2014 Quarter 1","Sales",81,197219,44]
["2014 Quarter 1","Sales",92,2324,3]
["2014 Quarter 2","Sales",11,47960,4]
["2014 Quarter 2","Sales",22,"D","D"]
["2014 Quarter 2","Sales",23,1633220,178]
["2014 Quarter 2","Sales",31,118034,20]
["2014 Quarter 2","Sales",32,65831,31]
["2014 Quarter 2","Sales",33,338766,26]
["2014 Quarter 2","Sales",42,1237663,327]
["2014 Quarter 2","Sales",44,1662347,283]
["2014 Quarter 2","Sales",45,1290782,358]
["2014 Quarter 2","Sales",49,"D","D"]
["2014 Quarter 2","Sales",51,684746,123]
["2014 Quarter 2","Sales",52,60493,24]
["2014 Quarter 2","Sales",53,100365,48]
["2014 Quarter 2","Sales",54,397762,80]
["2014 Quarter 2","Sales",56,414898,87]
["2014 Quarter 2","Sales",61,88957,19]
["2014 Quarter 2","Sales",62,117296,11]
["2014 Quarter 2","Sales",71,84510,9]
["2014 Quarter 2","Sales",72,2034103,29]
["2014 Quarter 2","Sales",81,279555,53]
["2014 Quarter 2","Sales",92,"D","D"]
["2014 Quarter 3","Sales",11,52960,4]
["2014 Quarter 3","Sales",22,"D","D"]
["2014 Quarter 3","Sales",23,1218272,165]
["2014 Quarter 3","Sales",31,185174,19]
["2014 Quarter 3","Sales",32,123153,32]
["2014 Quarter 3","Sales",33,132812,40]
["2014 Quarter 3","Sales",42,1215657,334]
["2014 Quarter 3","Sales",44,1987283,285]
["2014 Quarter 3","Sales",45,1514636,386]
["2014 Quarter 3","Sales",51,876629,121]
["2014 Quarter 3","Sales",52,44648,25]
["2014 Quarter 3","Sales",53,137286,46]
["2014 Quarter 3","Sales",54,534328,80]
["2014 Quarter 3","Sales",56,450560,80]
["2014 Quarter 3","Sales",61,16074,19]
["2014 Quarter 3","Sales",62,121602,11]
["2014 Quarter 3","Sales",71,118867,14]
["2014 Quarter 3","Sales",72,2969594,29]
["2014 Quarter 3","Sales",81,225206,51]
["2014 Quarter 3","Sales",92,"D","D"]
["2014 Quarter 4","Sales",11,72255,7]
["2014 Quarter 4","Sales",21,"D","D"]
["2014 Quarter 4","Sales",22,"D","D"]
["2014 Quarter 4","Sales",23,1266257,150]
["2014 Quarter 4","Sales",31,110310,30]
["2014 Quarter 4","Sales",32,113415,40]
["2014 Quarter 4","Sales",33,121473,35]
["2014 Quarter 4","Sales",42,1277882,350]
["2014 Quarter 4","Sales",44,1748419,308]
["2014 Quarter 4","Sales",45,1519120,487]
["2014 Quarter 4","Sales",48,8223,3]
["2014 Quarter 4","Sales",49,"D","D"]
["2014 Quarter 4","Sales",51,675418,136]
["2014 Quarter 4","Sales",52,51060,24]
["2014 Quarter 4","Sales",53,99146,45]
["2014 Quarter 4","Sales",54,519505,108]
["2014 Quarter 4","Sales",56,553526,111]
["2014 Quarter 4","Sales",61,25391,18]
["2014 Quarter 4","Sales",62,121750,12]
["2014 Quarter 4","Sales",71,103830,23]
["2014 Quarter 4","Sales",72,1560917,35]
["2014 Quarter 4","Sales",81,288555,64]
["2014 Quarter 4","Sales",92,1485,3]
["2015 Quarter 1","Sales",11,34084,6]
["2015 Quarter 1","Sales",21,"D","D"]
["2015 Quarter 1","Sales",22,"D","D"]
["2015 Quarter 1","Sales",23,1141616,144]
["2015 Quarter 1","Sales",31,77714,19]
["2015 Quarter 1","Sales",32,64444,29]
["2015 Quarter 1","Sales",33,111690,26]
["2015 Quarter 1","Sales",42,1680930,324]
["2015 Quarter 1","Sales",44,1572245,289]
["2015 Quarter 1","Sales",45,1107140,381]
["2015 Quarter 1","Sales",51,670678,126]
["2015 Quarter 1","Sales",52,67522,29]
["2015 Quarter 1","Sales",53,143528,47]
["2015 Quarter 1","Sales",54,569446,90]
["2015 Quarter 1","Sales",56,276041,85]
["2015 Quarter 1","Sales",61,13649,23]
["2015 Quarter 1","Sales",62,125846,14]
["2015 Quarter 1","Sales",71,49517,8]
["2015 Quarter 1","Sales",72,1589173,30]
["2015 Quarter 1","Sales",81,222744,49]
["2015 Quarter 1","Sales",92,1395,3]
["2015 Quarter 2","Sales",11,99491,6]
["2015 Quarter 2","Sales",22,"D","D"]
["2015 Quarter 2","Sales",23,1164227,152]
["2015 Quarter 2","Sales",31,149518,20]
["2015 Quarter 2","Sales",32,136312,36]
["2015 Quarter 2","Sales",33,58518,28]
["2015 Quarter 2","Sales",42,1429101,347]
["2015 Quarter 2","Sales",44,1997564,295]
["2015 Quarter 2","Sales",45,1334639,414]
["2015 Quarter 2","Sales",48,"D","D"]
["2015 Quarter 2","Sales",51,746854,124]
["2015 Quarter 2","Sales",52,76160,27]
["2015 Quarter 2","Sales",53,109974,50]
["2015 Quarter 2","Sales",54,501345,80]
["2015 Quarter 2","Sales",55,"D","D"]
["2015 Quarter 2","Sales",56,558298,96]
["2015 Quarter 2","Sales",61,53347,24]
["2015 Quarter 2","Sales",62,113471,16]
["2015 Quarter 2","Sales",71,62706,9]
["2015 Quarter 2","Sales",72,2191159,32]
["2015 Quarter 2","Sales",81,290944,49]
["2015 Quarter 2","Sales",92,"D","D"]
["2015 Quarter 3","Sales",11,84693,4]
["2015 Quarter 3","Sales",21,"D","D"]
["2015 Quarter 3","Sales",22,"D","D"]
["2015 Quarter 3","Sales",23,2109718,164]
["2015 Quarter 3","Sales",31,193348,15]
["2015 Quarter 3","Sales",32,144926,27]
["2015 Quarter 3","Sales",33,135601,34]
["2015 Quarter 3","Sales",42,1176302,341]
["2015 Quarter 3","Sales",44,1873055,297]
["2015 Quarter 3","Sales",45,1625609,425]
["2015 Quarter 3","Sales",51,719775,127]
["2015 Quarter 3","Sales",52,65916,28]
["2015 Quarter 3","Sales",53,119634,50]
["2015 Quarter 3","Sales",54,442256,89]
["2015 Quarter 3","Sales",55,"D","D"]
["2015 Quarter 3","Sales",56,455597,92]
["2015 Quarter 3","Sales",61,44070,24]
["2015 Quarter 3","Sales",62,109787,17]
["2015 Quarter 3","Sales",71,94910,10]
["2015 Quarter 3","Sales",72,3030728,33]
["2015 Quarter 3","Sales",81,265942,45]
["2015 Quarter 3","Sales",92,"D","D"]
["2015 Quarter 4","Sales",11,56619,9]
["2015 Quarter 4","Sales",21,"D","D"]
["2015 Quarter 4","Sales",22,"D","D"]
["2015 Quarter 4","Sales",23,4328100,166]
["2015 Quarter 4","Sales",31,110776,24]
["2015 Quarter 4","Sales",32,404277,53]
["2015 Quarter 4","Sales",33,92997,46]
["2015 Quarter 4","Sales",42,1281882,361]
["2015 Quarter 4","Sales",44,1902754,344]
["2015 Quarter 4","Sales",45,1582425,571]
["2015 Quarter 4","Sales",48,"D","D"]
["2015 Quarter 4","Sales",49,"D","D"]
["2015 Quarter 4","Sales",51,777545,129]
["2015 Quarter 4","Sales",52,78811,31]
["2015 Quarter 4","Sales",53,226650,54]
["2015 Quarter 4","Sales",54,617821,109]
["2015 Quarter 4","Sales",55,"D","D"]
["2015 Quarter 4","Sales",56,536523,111]
["2015 Quarter 4","Sales",61,38861,26]
["2015 Quarter 4","Sales",62,111264,12]
["2015 Quarter 4","Sales",71,83086,23]
["2015 Quarter 4","Sales",72,1695434,39]
["2015 Quarter 4","Sales",81,358783,64]
["2015 Quarter 4","Sales",92,"D","D"]
["2016 Quarter 1","Sales",11,25336,4]
["2016 Quarter 1","Sales",22,6584,3]
["2016 Quarter 1","Sales",23,6345691,143]
["2016 Quarter 1","Sales",31,154602,22]
["2016 Quarter 1","Sales",32,322765,32]
["2016 Quarter 1","Sales",33,106551,34]
["2016 Quarter 1","Sales",42,1299555,336]
["2016 Quarter 1","Sales",44,1659629,319]
["2016 Quarter 1","Sales",45,1139035,415]
["2016 Quarter 1","Sales",48,"D","D"]
["2016 Quarter 1","Sales",51,708403,114]
["2016 Quarter 1","Sales",52,82108,28]
["2016 Quarter 1","Sales",53,242624,58]
["2016 Quarter 1","Sales",54,472852,93]
["2016 Quarter 1","Sales",55,"D","D"]
["2016 Quarter 1","Sales",56,423443,89]
["2016 Quarter 1","Sales",61,34284,22]
["2016 Quarter 1","Sales",62,98844,13]
["2016 Quarter 1","Sales",71,41558,7]
["2016 Quarter 1","Sales",72,1688425,30]
["2016 Quarter 1","Sales",81,224155,46]
["2016 Quarter 1","Sales",92,"D","D"]
["2016 Quarter 2","Sales",11,56260,5]
["2016 Quarter 2","Sales",22,"D","D"]
["2016 Quarter 2","Sales",23,6120371,170]
["2016 Quarter 2","Sales",31,211921,18]
["2016 Quarter 2","Sales",32,431017,36]
["2016 Quarter 2","Sales",33,66900,36]
["2016 Quarter 2","Sales",42,1323022,352]
["2016 Quarter 2","Sales",44,1833351,330]
["2016 Quarter 2","Sales",45,1371302,415]
["2016 Quarter 2","Sales",48,"D","D"]
["2016 Quarter 2","Sales",49,"D","D"]
["2016 Quarter 2","Sales",51,793003,123]
["2016 Quarter 2","Sales",52,82350,30]
["2016 Quarter 2","Sales",53,221270,66]
["2016 Quarter 2","Sales",54,597501,91]
["2016 Quarter 2","Sales",56,632178,99]
["2016 Quarter 2","Sales",61,35134,20]
["2016 Quarter 2","Sales",62,105406,14]
["2016 Quarter 2","Sales",71,42292,7]
["2016 Quarter 2","Sales",72,2287958,28]
["2016 Quarter 2","Sales",81,238554,50]
["2016 Quarter 2","Sales",92,2290,3]
["2016 Quarter 3","Sales",11,142807,4]
["2016 Quarter 3","Sales",22,"D","D"]
["2016 Quarter 3","Sales",23,6405894,169]
["2016 Quarter 3","Sales",31,236689,19]
["2016 Quarter 3","Sales",32,484922,38]
["2016 Quarter 3","Sales",33,66976,29]
["2016 Quarter 3","Sales",42,1243541,343]
["2016 Quarter 3","Sales",44,1800327,362]
["2016 Quarter 3","Sales",45,1641872,480]
["2016 Quarter 3","Sales",48,"D","D"]
["2016 Quarter 3","Sales",49,"D","D"]
["2016 Quarter 3","Sales",51,699192,125]
["2016 Quarter 3","Sales",52,117388,32]
["2016 Quarter 3","Sales",53,261104,64]
["2016 Quarter 3","Sales",54,664767,100]
["2016 Quarter 3","Sales",55,"D","D"]
["2016 Quarter 3","Sales",56,702355,93]
["2016 Quarter 3","Sales",61,26752,25]
["2016 Quarter 3","Sales",62,111144,15]
["2016 Quarter 3","Sales",71,81018,10]
["2016 Quarter 3","Sales",72,3174128,37]
["2016 Quarter 3","Sales",81,219563,46]
["2016 Quarter 3","Sales",92,1240,3]
["2016 Quarter 4","Sales",0,"D","D"]
["2016 Quarter 4","Sales",11,85555,6]
["2016 Quarter 4","Sales",21,"D","D"]
["2016 Quarter 4","Sales",22,"D","D"]
["2016 Quarter 4","Sales",23,7132050,167]
["2016 Quarter 4","Sales",31,156155,32]
["2016 Quarter 4","Sales",32,376337,43]
["2016 Quarter 4","Sales",33,76410,44]
["2016 Quarter 4","Sales",42,1441259,384]
["2016 Quarter 4","Sales",44,1858579,442]
["2016 Quarter 4","Sales",45,1732990,630]
["2016 Quarter 4","Sales",48,"D","D"]
["2016 Quarter 4","Sales",49,"D","D"]
["2016 Quarter 4","Sales",51,779442,134]
["2016 Quarter 4","Sales",52,122387,29]
["2016 Quarter 4","Sales",53,207798,63]
["2016 Quarter 4","Sales",54,739758,135]
["2016 Quarter 4","Sales",56,621735,116]
["2016 Quarter 4","Sales",61,48034,28]
["2016 Quarter 4","Sales",62,117015,15]
["2016 Quarter 4","Sales",71,73273,30]
["2016 Quarter 4","Sales",72,1836376,40]
["2016 Quarter 4","Sales",81,320550,55]
["2016 Quarter 4","Sales",92,452,3]
["2017 Quarter 1","Sales",11,31902,5]
["2017 Quarter 1","Sales",22,29598,4]
["2017 Quarter 1","Sales",23,9576040,152]
["2017 Quarter 1","Sales",31,181156,21]
["2017 Quarter 1","Sales",32,343534,33]
["2017 Quarter 1","Sales",33,74248,31]
["2017 Quarter 1","Sales",42,1696768,350]
["2017 Quarter 1","Sales",44,1798459,390]
["2017 Quarter 1","Sales",45,1262502,452]
["2017 Quarter 1","Sales",48,"D","D"]
["2017 Quarter 1","Sales",49,2040,3]
["2017 Quarter 1","Sales",51,698749,120]
["2017 Quarter 1","Sales",52,96125,30]
["2017 Quarter 1","Sales",53,259450,62]
["2017 Quarter 1","Sales",54,642371,100]
["2017 Quarter 1","Sales",55,"D","D"]
["2017 Quarter 1","Sales",56,564983,88]
["2017 Quarter 1","Sales",61,11562,23]
["2017 Quarter 1","Sales",62,117968,17]
["2017 Quarter 1","Sales",71,29718,5]
["2017 Quarter 1","Sales",72,1696741,30]
["2017 Quarter 1","Sales",81,232601,42]
["2017 Quarter 1","Sales",92,9449,4]
["2017 Quarter 2","Sales",11,54333,4]
["2017 Quarter 2","Sales",22,"D","D"]
["2017 Quarter 2","Sales",23,7028785,144]
["2017 Quarter 2","Sales",31,210558,18]
["2017 Quarter 2","Sales",32,387738,27]
["2017 Quarter 2","Sales",33,54729,32]
["2017 Quarter 2","Sales",42,2794412,365]
["2017 Quarter 2","Sales",44,1951675,370]
["2017 Quarter 2","Sales",45,1513004,432]
["2017 Quarter 2","Sales",48,358,3]
["2017 Quarter 2","Sales",51,693758,119]
["2017 Quarter 2","Sales",52,84677,30]
["2017 Quarter 2","Sales",53,210132,59]
["2017 Quarter 2","Sales",54,527827,97]
["2017 Quarter 2","Sales",56,631639,102]
["2017 Quarter 2","Sales",61,31345,21]
["2017 Quarter 2","Sales",62,107405,14]
["2017 Quarter 2","Sales",71,35387,6]
["2017 Quarter 2","Sales",72,2429961,29]
["2017 Quarter 2","Sales",81,262233,46]
["2017 Quarter 2","Sales",92,1225,3]
["2017 Quarter 3","Sales",11,111018,6]
["2017 Quarter 3","Sales",22,5032,3]
["2017 Quarter 3","Sales",23,4375058,162]
["2017 Quarter 3","Sales",31,282897,24]
["2017 Quarter 3","Sales",32,584196,35]
["2017 Quarter 3","Sales",33,108267,39]
["2017 Quarter 3","Sales",42,1229180,355]
["2017 Quarter 3","Sales",44,2331246,397]
["2017 Quarter 3","Sales",45,1649610,527]
["2017 Quarter 3","Sales",48,"D","D"]
["2017 Quarter 3","Sales",49,"D","D"]
["2017 Quarter 3","Sales",51,662212,125]
["2017 Quarter 3","Sales",52,80791,29]
["2017 Quarter 3","Sales",53,338961,59]
["2017 Quarter 3","Sales",54,644108,102]
["2017 Quarter 3","Sales",55,"D","D"]
["2017 Quarter 3","Sales",56,825461,104]
["2017 Quarter 3","Sales",61,44180,22]
["2017 Quarter 3","Sales",62,134016,15]
["2017 Quarter 3","Sales",71,80792,13]
["2017 Quarter 3","Sales",72,3313571,33]
["2017 Quarter 3","Sales",81,290766,54]
["2017 Quarter 3","Sales",92,2220,3]
["2017 Quarter 4","Sales",11,62756,9]
["2017 Quarter 4","Sales",21,"D","D"]
["2017 Quarter 4","Sales",22,"D","D"]
["2017 Quarter 4","Sales",23,2665758,158]
["2017 Quarter 4","Sales",31,169559,31]
["2017 Quarter 4","Sales",32,435779,47]
["2017 Quarter 4","Sales",33,334961,47]
["2017 Quarter 4","Sales",42,1952156,393]
["2017 Quarter 4","Sales",44,2062757,475]
["2017 Quarter 4","Sales",45,1927299,635]
["2017 Quarter 4","Sales",48,"D","D"]
["2017 Quarter 4","Sales",49,"D","D"]
["2017 Quarter 4","Sales",51,748773,136]
["2017 Quarter 4","Sales",52,89301,31]
["2017 Quarter 4","Sales",53,190222,59]
["2017 Quarter 4","Sales",54,487063,127]
["2017 Quarter 4","Sales",56,691888,110]
["2017 Quarter 4","Sales",61,33235,23]
["2017 Quarter 4","Sales",62,122793,14]
["2017 Quarter 4","Sales",71,61549,28]
["2017 Quarter 4","Sales",72,1813317,39]
["2017 Quarter 4","Sales",81,328922,58]
["2017 Quarter 4","Sales",92,1617,3]
["2018 Quarter 1","Sales",11,30500,6]
["2018 Quarter 1","Sales",21,"D","D"]
["2018 Quarter 1","Sales",22,953,3]
["2018 Quarter 1","Sales",23,3396509,153]
["2018 Quarter 1","Sales",31,184687,12]
["2018 Quarter 1","Sales",32,459041,39]
["2018 Quarter 1","Sales",33,208266,31]
["2018 Quarter 1","Sales",42,1418009,341]
["2018 Quarter 1","Sales",44,1869791,315]
["2018 Quarter 1","Sales",45,1428471,421]
["2018 Quarter 1","Sales",48,"D","D"]
["2018 Quarter 1","Sales",49,"D","D"]
["2018 Quarter 1","Sales",51,659278,126]
["2018 Quarter 1","Sales",52,113269,27]
["2018 Quarter 1","Sales",53,200485,56]
["2018 Quarter 1","Sales",54,696673,101]
["2018 Quarter 1","Sales",56,1040255,96]
["2018 Quarter 1","Sales",61,15372,19]
["2018 Quarter 1","Sales",62,126602,14]
["2018 Quarter 1","Sales",71,35562,7]
["2018 Quarter 1","Sales",72,1728799,29]
["2018 Quarter 1","Sales",81,292970,50]
["2018 Quarter 1","Sales",92,6044,4]
["2018 Quarter 2","Sales",11,51227,5]
["2018 Quarter 2","Sales",21,"D","D"]
["2018 Quarter 2","Sales",22,5842,4]
["2018 Quarter 2","Sales",23,4863868,160]
["2018 Quarter 2","Sales",31,213123,22]
["2018 Quarter 2","Sales",32,610988,34]
["2018 Quarter 2","Sales",33,63329,32]
["2018 Quarter 2","Sales",42,1425011,338]
["2018 Quarter 2","Sales",44,2344272,354]
["2018 Quarter 2","Sales",45,1811930,416]
["2018 Quarter 2","Sales",48,"D","D"]
["2018 Quarter 2","Sales",49,"D","D"]
["2018 Quarter 2","Sales",51,666368,127]
["2018 Quarter 2","Sales",52,97568,28]
["2018 Quarter 2","Sales",53,600124,57]
["2018 Quarter 2","Sales",54,533236,97]
["2018 Quarter 2","Sales",56,749536,104]
["2018 Quarter 2","Sales",61,39480,22]
["2018 Quarter 2","Sales",62,129148,15]
["2018 Quarter 2","Sales",71,34167,6]
["2018 Quarter 2","Sales",72,2481609,29]
["2018 Quarter 2","Sales",81,265954,49]
["2018 Quarter 2","Sales",92,3490,3]
["2018 Quarter 3","Sales",11,64892,5]
["2018 Quarter 3","Sales",21,"D","D"]
["2018 Quarter 3","Sales",22,7576,3]
["2018 Quarter 3","Sales",23,4153113,167]
["2018 Quarter 3","Sales",31,114777,23]
["2018 Quarter 3","Sales",32,628637,47]
["2018 Quarter 3","Sales",33,662208,46]
["2018 Quarter 3","Sales",42,1343273,316]
["2018 Quarter 3","Sales",44,2737087,402]
["2018 Quarter 3","Sales",45,1916900,469]
["2018 Quarter 3","Sales",48,1867,4]
["2018 Quarter 3","Sales",49,"D","D"]
["2018 Quarter 3","Sales",51,639438,138]
["2018 Quarter 3","Sales",52,135433,29]
["2018 Quarter 3","Sales",53,221771,55]
["2018 Quarter 3","Sales",54,645719,103]
["2018 Quarter 3","Sales",56,700236,103]
["2018 Quarter 3","Sales",61,55967,20]
["2018 Quarter 3","Sales",62,129098,14]
["2018 Quarter 3","Sales",71,76947,15]
["2018 Quarter 3","Sales",72,3306666,29]
["2018 Quarter 3","Sales",81,287611,54]
["2018 Quarter 3","Sales",92,1139,3]
["2018 Quarter 4","Sales",11,48881,8]
["2018 Quarter 4","Sales",21,"D","D"]
["2018 Quarter 4","Sales",22,"D","D"]
["2018 Quarter 4","Sales",23,5449476,164]
["2018 Quarter 4","Sales",31,165721,37]
["2018 Quarter 4","Sales",32,83414,55]
["2018 Quarter 4","Sales",33,445701,44]
["2018 Quarter 4","Sales",42,1872259,354]
["2018 Quarter 4","Sales",44,2608536,488]
["2018 Quarter 4","Sales",45,2113913,551]
["2018 Quarter 4","Sales",48,"D","D"]
["2018 Quarter 4","Sales",49,"D","D"]
["2018 Quarter 4","Sales",51,699284,162]
["2018 Quarter 4","Sales",52,111303,29]
["2018 Quarter 4","Sales",53,311655,47]
["2018 Quarter 4","Sales",54,734248,129]
["2018 Quarter 4","Sales",55,"D","D"]
["2018 Quarter 4","Sales",56,785729,106]
["2018 Quarter 4","Sales",61,37671,23]
["2018 Quarter 4","Sales",62,128855,13]
["2018 Quarter 4","Sales",71,48756,30]
["2018 Quarter 4","Sales",72,1869975,35]
["2018 Quarter 4","Sales",81,368035,69]
["2018 Quarter 4","Sales",92,4138,4]
["2019 Quarter 1","Sales",11,29372,3]
["2019 Quarter 1","Sales",21,"D","D"]
["2019 Quarter 1","Sales",22,"D","D"]
["2019 Quarter 1","Sales",23,2996355,159]
["2019 Quarter 1","Sales",31,165465,22]
["2019 Quarter 1","Sales",32,58044,46]
["2019 Quarter 1","Sales",33,454663,29]
["2019 Quarter 1","Sales",42,1872081,349]
["2019 Quarter 1","Sales",44,2771578,492]
["2019 Quarter 1","Sales",45,1678234,517]
["2019 Quarter 1","Sales",49,"D","D"]
["2019 Quarter 1","Sales",51,730742,169]
["2019 Quarter 1","Sales",52,162949,30]
["2019 Quarter 1","Sales",53,163091,44]
["2019 Quarter 1","Sales",54,775406,118]
["2019 Quarter 1","Sales",56,596840,102]
["2019 Quarter 1","Sales",61,11064,23]
["2019 Quarter 1","Sales",62,126052,15]
["2019 Quarter 1","Sales",71,32484,10]
["2019 Quarter 1","Sales",72,1755235,28]
["2019 Quarter 1","Sales",81,293189,57]
["2019 Quarter 1","Sales",92,4374,3]
["2019 Quarter 2","Sales",11,35134,4]
["2019 Quarter 2","Sales",21,"D","D"]
["2019 Quarter 2","Sales",22,"D","D"]
["2019 Quarter 2","Sales",23,2419259,153]
["2019 Quarter 2","Sales",31,207403,21]
["2019 Quarter 2","Sales",32,59646,45]
["2019 Quarter 2","Sales",33,439395,37]
["2019 Quarter 2","Sales",42,1929680,347]
["2019 Quarter 2","Sales",44,2627833,503]
["2019 Quarter 2","Sales",45,2209207,565]
["2019 Quarter 2","Sales",48,"D","D"]
["2019 Quarter 2","Sales",49,"D","D"]
["2019 Quarter 2","Sales",51,690029,185]
["2019 Quarter 2","Sales",52,85507,29]
["2019 Quarter 2","Sales",53,534445,54]
["2019 Quarter 2","Sales",54,712796,135]
["2019 Quarter 2","Sales",56,796708,106]
["2019 Quarter 2","Sales",61,49766,22]
["2019 Quarter 2","Sales",62,175484,13]
["2019 Quarter 2","Sales",71,43783,11]
["2019 Quarter 2","Sales",72,2479886,27]
["2019 Quarter 2","Sales",81,235510,58]
["2019 Quarter 2","Sales",92,4835,3]
["2019 Quarter 3","Sales",11,69714,4]
["2019 Quarter 3","Sales",21,"D","D"]
["2019 Quarter 3","Sales",22,17113,4]
["2019 Quarter 3","Sales",23,2783843,181]
["2019 Quarter 3","Sales",31,245945,24]
["2019 Quarter 3","Sales",32,110106,62]
["2019 Quarter 3","Sales",33,535544,58]
["2019 Quarter 3","Sales",42,2106137,360]
["2019 Quarter 3","Sales",44,2539295,562]
["2019 Quarter 3","Sales",45,2218058,629]
["2019 Quarter 3","Sales",48,"D","D"]
["2019 Quarter 3","Sales",49,930,3]
["2019 Quarter 3","Sales",51,703404,188]
["2019 Quarter 3","Sales",52,74042,31]
["2019 Quarter 3","Sales",53,325730,54]
["2019 Quarter 3","Sales",54,905284,133]
["2019 Quarter 3","Sales",55,"D","D"]
["2019 Quarter 3","Sales",56,778892,101]
["2019 Quarter 3","Sales",61,47086,22]
["2019 Quarter 3","Sales",62,99077,12]
["2019 Quarter 3","Sales",71,76897,17]
["2019 Quarter 3","Sales",72,3351947,28]
["2019 Quarter 3","Sales",81,171102,46]
["2019 Quarter 3","Sales",92,4482,3]
["2019 Quarter 4","Sales",11,36245,8]
["2019 Quarter 4","Sales",21,"D","D"]
["2019 Quarter 4","Sales",22,2704,3]
["2019 Quarter 4","Sales",23,2736958,171]
["2019 Quarter 4","Sales",31,142968,42]
["2019 Quarter 4","Sales",32,147628,60]
["2019 Quarter 4","Sales",33,496770,48]
["2019 Quarter 4","Sales",42,2027637,391]
["2019 Quarter 4","Sales",44,2392246,630]
["2019 Quarter 4","Sales",45,2536095,695]
["2019 Quarter 4","Sales",49,1720,3]
["2019 Quarter 4","Sales",51,745979,219]
["2019 Quarter 4","Sales",52,108881,33]
["2019 Quarter 4","Sales",53,490898,55]
["2019 Quarter 4","Sales",54,698415,151]
["2019 Quarter 4","Sales",56,618261,114]
["2019 Quarter 4","Sales",61,34675,23]
["2019 Quarter 4","Sales",62,126789,12]
["2019 Quarter 4","Sales",71,65028,29]
["2019 Quarter 4","Sales",72,2048793,32]
["2019 Quarter 4","Sales",81,266037,54]
["2019 Quarter 4","Sales",92,3448,4]
["2020 Quarter 1","Sales",11,25555,4]
["2020 Quarter 1","Sales",22,40003,3]
["2020 Quarter 1","Sales",23,2195155,142]
["2020 Quarter 1","Sales",31,90926,31]
["2020 Quarter 1","Sales",32,110063,56]
["2020 Quarter 1","Sales",33,460819,49]
["2020 Quarter 1","Sales",42,1665648,352]
["2020 Quarter 1","Sales",44,2060918,598]
["2020 Quarter 1","Sales",45,1967690,633]
["2020 Quarter 1","Sales",49,"D","D"]
["2020 Quarter 1","Sales",51,756453,220]
["2020 Quarter 1","Sales",52,88769,31]
["2020 Quarter 1","Sales",53,217958,47]
["2020 Quarter 1","Sales",54,835821,146]
["2020 Quarter 1","Sales",56,600837,108]
["2020 Quarter 1","Sales",61,14484,28]
["2020 Quarter 1","Sales",62,131097,16]
["2020 Quarter 1","Sales",71,30555,12]
["2020 Quarter 1","Sales",72,1587458,26]
["2020 Quarter 1","Sales",81,153470,55]
["2020 Quarter 1","Sales",92,3297,3]
["2020 Quarter 2","Sales",11,13449,8]
["2020 Quarter 2","Sales",21,"D","D"]
["2020 Quarter 2","Sales",22,7894,4]
["2020 Quarter 2","Sales",23,2013491,151]
["2020 Quarter 2","Sales",31,93599,40]
["2020 Quarter 2","Sales",32,115509,52]
["2020 Quarter 2","Sales",33,141057,39]
["2020 Quarter 2","Sales",42,1839384,413]
["2020 Quarter 2","Sales",44,2438045,697]
["2020 Quarter 2","Sales",45,2261020,726]
["2020 Quarter 2","Sales",48,"D","D"]
["2020 Quarter 2","Sales",49,1301,3]
["2020 Quarter 2","Sales",51,717264,213]
["2020 Quarter 2","Sales",52,70655,31]
["2020 Quarter 2","Sales",53,230874,44]
["2020 Quarter 2","Sales",54,757083,136]
["2020 Quarter 2","Sales",56,769008,102]
["2020 Quarter 2","Sales",61,19747,29]
["2020 Quarter 2","Sales",62,134796,17]
["2020 Quarter 2","Sales",71,16259,12]
["2020 Quarter 2","Sales",72,1031550,24]
["2020 Quarter 2","Sales",81,128921,46]
["2020 Quarter 2","Sales",92,8170,4]
["2020 Quarter 3","Sales",11,56570,7]
["2020 Quarter 3","Sales",21,"D","D"]
["2020 Quarter 3","Sales",22,3107,3]
["2020 Quarter 3","Sales",23,2880092,193]
["2020 Quarter 3","Sales",31,111972,37]
["2020 Quarter 3","Sales",32,97668,52]
["2020 Quarter 3","Sales",33,698210,50]
["2020 Quarter 3","Sales",42,2245709,410]
["2020 Quarter 3","Sales",44,2460397,724]
["2020 Quarter 3","Sales",45,2743305,745]
["2020 Quarter 3","Sales",48,"D","D"]
["2020 Quarter 3","Sales",49,"D","D"]
["2020 Quarter 3","Sales",51,772612,212]
["2020 Quarter 3","Sales",52,88910,33]
["2020 Quarter 3","Sales",53,184678,40]
["2020 Quarter 3","Sales",54,928678,147]
["2020 Quarter 3","Sales",56,935475,109]
["2020 Quarter 3","Sales",61,48010,32]
["2020 Quarter 3","Sales",62,110621,15]
["2020 Quarter 3","Sales",71,49932,12]
["2020 Quarter 3","Sales",72,2365811,22]
["2020 Quarter 3","Sales",81,143365,52]
["2020 Quarter 3","Sales",92,3534,3]
["2020 Quarter 4","Sales",11,40795,9]
["2020 Quarter 4","Sales",21,"D","D"]
["2020 Quarter 4","Sales",22,"D","D"]
["2020 Quarter 4","Sales",23,2430411,185]
["2020 Quarter 4","Sales",31,145412,55]
["2020 Quarter 4","Sales",32,204087,72]
["2020 Quarter 4","Sales",33,719205,61]
["2020 Quarter 4","Sales",42,2366928,427]
["2020 Quarter 4","Sales",44,2980861,807]
["2020 Quarter 4","Sales",45,3162516,847]
["2020 Quarter 4","Sales",49,8434,3]
["2020 Quarter 4","Sales",51,881895,252]
["2020 Quarter 4","Sales",52,73185,35]
["2020 Quarter 4","Sales",53,305163,46]
["2020 Quarter 4","Sales",54,817961,172]
["2020 Quarter 4","Sales",56,969373,116]
["2020 Quarter 4","Sales",61,17649,32]
["2020 Quarter 4","Sales",62,106647,17]
["2020 Quarter 4","Sales",71,22415,18]
["2020 Quarter 4","Sales",72,1409697,28]
["2020 Quarter 4","Sales",81,236038,68]
["2020 Quarter 4","Sales",92,5333,3]
["2021 Quarter 1","Sales",11,40439,9]
["2021 Quarter 1","Sales",21,"D","D"]
["2021 Quarter 1","Sales",22,"D","D"]
["2021 Quarter 1","Sales",23,3067894,193]
["2021 Quarter 1","Sales",31,127144,33]
["2021 Quarter 1","Sales",32,100213,65]
["2021 Quarter 1","Sales",33,543642,64]
["2021 Quarter 1","Sales",42,2231825,439]
["2021 Quarter 1","Sales",44,2629226,749]
["2021 Quarter 1","Sales",45,2475823,812]
["2021 Quarter 1","Sales",48,"D","D"]
["2021 Quarter 1","Sales",49,2351,3]
["2021 Quarter 1","Sales",51,917973,224]
["2021 Quarter 1","Sales",52,95609,29]
["2021 Quarter 1","Sales",53,575661,48]
["2021 Quarter 1","Sales",54,807691,155]
["2021 Quarter 1","Sales",56,903372,110]
["2021 Quarter 1","Sales",61,19333,25]
["2021 Quarter 1","Sales",62,110926,18]
["2021 Quarter 1","Sales",71,22011,11]
["2021 Quarter 1","Sales",72,1246438,22]
["2021 Quarter 1","Sales",81,138774,58]
["2021 Quarter 1","Sales",92,7848,3]
["2021 Quarter 2","Sales",11,50035,5]
["2021 Quarter 2","Sales",21,"D","D"]
["2021 Quarter 2","Sales",22,"D","D"]
["2021 Quarter 2","Sales",23,3544589,197]
["2021 Quarter 2","Sales",31,199823,42]
["2021 Quarter 2","Sales",32,90197,71]
["2021 Quarter 2","Sales",33,611839,58]
["2021 Quarter 2","Sales",42,2075761,458]
["2021 Quarter 2","Sales",44,3167084,775]
["2021 Quarter 2","Sales",45,3642640,823]
["2021 Quarter 2","Sales",48,"D","D"]
["2021 Quarter 2","Sales",49,1707,3]
["2021 Quarter 2","Sales",51,909000,239]
["2021 Quarter 2","Sales",52,102555,31]
["2021 Quarter 2","Sales",53,340085,50]
["2021 Quarter 2","Sales",54,748413,164]
["2021 Quarter 2","Sales",56,964011,126]
["2021 Quarter 2","Sales",61,46431,32]
["2021 Quarter 2","Sales",62,107504,18]
["2021 Quarter 2","Sales",71,36441,9]
["2021 Quarter 2","Sales",72,2477796,24]
["2021 Quarter 2","Sales",81,166095,63]
["2021 Quarter 2","Sales",92,8783,4]
["2021 Quarter 3","Sales",11,76072,8]
["2021 Quarter 3","Sales",21,"D","D"]
["2021 Quarter 3","Sales",22,"D","D"]
["2021 Quarter 3","Sales",23,4057894,180]
["2021 Quarter 3","Sales",31,171323,39]
["2021 Quarter 3","Sales",32,76978,61]
["2021 Quarter 3","Sales",33,657407,52]
["2021 Quarter 3","Sales",42,2318215,451]
["2021 Quarter 3","Sales",44,3251275,820]
["2021 Quarter 3","Sales",45,3373041,880]
["2021 Quarter 3","Sales",48,1838,3]
["2021 Quarter 3","Sales",49,"D","D"]
["2021 Quarter 3","Sales",51,830322,248]
["2021 Quarter 3","Sales",52,142048,33]
["2021 Quarter 3","Sales",53,398762,43]
["2021 Quarter 3","Sales",54,1021195,186]
["2021 Quarter 3","Sales",56,1047823,127]
["2021 Quarter 3","Sales",61,53717,28]
["2021 Quarter 3","Sales",62,151827,17]
["2021 Quarter 3","Sales",71,78175,16]
["2021 Quarter 3","Sales",72,3379879,26]
["2021 Quarter 3","Sales",81,103442,54]
["2021 Quarter 3","Sales",92,4437,3]
["2021 Quarter 4","Sales",11,35878,8]
["2021 Quarter 4","Sales",21,"D","D"]
["2021 Quarter 4","Sales",22,1167,3]
["2021 Quarter 4","Sales",23,3884181,185]
["2021 Quarter 4","Sales",31,138221,55]
["2021 Quarter 4","Sales",32,122491,70]
["2021 Quarter 4","Sales",33,566631,63]
["2021 Quarter 4","Sales",42,1924916,442]
["2021 Quarter 4","Sales",44,3007901,881]
["2021 Quarter 4","Sales",45,3428175,946]
["2021 Quarter 4","Sales",48,"D","D"]
["2021 Quarter 4","Sales",49,"D","D"]
["2021 Quarter 4","Sales",51,976424,279]
["2021 Quarter 4","Sales",52,86217,36]
["2021 Quarter 4","Sales",53,221265,44]
["2021 Quarter 4","Sales",54,861821,210]
["2021 Quarter 4","Sales",55,"D","D"]
["2021 Quarter 4","Sales",56,987330,135]
["2021 Quarter 4","Sales",61,26592,25]
["2021 Quarter 4","Sales",62,91474,18]
["2021 Quarter 4","Sales",71,50479,26]
["2021 Quarter 4","Sales",72,2014762,25]
["2021 Quarter 4","Sales",81,203091,67]
["2021 Quarter 4","Sales",92,2047,3]
["2022 Quarter 1","Sales",11,36266,8]
["2022 Quarter 1","Sales",21,"D","D"]
["2022 Quarter 1","Sales",22,4420,4]
["2022 Quarter 1","Sales",23,3736726,182]
["2022 Quarter 1","Sales",31,135220,42]
["2022 Quarter 1","Sales",32,197929,71]
["2022 Quarter 1","Sales",33,528177,63]
["2022 Quarter 1","Sales",42,2097330,429]
["2022 Quarter 1","Sales",44,2727400,841]
["2022 Quarter 1","Sales",45,2809788,860]
["2022 Quarter 1","Sales",48,"D","D"]
["2022 Quarter 1","Sales",49,955,3]
["2022 Quarter 1","Sales",51,865704,274]
["2022 Quarter 1","Sales",52,152723,35]
["2022 Quarter 1","Sales",53,236025,42]
["2022 Quarter 1","Sales",54,847403,176]
["2022 Quarter 1","Sales",56,1001644,115]
["2022 Quarter 1","Sales",61,17144,24]
["2022 Quarter 1","Sales",62,81657,20]
["2022 Quarter 1","Sales",71,36123,11]
["2022 Quarter 1","Sales",72,1856485,21]
["2022 Quarter 1","Sales",81,162689,56]
["2022 Quarter 1","Sales",92,9824,3]

{"sheet":"Langley","index":8,"n_rows":36,"n_cols":6,"rows_kept":36,"cut":false,"hidden":false,"merged":[]}
["NAICS","(All)",{"$f":"VLOOKUP(B1,NAICS!A1:B2604,2,FALSE)","v":{"$error":"#N/A"}}]
[]
["Row Labels","Sum of Total Taxable"]
["2014 Quarter 1",7397435]
["2014 Quarter 2",9145967]
["2014 Quarter 3",11487725]
["2014 Quarter 4",9154497]
["2015 Quarter 1",7811245]
["2015 Quarter 2",8989338]
["2015 Quarter 3",12271285]
["2015 Quarter 4",10506084]
["2016 Quarter 1",8312506]
["2016 Quarter 2",10359931]
["2016 Quarter 3",13416735]
["2016 Quarter 4",11985075]
["2017 Quarter 1",9468342]
["2017 Quarter 2",11640437]
["2017 Quarter 3",14248505]
["2017 Quarter 4",12508426]
["2018 Quarter 1",10242984]
["2018 Quarter 2",12317065]
["2018 Quarter 3",14888961]
["2018 Quarter 4",12403616]
["2019 Quarter 1",10249339]
["2019 Quarter 2",13460624]
["2019 Quarter 3",16212690]
["2019 Quarter 4",14230334]
["2020 Quarter 1",10470110]
["2020 Quarter 2",9163680,null,null,"Amounts","% Difference"]
["2020 Quarter 3",14149771,null,"Median",{"$f":"MEDIAN(B4:B36)","v":11985075},{"$f":"(B$36-E30)/E30","v":0.13124415158019453}]
["2020 Quarter 4",13869134,null,"Average",{"$f":"AVERAGE(B4:B36)","v":11877221.909090908},{"$f":"(B$36-E31)/E31","v":0.14151660243230593}]
["2021 Quarter 1",11471550,null,"Minimum",{"$f":"MIN(B4:B36)","v":7397435},{"$f":"(B$36-E32)/E32","v":0.83280366775781067}]
["2021 Quarter 2",14364768,null,"Maximum",{"$f":"MAX(B4:B36)","v":17499629},{"$f":"(B$36-E33)/E33","v":-0.22523808933320816}]
["2021 Quarter 3",17499629,null,"Yr Over Yr",{"$f":"B36-B32","v":2086496},{"$f":"E36/B30","v":0}]
["2021 Quarter 4",14692489]
["2022 Quarter 1",13558046]

{"sheet":"Langley Data","index":9,"n_rows":713,"n_cols":5,"rows_kept":713,"cut":false,"hidden":true,"merged":[]}
["Year","Tax Type","NAICS","Total Taxable","Units"]
["2014 Quarter 1","Sales",11,"D","D"]
["2014 Quarter 1","Sales",22,"D","D"]
["2014 Quarter 1","Sales",23,1306304,119]
["2014 Quarter 1","Sales",31,70862,19]
["2014 Quarter 1","Sales",32,47105,22]
["2014 Quarter 1","Sales",33,41624,14]
["2014 Quarter 1","Sales",42,985637,238]
["2014 Quarter 1","Sales",44,582040,210]
["2014 Quarter 1","Sales",45,1581043,304]
["2014 Quarter 1","Sales",48,"D","D"]
["2014 Quarter 1","Sales",51,285165,97]
["2014 Quarter 1","Sales",52,53648,25]
["2014 Quarter 1","Sales",53,58633,38]
["2014 Quarter 1","Sales",54,107977,69]
["2014 Quarter 1","Sales",56,298641,71]
["2014 Quarter 1","Sales",61,5865,14]
["2014 Quarter 1","Sales",62,1173,7]
["2014 Quarter 1","Sales",71,30494,7]
["2014 Quarter 1","Sales",72,1667480,12]
["2014 Quarter 1","Sales",81,273744,43]
["2014 Quarter 2","Sales",11,"D","D"]
["2014 Quarter 2","Sales",22,"D","D"]
["2014 Quarter 2","Sales",23,1756797,134]
["2014 Quarter 2","Sales",31,103285,17]
["2014 Quarter 2","Sales",32,105225,28]
["2014 Quarter 2","Sales",33,40392,22]
["2014 Quarter 2","Sales",42,711946,230]
["2014 Quarter 2","Sales",44,665256,230]
["2014 Quarter 2","Sales",45,2018143,337]
["2014 Quarter 2","Sales",48,"D","D"]
["2014 Quarter 2","Sales",51,377120,97]
["2014 Quarter 2","Sales",52,60448,29]
["2014 Quarter 2","Sales",53,66766,44]
["2014 Quarter 2","Sales",54,151636,67]
["2014 Quarter 2","Sales",56,284378,65]
["2014 Quarter 2","Sales",61,14764,19]
["2014 Quarter 2","Sales",62,2422,5]
["2014 Quarter 2","Sales",71,38768,6]
["2014 Quarter 2","Sales",72,2373439,14]
["2014 Quarter 2","Sales",81,375182,42]
["2014 Quarter 2","Sales",92,"D","D"]
["2014 Quarter 3","Sales",11,"D","D"]
["2014 Quarter 3","Sales",22,"D","D"]
["2014 Quarter 3","Sales",23,1927903,132]
["2014 Quarter 3","Sales",31,142239,20]
["2014 Quarter 3","Sales",32,109173,27]
["2014 Quarter 3","Sales",33,49018,23]
["2014 Quarter 3","Sales",42,646650,259]
["2014 Quarter 3","Sales",44,763610,225]
["2014 Quarter 3","Sales",45,2508465,348]
["2014 Quarter 3","Sales",48,"D","D"]
["2014 Quarter 3","Sales",51,563065,109]
["2014 Quarter 3","Sales",52,85067,29]
["2014 Quarter 3","Sales",53,90075,45]
["2014 Quarter 3","Sales",54,155363,66]
["2014 Quarter 3","Sales",56,289857,78]
["2014 Quarter 3","Sales",61,11290,14]
["2014 Quarter 3","Sales",62,1787,9]
["2014 Quarter 3","Sales",71,61804,12]
["2014 Quarter 3","Sales",72,3657272,20]
["2014 Quarter 3","Sales",81,425087,40]
["2014 Quarter 3","Sales",92,"D","D"]
["2014 Quarter 4","Sales",11,1465,3]
["2014 Quarter 4","Sales",22,"D","D"]
["2014 Quarter 4","Sales",23,1011162,126]
["2014 Quarter 4","Sales",31,81938,25]
["2014 Quarter 4","Sales",32,89204,29]
["2014 Quarter 4","Sales",33,18049,22]
["2014 Quarter 4","Sales",42,764899,261]
["2014 Quarter 4","Sales",44,1100488,263]
["2014 Quarter 4","Sales",45,2367643,435]
["2014 Quarter 4","Sales",48,"D","D"]
["2014 Quarter 4","Sales",49,"D","D"]
["2014 Quarter 4","Sales",51,376827,111]
["2014 Quarter 4","Sales",52,87179,27]
["2014 Quarter 4","Sales",53,76443,36]
["2014 Quarter 4","Sales",54,334696,81]
["2014 Quarter 4","Sales",56,375170,83]
["2014 Quarter 4","Sales",61,79241,19]
["2014 Quarter 4","Sales",62,1083,8]
["2014 Quarter 4","Sales",71,122236,19]
["2014 Quarter 4","Sales",72,1892554,20]
["2014 Quarter 4","Sales",81,374220,47]
["2014 Quarter 4","Sales",92,"D","D"]
["2015 Quarter 1","Sales",11,"D","D"]
["2015 Quarter 1","Sales",22,"D","D"]
["2015 Quarter 1","Sales",23,1072935,123]
["2015 Quarter 1","Sales",31,76062,14]
["2015 Quarter 1","Sales",32,81450,24]
["2015 Quarter 1","Sales",33,16435,13]
["2015 Quarter 1","Sales",42,1098322,252]
["2015 Quarter 1","Sales",44,732448,216]
["2015 Quarter 1","Sales",45,1705663,345]
["2015 Quarter 1","Sales",48,"D","D"]
["2015 Quarter 1","Sales",51,368432,110]
["2015 Quarter 1","Sales",52,66426,23]
["2015 Quarter 1","Sales",53,56062,38]
["2015 Quarter 1","Sales",54,155496,61]
["2015 Quarter 1","Sales",56,207212,65]
["2015 Quarter 1","Sales",61,12499,16]
["2015 Quarter 1","Sales",62,1629,9]
["2015 Quarter 1","Sales",71,23157,7]
["2015 Quarter 1","Sales",72,1818171,16]
["2015 Quarter 1","Sales",81,318846,43]
["2015 Quarter 1","Sales",92,"D","D"]
["2015 Quarter 2","Sales",11,12871,3]
["2015 Quarter 2","Sales",22,"D","D"]
["2015 Quarter 2","Sales",23,1177415,142]
["2015 Quarter 2","Sales",31,94954,23]
["2015 Quarter 2","Sales",32,137493,23]
["2015 Quarter 2","Sales",33,33156,27]
["2015 Quarter 2","Sales",42,600593,245]
["2015 Quarter 2","Sales",44,795273,246]
["2015 Quarter 2","Sales",45,2109194,342]
["2015 Quarter 2","Sales",48,62960,3]
["2015 Quarter 2","Sales",51,362729,95]
["2015 Quarter 2","Sales",52,77851,24]
["2015 Quarter 2","Sales",53,44686,34]
["2015 Quarter 2","Sales",54,235244,71]
["2015 Quarter 2","Sales",56,223743,76]
["2015 Quarter 2","Sales",61,8885,15]
["2015 Quarter 2","Sales",62,1508,7]
["2015 Quarter 2","Sales",71,48008,6]
["2015 Quarter 2","Sales",72,2596387,19]
["2015 Quarter 2","Sales",81,366388,45]
["2015 Quarter 2","Sales",92,"D","D"]
["2015 Quarter 3","Sales",22,"D","D"]
["2015 Quarter 3","Sales",23,1885692,147]
["2015 Quarter 3","Sales",31,121803,16]
["2015 Quarter 3","Sales",32,149341,32]
["2015 Quarter 3","Sales",33,36466,23]
["2015 Quarter 3","Sales",42,543931,253]
["2015 Quarter 3","Sales",44,1016108,264]
["2015 Quarter 3","Sales",45,2751744,364]
["2015 Quarter 3","Sales",48,"D","D"]
["2015 Quarter 3","Sales",51,393559,109]
["2015 Quarter 3","Sales",52,102657,26]
["2015 Quarter 3","Sales",53,93910,43]
["2015 Quarter 3","Sales",54,220748,71]
["2015 Quarter 3","Sales",56,189859,66]
["2015 Quarter 3","Sales",61,129747,18]
["2015 Quarter 3","Sales",62,1222,6]
["2015 Quarter 3","Sales",71,93062,10]
["2015 Quarter 3","Sales",72,4098623,31]
["2015 Quarter 3","Sales",81,438978,37]
["2015 Quarter 3","Sales",92,3835,3]
["2015 Quarter 4","Sales",11,2281,4]
["2015 Quarter 4","Sales",22,"D","D"]
["2015 Quarter 4","Sales",23,2034716,134]
["2015 Quarter 4","Sales",31,96439,23]
["2015 Quarter 4","Sales",32,133195,33]
["2015 Quarter 4","Sales",33,15837,19]
["2015 Quarter 4","Sales",42,696230,279]
["2015 Quarter 4","Sales",44,929426,320]
["2015 Quarter 4","Sales",45,2431419,497]
["2015 Quarter 4","Sales",48,"D","D"]
["2015 Quarter 4","Sales",49,"D","D"]
["2015 Quarter 4","Sales",51,434294,121]
["2015 Quarter 4","Sales",52,86287,27]
["2015 Quarter 4","Sales",53,104091,43]
["2015 Quarter 4","Sales",54,226824,75]
["2015 Quarter 4","Sales",56,314294,88]
["2015 Quarter 4","Sales",61,203901,24]
["2015 Quarter 4","Sales",62,7548,9]
["2015 Quarter 4","Sales",71,115426,20]
["2015 Quarter 4","Sales",72,2289668,22]
["2015 Quarter 4","Sales",81,384208,51]
["2015 Quarter 4","Sales",92,"D","D"]
["2016 Quarter 1","Sales",11,"D","D"]
["2016 Quarter 1","Sales",22,"D","D"]
["2016 Quarter 1","Sales",23,1460168,133]
["2016 Quarter 1","Sales",31,116194,20]
["2016 Quarter 1","Sales",32,94286,27]
["2016 Quarter 1","Sales",33,86100,23]
["2016 Quarter 1","Sales",42,669207,238]
["2016 Quarter 1","Sales",44,727965,285]
["2016 Quarter 1","Sales",45,1750489,375]
["2016 Quarter 1","Sales",48,"D","D"]
["2016 Quarter 1","Sales",51,405973,114]
["2016 Quarter 1","Sales",52,74497,29]
["2016 Quarter 1","Sales",53,233356,40]
["2016 Quarter 1","Sales",54,148231,76]
["2016 Quarter 1","Sales",56,248579,72]
["2016 Quarter 1","Sales",61,13479,20]
["2016 Quarter 1","Sales",62,1037,6]
["2016 Quarter 1","Sales",71,17135,7]
["2016 Quarter 1","Sales",72,1968825,17]
["2016 Quarter 1","Sales",81,296985,38]
["2016 Quarter 1","Sales",92,"D","D"]
["2016 Quarter 2","Sales",11,"D","D"]
["2016 Quarter 2","Sales",22,"D","D"]
["2016 Quarter 2","Sales",23,1656682,129]
["2016 Quarter 2","Sales",31,132376,26]
["2016 Quarter 2","Sales",32,181585,30]
["2016 Quarter 2","Sales",33,61658,24]
["2016 Quarter 2","Sales",42,614038,236]
["2016 Quarter 2","Sales",44,950909,299]
["2016 Quarter 2","Sales",45,2294734,415]
["2016 Quarter 2","Sales",48,"D","D"]
["2016 Quarter 2","Sales",51,419070,113]
["2016 Quarter 2","Sales",52,147676,31]
["2016 Quarter 2","Sales",53,221211,45]
["2016 Quarter 2","Sales",54,181478,77]
["2016 Quarter 2","Sales",56,294221,81]
["2016 Quarter 2","Sales",61,7620,19]
["2016 Quarter 2","Sales",62,2328,7]
["2016 Quarter 2","Sales",71,41014,6]
["2016 Quarter 2","Sales",72,2833546,19]
["2016 Quarter 2","Sales",81,319785,36]
["2016 Quarter 2","Sales",92,"D","D"]
["2016 Quarter 3","Sales",11,"D","D"]
["2016 Quarter 3","Sales",22,"D","D"]
["2016 Quarter 3","Sales",23,2120512,147]
["2016 Quarter 3","Sales",31,171440,20]
["2016 Quarter 3","Sales",32,225970,38]
["2016 Quarter 3","Sales",33,40340,19]
["2016 Quarter 3","Sales",42,625014,249]
["2016 Quarter 3","Sales",44,1309918,333]
["2016 Quarter 3","Sales",45,2734225,410]
["2016 Quarter 3","Sales",48,"D","D"]
["2016 Quarter 3","Sales",49,"D","D"]
["2016 Quarter 3","Sales",51,386393,109]
["2016 Quarter 3","Sales",52,100048,31]
["2016 Quarter 3","Sales",53,96965,41]
["2016 Quarter 3","Sales",54,356375,83]
["2016 Quarter 3","Sales",56,373656,76]
["2016 Quarter 3","Sales",61,22307,17]
["2016 Quarter 3","Sales",62,1544,5]
["2016 Quarter 3","Sales",71,141977,9]
["2016 Quarter 3","Sales",72,4329697,22]
["2016 Quarter 3","Sales",81,374894,43]
["2016 Quarter 3","Sales",92,5460,3]
["2016 Quarter 4","Sales",11,4513,6]
["2016 Quarter 4","Sales",22,"D","D"]
["2016 Quarter 4","Sales",23,2194913,142]
["2016 Quarter 4","Sales",31,108390,35]
["2016 Quarter 4","Sales",32,242774,34]
["2016 Quarter 4","Sales",33,39282,27]
["2016 Quarter 4","Sales",42,1104127,303]
["2016 Quarter 4","Sales",44,1129308,422]
["2016 Quarter 4","Sales",45,2645009,555]
["2016 Quarter 4","Sales",48,"D","D"]
["2016 Quarter 4","Sales",51,403531,122]
["2016 Quarter 4","Sales",52,134583,31]
["2016 Quarter 4","Sales",53,90278,41]
["2016 Quarter 4","Sales",54,382341,101]
["2016 Quarter 4","Sales",56,551087,103]
["2016 Quarter 4","Sales",61,11985,26]
["2016 Quarter 4","Sales",62,5872,11]
["2016 Quarter 4","Sales",71,108432,17]
["2016 Quarter 4","Sales",72,2550601,27]
["2016 Quarter 4","Sales",81,278049,54]
["2016 Quarter 4","Sales",92,"D","D"]
["2017 Quarter 1","Sales",11,"D","D"]
["2017 Quarter 1","Sales",22,"D","D"]
["2017 Quarter 1","Sales",23,2423546,131]
["2017 Quarter 1","Sales",31,100347,20]
["2017 Quarter 1","Sales",32,200077,35]
["2017 Quarter 1","Sales",33,20334,19]
["2017 Quarter 1","Sales",42,522762,238]
["2017 Quarter 1","Sales",44,927271,338]
["2017 Quarter 1","Sales",45,1834748,421]
["2017 Quarter 1","Sales",48,"D","D"]
["2017 Quarter 1","Sales",51,341342,113]
["2017 Quarter 1","Sales",52,148105,29]
["2017 Quarter 1","Sales",53,73785,39]
["2017 Quarter 1","Sales",54,202509,76]
["2017 Quarter 1","Sales",56,325001,79]
["2017 Quarter 1","Sales",61,5041,15]
["2017 Quarter 1","Sales",62,1899,6]
["2017 Quarter 1","Sales",71,22793,6]
["2017 Quarter 1","Sales",72,2195908,18]
["2017 Quarter 1","Sales",81,122874,46]
["2017 Quarter 1","Sales",92,"D","D"]
["2017 Quarter 2","Sales",11,2536,3]
["2017 Quarter 2","Sales",22,"D","D"]
["2017 Quarter 2","Sales",23,2753164,144]
["2017 Quarter 2","Sales",31,137929,20]
["2017 Quarter 2","Sales",32,161690,36]
["2017 Quarter 2","Sales",33,60569,23]
["2017 Quarter 2","Sales",42,712310,267]
["2017 Quarter 2","Sales",44,1066732,354]
["2017 Quarter 2","Sales",45,2288651,386]
["2017 Quarter 2","Sales",48,"D","D"]
["2017 Quarter 2","Sales",51,334655,108]
["2017 Quarter 2","Sales",52,118174,30]
["2017 Quarter 2","Sales",53,85147,38]
["2017 Quarter 2","Sales",54,271085,84]
["2017 Quarter 2","Sales",56,399929,87]
["2017 Quarter 2","Sales",61,11701,20]
["2017 Quarter 2","Sales",62,3584,6]
["2017 Quarter 2","Sales",71,43058,9]
["2017 Quarter 2","Sales",72,3071955,20]
["2017 Quarter 2","Sales",81,117568,45]
["2017 Quarter 2","Sales",92,"D","D"]
["2017 Quarter 3","Sales",11,"D","D"]
["2017 Quarter 3","Sales",22,"D","D"]
["2017 Quarter 3","Sales",23,2392193,145]
["2017 Quarter 3","Sales",31,184201,23]
["2017 Quarter 3","Sales",32,207658,35]
["2017 Quarter 3","Sales",33,22585,26]
["2017 Quarter 3","Sales",42,515522,253]
["2017 Quarter 3","Sales",44,1200944,369]
["2017 Quarter 3","Sales",45,3154128,402]
["2017 Quarter 3","Sales",48,"D","D"]
["2017 Quarter 3","Sales",49,"D","D"]
["2017 Quarter 3","Sales",51,359900,117]
["2017 Quarter 3","Sales",52,122471,24]
["2017 Quarter 3","Sales",53,129167,40]
["2017 Quarter 3","Sales",54,256983,91]
["2017 Quarter 3","Sales",56,430442,79]
["2017 Quarter 3","Sales",61,42172,17]
["2017 Quarter 3","Sales",62,1819,7]
["2017 Quarter 3","Sales",71,180402,15]
["2017 Quarter 3","Sales",72,4931204,27]
["2017 Quarter 3","Sales",81,116714,42]
["2017 Quarter 3","Sales",92,"D","D"]
["2017 Quarter 4","Sales",11,1670,7]
["2017 Quarter 4","Sales",22,"D","D"]
["2017 Quarter 4","Sales",23,2945149,148]
["2017 Quarter 4","Sales",31,120807,23]
["2017 Quarter 4","Sales",32,150336,38]
["2017 Quarter 4","Sales",33,24638,35]
["2017 Quarter 4","Sales",42,654178,281]
["2017 Quarter 4","Sales",44,1059048,419]
["2017 Quarter 4","Sales",45,2889720,563]
["2017 Quarter 4","Sales",48,"D","D"]
["2017 Quarter 4","Sales",49,"D","D"]
["2017 Quarter 4","Sales",51,402270,120]
["2017 Quarter 4","Sales",52,105193,25]
["2017 Quarter 4","Sales",53,85300,39]
["2017 Quarter 4","Sales",54,244969,98]
["2017 Quarter 4","Sales",56,602267,96]
["2017 Quarter 4","Sales",61,4769,16]
["2017 Quarter 4","Sales",62,6289,7]
["2017 Quarter 4","Sales",71,97063,14]
["2017 Quarter 4","Sales",72,2934732,27]
["2017 Quarter 4","Sales",81,180028,52]
["2017 Quarter 4","Sales",92,"D","D"]
["2018 Quarter 1","Sales",11,"D","D"]
["2018 Quarter 1","Sales",21,"D","D"]
["2018 Quarter 1","Sales",22,"D","D"]
["2018 Quarter 1","Sales",23,2227354,105]
["2018 Quarter 1","Sales",31,115542,15]
["2018 Quarter 1","Sales",32,143080,39]
["2018 Quarter 1","Sales",33,39639,20]
["2018 Quarter 1","Sales",42,542328,241]
["2018 Quarter 1","Sales",44,814225,296]
["2018 Quarter 1","Sales",45,2280866,345]
["2018 Quarter 1","Sales",48,29364,3]
["2018 Quarter 1","Sales",49,"D","D"]
["2018 Quarter 1","Sales",51,352404,122]
["2018 Quarter 1","Sales",52,99243,22]
["2018 Quarter 1","Sales",53,77681,33]
["2018 Quarter 1","Sales",54,232202,77]
["2018 Quarter 1","Sales",56,478259,78]
["2018 Quarter 1","Sales",61,32465,16]
["2018 Quarter 1","Sales",62,1936,5]
["2018 Quarter 1","Sales",71,57782,10]
["2018 Quarter 1","Sales",72,2619927,21]
["2018 Quarter 1","Sales",81,98687,34]
["2018 Quarter 1","Sales",92,"D","D"]
["2018 Quarter 2","Sales",11,"D","D"]
["2018 Quarter 2","Sales",22,"D","D"]
["2018 Quarter 2","Sales",23,2062388,121]
["2018 Quarter 2","Sales",31,147481,21]
["2018 Quarter 2","Sales",32,159175,42]
["2018 Quarter 2","Sales",33,26992,27]
["2018 Quarter 2","Sales",42,503626,232]
["2018 Quarter 2","Sales",44,1076909,306]
["2018 Quarter 2","Sales",45,2886443,353]
["2018 Quarter 2","Sales",48,11822,3]
["2018 Quarter 2","Sales",49,"D","D"]
["2018 Quarter 2","Sales",51,373017,113]
["2018 Quarter 2","Sales",52,134761,26]
["2018 Quarter 2","Sales",53,108110,35]
["2018 Quarter 2","Sales",54,308715,87]
["2018 Quarter 2","Sales",56,675311,91]
["2018 Quarter 2","Sales",61,46895,15]
["2018 Quarter 2","Sales",62,10960,7]
["2018 Quarter 2","Sales",71,99198,11]
["2018 Quarter 2","Sales",72,3542215,21]
["2018 Quarter 2","Sales",81,143047,41]
["2018 Quarter 2","Sales",92,"D","D"]
["2018 Quarter 3","Sales",11,"D","D"]
["2018 Quarter 3","Sales",22,"D","D"]
["2018 Quarter 3","Sales",23,2449408,128]
["2018 Quarter 3","Sales",31,198337,22]
["2018 Quarter 3","Sales",32,190794,35]
["2018 Quarter 3","Sales",33,21157,16]
["2018 Quarter 3","Sales",42,375944,256]
["2018 Quarter 3","Sales",44,1175137,331]
["2018 Quarter 3","Sales",45,3504399,393]
["2018 Quarter 3","Sales",48,"D","D"]
["2018 Quarter 3","Sales",49,"D","D"]
["2018 Quarter 3","Sales",51,353567,120]
["2018 Quarter 3","Sales",52,117710,27]
["2018 Quarter 3","Sales",53,119072,38]
["2018 Quarter 3","Sales",54,260613,79]
["2018 Quarter 3","Sales",56,633835,80]
["2018 Quarter 3","Sales",61,10426,13]
["2018 Quarter 3","Sales",62,2653,6]
["2018 Quarter 3","Sales",71,131273,11]
["2018 Quarter 3","Sales",72,5203171,27]
["2018 Quarter 3","Sales",81,141465,40]
["2018 Quarter 3","Sales",92,"D","D"]
["2018 Quarter 4","Sales",11,7894,5]
["2018 Quarter 4","Sales",22,"D","D"]
["2018 Quarter 4","Sales",23,1455745,132]
["2018 Quarter 4","Sales",31,144602,35]
["2018 Quarter 4","Sales",32,70418,45]
["2018 Quarter 4","Sales",33,20705,29]
["2018 Quarter 4","Sales",42,702271,282]
["2018 Quarter 4","Sales",44,1176638,413]
["2018 Quarter 4","Sales",45,3214816,495]
["2018 Quarter 4","Sales",48,"D","D"]
["2018 Quarter 4","Sales",49,"D","D"]
["2018 Quarter 4","Sales",51,488214,156]
["2018 Quarter 4","Sales",52,126041,27]
["2018 Quarter 4","Sales",53,100038,41]
["2018 Quarter 4","Sales",54,411977,107]
["2018 Quarter 4","Sales",56,977022,98]
["2018 Quarter 4","Sales",61,6834,15]
["2018 Quarter 4","Sales",62,4509,12]
["2018 Quarter 4","Sales",71,133163,18]
["2018 Quarter 4","Sales",72,3174045,24]
["2018 Quarter 4","Sales",81,188684,52]
["2018 Quarter 4","Sales",92,"D","D"]
["2019 Quarter 1","Sales",11,"D","D"]
["2019 Quarter 1","Sales",22,"D","D"]
["2019 Quarter 1","Sales",23,1895957,107]
["2019 Quarter 1","Sales",31,106798,19]
["2019 Quarter 1","Sales",32,26171,38]
["2019 Quarter 1","Sales",33,39853,22]
["2019 Quarter 1","Sales",42,522464,250]
["2019 Quarter 1","Sales",44,1028535,411]
["2019 Quarter 1","Sales",45,2346059,479]
["2019 Quarter 1","Sales",48,14845,3]
["2019 Quarter 1","Sales",49,"D","D"]
["2019 Quarter 1","Sales",51,354114,142]
["2019 Quarter 1","Sales",52,208983,29]
["2019 Quarter 1","Sales",53,71213,31]
["2019 Quarter 1","Sales",54,342599,99]
["2019 Quarter 1","Sales",56,455731,85]
["2019 Quarter 1","Sales",61,6540,13]
["2019 Quarter 1","Sales",62,3501,6]
["2019 Quarter 1","Sales",71,59928,9]
["2019 Quarter 1","Sales",72,2645221,20]
["2019 Quarter 1","Sales",81,120827,43]
["2019 Quarter 1","Sales",92,"D","D"]
["2019 Quarter 2","Sales",11,"D","D"]
["2019 Quarter 2","Sales",22,"D","D"]
["2019 Quarter 2","Sales",23,2280263,131]
["2019 Quarter 2","Sales",31,176143,27]
["2019 Quarter 2","Sales",32,30097,46]
["2019 Quarter 2","Sales",33,65730,29]
["2019 Quarter 2","Sales",42,697749,274]
["2019 Quarter 2","Sales",44,1255725,463]
["2019 Quarter 2","Sales",45,3184050,501]
["2019 Quarter 2","Sales",48,"D","D"]
["2019 Quarter 2","Sales",49,"D","D"]
["2019 Quarter 2","Sales",51,364521,144]
["2019 Quarter 2","Sales",52,138634,29]
["2019 Quarter 2","Sales",53,86083,34]
["2019 Quarter 2","Sales",54,306032,96]
["2019 Quarter 2","Sales",56,768840,100]
["2019 Quarter 2","Sales",61,7816,11]
["2019 Quarter 2","Sales",62,3650,9]
["2019 Quarter 2","Sales",71,105629,10]
["2019 Quarter 2","Sales",72,3850657,24]
["2019 Quarter 2","Sales",81,139005,43]
["2019 Quarter 3","Sales",11,"D","D"]
["2019 Quarter 3","Sales",21,"D","D"]
["2019 Quarter 3","Sales",22,"D","D"]
["2019 Quarter 3","Sales",23,2492166,128]
["2019 Quarter 3","Sales",31,191496,20]
["2019 Quarter 3","Sales",32,39348,45]
["2019 Quarter 3","Sales",33,35245,35]
["2019 Quarter 3","Sales",42,681895,277]
["2019 Quarter 3","Sales",44,1330862,488]
["2019 Quarter 3","Sales",45,3897194,553]
["2019 Quarter 3","Sales",49,"D","D"]
["2019 Quarter 3","Sales",51,406180,157]
["2019 Quarter 3","Sales",52,118742,31]
["2019 Quarter 3","Sales",53,107534,36]
["2019 Quarter 3","Sales",54,363802,108]
["2019 Quarter 3","Sales",56,702415,99]
["2019 Quarter 3","Sales",61,11613,9]
["2019 Quarter 3","Sales",62,2269,6]
["2019 Quarter 3","Sales",71,168516,12]
["2019 Quarter 3","Sales",72,5452714,31]
["2019 Quarter 3","Sales",81,210699,47]
["2019 Quarter 3","Sales",92,"D","D"]
["2019 Quarter 4","Sales",11,"D","D"]
["2019 Quarter 4","Sales",22,"D","D"]
["2019 Quarter 4","Sales",23,2365532,141]
["2019 Quarter 4","Sales",31,144303,24]
["2019 Quarter 4","Sales",32,92220,52]
["2019 Quarter 4","Sales",33,88040,35]
["2019 Quarter 4","Sales",42,923940,278]
["2019 Quarter 4","Sales",44,1498139,561]
["2019 Quarter 4","Sales",45,3654998,616]
["2019 Quarter 4","Sales",48,2603,4]
["2019 Quarter 4","Sales",49,"D","D"]
["2019 Quarter 4","Sales",51,451574,171]
["2019 Quarter 4","Sales",52,107760,33]
["2019 Quarter 4","Sales",53,75524,42]
["2019 Quarter 4","Sales",54,538608,121]
["2019 Quarter 4","Sales",56,698398,114]
["2019 Quarter 4","Sales",61,8935,12]
["2019 Quarter 4","Sales",62,2224,8]
["2019 Quarter 4","Sales",71,111485,14]
["2019 Quarter 4","Sales",72,3275108,24]
["2019 Quarter 4","Sales",81,190943,56]
["2019 Quarter 4","Sales",92,"D","D"]
["2020 Quarter 1","Sales",11,"D","D"]
["2020 Quarter 1","Sales",22,"D","D"]
["2020 Quarter 1","Sales",23,1805526,126]
["2020 Quarter 1","Sales",31,111254,27]
["2020 Quarter 1","Sales",32,130298,47]
["2020 Quarter 1","Sales",33,38961,30]
["2020 Quarter 1","Sales",42,730223,256]
["2020 Quarter 1","Sales",44,1026749,512]
["2020 Quarter 1","Sales",45,2418771,554]
["2020 Quarter 1","Sales",48,"D","D"]
["2020 Quarter 1","Sales",49,"D","D"]
["2020 Quarter 1","Sales",51,425716,188]
["2020 Quarter 1","Sales",52,114202,28]
["2020 Quarter 1","Sales",53,72261,36]
["2020 Quarter 1","Sales",54,337831,118]
["2020 Quarter 1","Sales",56,659498,94]
["2020 Quarter 1","Sales",61,7877,15]
["2020 Quarter 1","Sales",62,4682,8]
["2020 Quarter 1","Sales",71,39989,12]
["2020 Quarter 1","Sales",72,2450595,20]
["2020 Quarter 1","Sales",81,95677,55]
["2020 Quarter 1","Sales",92,"D","D"]
["2020 Quarter 2","Sales",11,275,3]
["2020 Quarter 2","Sales",22,"D","D"]
["2020 Quarter 2","Sales",23,1498797,111]
["2020 Quarter 2","Sales",31,77330,28]
["2020 Quarter 2","Sales",32,26518,51]
["2020 Quarter 2","Sales",33,12120,38]
["2020 Quarter 2","Sales",42,754872,313]
["2020 Quarter 2","Sales",44,1226318,609]
["2020 Quarter 2","Sales",45,2621828,642]
["2020 Quarter 2","Sales",48,"D","D"]
["2020 Quarter 2","Sales",51,392630,182]
["2020 Quarter 2","Sales",52,124347,31]
["2020 Quarter 2","Sales",53,72336,36]
["2020 Quarter 2","Sales",54,309553,119]
["2020 Quarter 2","Sales",56,725911,100]
["2020 Quarter 2","Sales",61,9802,18]
["2020 Quarter 2","Sales",62,6528,7]
["2020 Quarter 2","Sales",71,39360,12]
["2020 Quarter 2","Sales",72,1146585,20]
["2020 Quarter 2","Sales",81,118570,55]
["2020 Quarter 2","Sales",92,"D","D"]
["2020 Quarter 3","Sales",11,5780,3]
["2020 Quarter 3","Sales",22,"D","D"]
["2020 Quarter 3","Sales",23,1903144,136]
["2020 Quarter 3","Sales",31,116222,39]
["2020 Quarter 3","Sales",32,335250,58]
["2020 Quarter 3","Sales",33,126212,43]
["2020 Quarter 3","Sales",42,851879,318]
["2020 Quarter 3","Sales",44,1632636,642]
["2020 Quarter 3","Sales",45,3857036,685]
["2020 Quarter 3","Sales",48,3578,3]
["2020 Quarter 3","Sales",49,"D","D"]
["2020 Quarter 3","Sales",51,426701,201]
["2020 Quarter 3","Sales",52,121096,31]
["2020 Quarter 3","Sales",53,72134,38]
["2020 Quarter 3","Sales",54,306046,116]
["2020 Quarter 3","Sales",56,803960,106]
["2020 Quarter 3","Sales",61,9542,22]
["2020 Quarter 3","Sales",62,5589,10]
["2020 Quarter 3","Sales",71,131764,12]
["2020 Quarter 3","Sales",72,3309268,21]
["2020 Quarter 3","Sales",81,131934,50]
["2020 Quarter 3","Sales",92,"D","D"]
["2020 Quarter 4","Sales",11,6202,7]
["2020 Quarter 4","Sales",22,"D","D"]
["2020 Quarter 4","Sales",23,2347486,150]
["2020 Quarter 4","Sales",31,142974,57]
["2020 Quarter 4","Sales",32,55921,57]
["2020 Quarter 4","Sales",33,67153,48]
["2020 Quarter 4","Sales",42,1215087,348]
["2020 Quarter 4","Sales",44,1693472,706]
["2020 Quarter 4","Sales",45,3934374,772]
["2020 Quarter 4","Sales",48,"D","D"]
["2020 Quarter 4","Sales",49,"D","D"]
["2020 Quarter 4","Sales",51,518683,222]
["2020 Quarter 4","Sales",52,156449,30]
["2020 Quarter 4","Sales",53,133194,38]
["2020 Quarter 4","Sales",54,285559,136]
["2020 Quarter 4","Sales",56,875230,116]
["2020 Quarter 4","Sales",61,6253,21]
["2020 Quarter 4","Sales",62,9351,11]
["2020 Quarter 4","Sales",71,65899,25]
["2020 Quarter 4","Sales",72,2166067,21]
["2020 Quarter 4","Sales",81,189780,57]
["2020 Quarter 4","Sales",92,"D","D"]
["2021 Quarter 1","Sales",11,275,4]
["2021 Quarter 1","Sales",22,"D","D"]
["2021 Quarter 1","Sales",23,1649280,136]
["2021 Quarter 1","Sales",31,90252,42]
["2021 Quarter 1","Sales",32,30250,43]
["2021 Quarter 1","Sales",33,52664,41]
["2021 Quarter 1","Sales",42,921742,318]
["2021 Quarter 1","Sales",44,1405647,672]
["2021 Quarter 1","Sales",45,3327508,750]
["2021 Quarter 1","Sales",48,"D","D"]
["2021 Quarter 1","Sales",49,1306,3]
["2021 Quarter 1","Sales",51,483373,220]
["2021 Quarter 1","Sales",52,131528,32]
["2021 Quarter 1","Sales",53,140968,37]
["2021 Quarter 1","Sales",54,274001,119]
["2021 Quarter 1","Sales",55,"D","D"]
["2021 Quarter 1","Sales",56,752483,98]
["2021 Quarter 1","Sales",61,5770,18]
["2021 Quarter 1","Sales",62,10995,6]
["2021 Quarter 1","Sales",71,86466,13]
["2021 Quarter 1","Sales",72,1984517,20]
["2021 Quarter 1","Sales",81,122525,48]
["2021 Quarter 1","Sales",92,"D","D"]
["2021 Quarter 2","Sales",11,419,3]
["2021 Quarter 2","Sales",22,"D","D"]
["2021 Quarter 2","Sales",23,1804695,144]
["2021 Quarter 2","Sales",31,176422,40]
["2021 Quarter 2","Sales",32,32624,53]
["2021 Quarter 2","Sales",33,26265,45]
["2021 Quarter 2","Sales",42,855788,350]
["2021 Quarter 2","Sales",44,1696492,709]
["2021 Quarter 2","Sales",45,4080817,778]
["2021 Quarter 2","Sales",48,"D","D"]
["2021 Quarter 2","Sales",49,"D","D"]
["2021 Quarter 2","Sales",51,526657,225]
["2021 Quarter 2","Sales",52,117338,26]
["2021 Quarter 2","Sales",53,137123,35]
["2021 Quarter 2","Sales",54,276612,123]
["2021 Quarter 2","Sales",56,880019,111]
["2021 Quarter 2","Sales",61,10288,21]
["2021 Quarter 2","Sales",62,11380,9]
["2021 Quarter 2","Sales",71,172917,14]
["2021 Quarter 2","Sales",72,3443412,24]
["2021 Quarter 2","Sales",81,115500,47]
["2021 Quarter 2","Sales",92,"D","D"]
["2021 Quarter 3","Sales",11,2498,3]
["2021 Quarter 3","Sales",22,"D","D"]
["2021 Quarter 3","Sales",23,2260891,146]
["2021 Quarter 3","Sales",31,194773,29]
["2021 Quarter 3","Sales",32,46858,49]
["2021 Quarter 3","Sales",33,40641,45]
["2021 Quarter 3","Sales",42,886676,363]
["2021 Quarter 3","Sales",44,1987568,744]
["2021 Quarter 3","Sales",45,4806963,762]
["2021 Quarter 3","Sales",49,"D","D"]
["2021 Quarter 3","Sales",51,626621,224]
["2021 Quarter 3","Sales",52,197024,25]
["2021 Quarter 3","Sales",53,130692,35]
["2021 Quarter 3","Sales",54,325255,137]
["2021 Quarter 3","Sales",56,785986,115]
["2021 Quarter 3","Sales",61,12337,16]
["2021 Quarter 3","Sales",62,8845,8]
["2021 Quarter 3","Sales",71,266808,16]
["2021 Quarter 3","Sales",72,4775794,29]
["2021 Quarter 3","Sales",81,143399,39]
["2021 Quarter 3","Sales",92,"D","D"]
["2021 Quarter 4","Sales",11,2743,7]
["2021 Quarter 4","Sales",22,"D","D"]
["2021 Quarter 4","Sales",23,2071601,151]
["2021 Quarter 4","Sales",31,188644,51]
["2021 Quarter 4","Sales",32,90292,61]
["2021 Quarter 4","Sales",33,41985,60]
["2021 Quarter 4","Sales",42,1047237,380]
["2021 Quarter 4","Sales",44,1744949,761]
["2021 Quarter 4","Sales",45,4333667,862]
["2021 Quarter 4","Sales",48,"D","D"]
["2021 Quarter 4","Sales",49,"D","D"]
["2021 Quarter 4","Sales",51,566385,261]
["2021 Quarter 4","Sales",52,188939,30]
["2021 Quarter 4","Sales",53,126405,35]
["2021 Quarter 4","Sales",54,302242,158]
["2021 Quarter 4","Sales",55,"D","D"]
["2021 Quarter 4","Sales",56,865107,102]
["2021 Quarter 4","Sales",61,11659,24]
["2021 Quarter 4","Sales",62,11454,11]
["2021 Quarter 4","Sales",71,233799,24]
["2021 Quarter 4","Sales",72,2647200,20]
["2021 Quarter 4","Sales",81,218181,54]
["2021 Quarter 4","Sales",92,"D","D"]
["2022 Quarter 1","Sales",11,7632,9]
["2022 Quarter 1","Sales",22,"D","D"]
["2022 Quarter 1","Sales",23,2386095,151]
["2022 Quarter 1","Sales",31,247356,35]
["2022 Quarter 1","Sales",32,28433,49]
["2022 Quarter 1","Sales",33,25762,41]
["2022 Quarter 1","Sales",42,1257358,334]
["2022 Quarter 1","Sales",44,1619360,693]
["2022 Quarter 1","Sales",45,3337079,777]
["2022 Quarter 1","Sales",49,"D","D"]
["2022 Quarter 1","Sales",51,517491,263]
["2022 Quarter 1","Sales",52,85514,25]
["2022 Quarter 1","Sales",53,71512,34]
["2022 Quarter 1","Sales",54,327175,140]
["2022 Quarter 1","Sales",56,794673,103]
["2022 Quarter 1","Sales",61,5184,21]
["2022 Quarter 1","Sales",62,7813,8]
["2022 Quarter 1","Sales",71,135178,9]
["2022 Quarter 1","Sales",72,2598971,19]
["2022 Quarter 1","Sales",81,105460,40]
["2022 Quarter 1","Sales",92,"D","D"]

{"sheet":"Oak Harbor","index":10,"n_rows":67,"n_cols":6,"rows_kept":67,"cut":false,"hidden":false,"merged":[]}
["NAICS","(All)",{"$f":"VLOOKUP(B1,NAICS!A1:B2604,2,FALSE)","v":{"$error":"#N/A"}}]
[]
["Row Labels","Sum of Total Taxable"]
["2014 Quarter 1",72683696]
["2014 Quarter 2",80928322]
["2014 Quarter 3",83749226]
["2014 Quarter 4",81271950]
["2015 Quarter 1",75790719]
["2015 Quarter 2",87666274]
["2015 Quarter 3",92829278]
["2015 Quarter 4",90965132]
["2016 Quarter 1",85008881]
["2016 Quarter 2",102904792]
["2016 Quarter 3",105459441]
["2016 Quarter 4",100246743]
["2017 Quarter 1",94892000]
["2017 Quarter 2",110568703]
["2017 Quarter 3",116593598]
["2017 Quarter 4",117482190]
["2018 Quarter 1",110736525]
["2018 Quarter 2",123303018]
["2018 Quarter 3",126765864]
["2018 Quarter 4",125515949]
["2019 Quarter 1",103242737]
["2019 Quarter 2",121208046]
["2019 Quarter 3",116898880]
["2019 Quarter 4",119392794]
["2020 Quarter 1",105943414]
["2020 Quarter 2",120675843,null,null,"Amounts","% Difference"]
["2020 Quarter 3",132288990,null,"Median",{"$f":"MEDIAN(B4:B36)","v":110736525},{"$f":"(B$36-E30)/E30","v":0.22952306838236075}]
["2020 Quarter 4",136150398,null,"Average",{"$f":"AVERAGE(B4:B36)","v":110336970},{"$f":"(B$36-E31)/E31","v":0.23397544812042601}]
["2021 Quarter 1",124779064,null,"Minimum",{"$f":"MIN(B4:B36)","v":72683696},{"$f":"(B$36-E32)/E32","v":0.87322769056763427}]
["2021 Quarter 2",147319403,null,"Maximum",{"$f":"MAX(B4:B36)","v":147319403},{"$f":"(B$36-E33)/E33","v":-7.5796471969140411E-2}]
["2021 Quarter 3",146741238,null,"Yr Over Yr",{"$f":"B36-B32","v":11374048},{"$f":"E36/B30","v":0}]
["2021 Quarter 4",144963790]
["2022 Quarter 1",136153112]
{"$rows_empty":30}
[null,null,"-"]

{"sheet":"Oak Harbor Data","index":11,"n_rows":770,"n_cols":5,"rows_kept":770,"cut":false,"hidden":true,"merged":[]}
["Year","Tax Type","NAICS","Total Taxable","Units"]
["2014 Quarter 1","Sales",11,"D","D"]
["2014 Quarter 1","Sales",21,"D","D"]
["2014 Quarter 1","Sales",22,101351,3]
["2014 Quarter 1","Sales",23,5260207,384]
["2014 Quarter 1","Sales",31,215978,51]
["2014 Quarter 1","Sales",32,675797,62]
["2014 Quarter 1","Sales",33,264533,81]
["2014 Quarter 1","Sales",42,4118616,682]
["2014 Quarter 1","Sales",44,22976557,480]
["2014 Quarter 1","Sales",45,17429363,674]
["2014 Quarter 1","Sales",48,13545,3]
["2014 Quarter 1","Sales",49,"D","D"]
["2014 Quarter 1","Sales",51,3604496,224]
["2014 Quarter 1","Sales",52,583975,51]
["2014 Quarter 1","Sales",53,1389978,113]
["2014 Quarter 1","Sales",54,1146350,166]
["2014 Quarter 1","Sales",56,1180323,195]
["2014 Quarter 1","Sales",61,114627,37]
["2014 Quarter 1","Sales",62,18340,17]
["2014 Quarter 1","Sales",71,759676,16]
["2014 Quarter 1","Sales",72,10771963,72]
["2014 Quarter 1","Sales",81,2041662,150]
["2014 Quarter 1","Sales",92,16359,4]
["2014 Quarter 2","Sales",11,7604,4]
["2014 Quarter 2","Sales",22,173820,3]
["2014 Quarter 2","Sales",23,6029851,414]
["2014 Quarter 2","Sales",31,332790,45]
["2014 Quarter 2","Sales",32,1027741,74]
["2014 Quarter 2","Sales",33,477301,105]
["2014 Quarter 2","Sales",42,4028002,648]
["2014 Quarter 2","Sales",44,27745823,501]
["2014 Quarter 2","Sales",45,16935654,715]
["2014 Quarter 2","Sales",48,39311,5]
["2014 Quarter 2","Sales",49,4809,3]
["2014 Quarter 2","Sales",51,3789611,223]
["2014 Quarter 2","Sales",52,786250,56]
["2014 Quarter 2","Sales",53,1639305,104]
["2014 Quarter 2","Sales",54,1214555,164]
["2014 Quarter 2","Sales",56,1579350,193]
["2014 Quarter 2","Sales",61,137978,44]
["2014 Quarter 2","Sales",62,19152,19]
["2014 Quarter 2","Sales",71,832482,19]
["2014 Quarter 2","Sales",72,12105678,75]
["2014 Quarter 2","Sales",81,2021255,164]
["2014 Quarter 2","Sales",92,"D","D"]
["2014 Quarter 3","Sales",11,"D","D"]
["2014 Quarter 3","Sales",22,252288,3]
["2014 Quarter 3","Sales",23,7454531,418]
["2014 Quarter 3","Sales",31,404612,35]
["2014 Quarter 3","Sales",32,1100647,68]
["2014 Quarter 3","Sales",33,419672,83]
["2014 Quarter 3","Sales",42,3649704,666]
["2014 Quarter 3","Sales",44,27254302,508]
["2014 Quarter 3","Sales",45,17362494,705]
["2014 Quarter 3","Sales",48,68978,5]
["2014 Quarter 3","Sales",49,"D","D"]
["2014 Quarter 3","Sales",51,3562232,228]
["2014 Quarter 3","Sales",52,826825,57]
["2014 Quarter 3","Sales",53,1670674,113]
["2014 Quarter 3","Sales",54,1467954,174]
["2014 Quarter 3","Sales",56,1537678,191]
["2014 Quarter 3","Sales",61,174997,43]
["2014 Quarter 3","Sales",62,19006,21]
["2014 Quarter 3","Sales",71,936832,22]
["2014 Quarter 3","Sales",72,13383325,79]
["2014 Quarter 3","Sales",81,2202475,141]
["2014 Quarter 3","Sales",92,"D","D"]
["2014 Quarter 4","Sales",11,41377,9]
["2014 Quarter 4","Sales",21,"D","D"]
["2014 Quarter 4","Sales",22,72950,3]
["2014 Quarter 4","Sales",23,6647875,444]
["2014 Quarter 4","Sales",31,272219,56]
["2014 Quarter 4","Sales",32,858106,75]
["2014 Quarter 4","Sales",33,597192,110]
["2014 Quarter 4","Sales",42,3609283,695]
["2014 Quarter 4","Sales",44,25610162,572]
["2014 Quarter 4","Sales",45,19797159,979]
["2014 Quarter 4","Sales",48,44558,7]
["2014 Quarter 4","Sales",49,2652,4]
["2014 Quarter 4","Sales",51,3971404,246]
["2014 Quarter 4","Sales",52,752305,57]
["2014 Quarter 4","Sales",53,1379590,123]
["2014 Quarter 4","Sales",54,1801789,226]
["2014 Quarter 4","Sales",56,1515035,231]
["2014 Quarter 4","Sales",61,58977,41]
["2014 Quarter 4","Sales",62,55191,21]
["2014 Quarter 4","Sales",71,830046,35]
["2014 Quarter 4","Sales",72,11083775,76]
["2014 Quarter 4","Sales",81,2270305,177]
["2014 Quarter 4","Sales",92,"D","D"]
["2015 Quarter 1","Sales",11,"D","D"]
["2015 Quarter 1","Sales",22,123361,4]
["2015 Quarter 1","Sales",23,4976387,379]
["2015 Quarter 1","Sales",31,271704,39]
["2015 Quarter 1","Sales",32,769551,69]
["2015 Quarter 1","Sales",33,377124,80]
["2015 Quarter 1","Sales",42,3808489,697]
["2015 Quarter 1","Sales",44,25135308,506]
["2015 Quarter 1","Sales",45,16802696,740]
["2015 Quarter 1","Sales",48,8282,6]
["2015 Quarter 1","Sales",49,"D","D"]
["2015 Quarter 1","Sales",51,3470288,215]
["2015 Quarter 1","Sales",52,637396,57]
["2015 Quarter 1","Sales",53,1636213,119]
["2015 Quarter 1","Sales",54,1400377,177]
["2015 Quarter 1","Sales",55,"D","D"]
["2015 Quarter 1","Sales",56,1277161,198]
["2015 Quarter 1","Sales",61,117460,32]
["2015 Quarter 1","Sales",62,15497,18]
["2015 Quarter 1","Sales",71,811422,18]
["2015 Quarter 1","Sales",72,11890424,72]
["2015 Quarter 1","Sales",81,2261579,134]
["2015 Quarter 1","Sales",92,"D","D"]
["2015 Quarter 2","Sales",11,22093,4]
["2015 Quarter 2","Sales",22,133880,3]
["2015 Quarter 2","Sales",23,6979434,414]
["2015 Quarter 2","Sales",31,357603,45]
["2015 Quarter 2","Sales",32,938099,65]
["2015 Quarter 2","Sales",33,331281,89]
["2015 Quarter 2","Sales",42,4159498,674]
["2015 Quarter 2","Sales",44,29670985,519]
["2015 Quarter 2","Sales",45,17988528,752]
["2015 Quarter 2","Sales",48,40672,4]
["2015 Quarter 2","Sales",49,"D","D"]
["2015 Quarter 2","Sales",51,3523388,212]
["2015 Quarter 2","Sales",52,855742,58]
["2015 Quarter 2","Sales",53,2197856,115]
["2015 Quarter 2","Sales",54,1710665,177]
["2015 Quarter 2","Sales",55,"D","D"]
["2015 Quarter 2","Sales",56,1877420,217]
["2015 Quarter 2","Sales",61,89838,40]
["2015 Quarter 2","Sales",62,17739,20]
["2015 Quarter 2","Sales",71,907584,21]
["2015 Quarter 2","Sales",72,13529881,77]
["2015 Quarter 2","Sales",81,2334088,157]
["2015 Quarter 2","Sales",92,"D","D"]
["2015 Quarter 3","Sales",11,"D","D"]
["2015 Quarter 3","Sales",22,216986,3]
["2015 Quarter 3","Sales",23,8411539,420]
["2015 Quarter 3","Sales",31,447571,43]
["2015 Quarter 3","Sales",32,1126998,78]
["2015 Quarter 3","Sales",33,430367,87]
["2015 Quarter 3","Sales",42,4809750,673]
["2015 Quarter 3","Sales",44,29444044,543]
["2015 Quarter 3","Sales",45,18568237,802]
["2015 Quarter 3","Sales",48,56978,6]
["2015 Quarter 3","Sales",49,"D","D"]
["2015 Quarter 3","Sales",51,4061259,213]
["2015 Quarter 3","Sales",52,1000934,60]
["2015 Quarter 3","Sales",53,2714164,125]
["2015 Quarter 3","Sales",54,1607843,167]
["2015 Quarter 3","Sales",55,"D","D"]
["2015 Quarter 3","Sales",56,1635562,207]
["2015 Quarter 3","Sales",61,154303,44]
["2015 Quarter 3","Sales",62,21196,22]
["2015 Quarter 3","Sales",71,1023813,23]
["2015 Quarter 3","Sales",72,14654014,77]
["2015 Quarter 3","Sales",81,2443720,156]
["2015 Quarter 3","Sales",92,"D","D"]
["2015 Quarter 4","Sales",11,13848,6]
["2015 Quarter 4","Sales",21,"D","D"]
["2015 Quarter 4","Sales",22,"D","D"]
["2015 Quarter 4","Sales",23,8451710,456]
["2015 Quarter 4","Sales",31,287648,58]
["2015 Quarter 4","Sales",32,803451,82]
["2015 Quarter 4","Sales",33,472850,122]
["2015 Quarter 4","Sales",42,4952071,750]
["2015 Quarter 4","Sales",44,27996422,684]
["2015 Quarter 4","Sales",45,20956812,1148]
["2015 Quarter 4","Sales",48,10675,5]
["2015 Quarter 4","Sales",49,"D","D"]
["2015 Quarter 4","Sales",51,4527204,242]
["2015 Quarter 4","Sales",52,844870,59]
["2015 Quarter 4","Sales",53,1865339,130]
["2015 Quarter 4","Sales",54,1752021,233]
["2015 Quarter 4","Sales",55,"D","D"]
["2015 Quarter 4","Sales",56,1973117,239]
["2015 Quarter 4","Sales",61,80249,46]
["2015 Quarter 4","Sales",62,42366,24]
["2015 Quarter 4","Sales",71,928525,40]
["2015 Quarter 4","Sales",72,12333415,85]
["2015 Quarter 4","Sales",81,2665526,178]
["2015 Quarter 4","Sales",92,7013,3]
["2016 Quarter 1","Sales",11,5532,4]
["2016 Quarter 1","Sales",22,84963,3]
["2016 Quarter 1","Sales",23,9136762,434]
["2016 Quarter 1","Sales",31,334831,36]
["2016 Quarter 1","Sales",32,914983,67]
["2016 Quarter 1","Sales",33,408275,89]
["2016 Quarter 1","Sales",42,4333912,700]
["2016 Quarter 1","Sales",44,25989395,579]
["2016 Quarter 1","Sales",45,17324562,819]
["2016 Quarter 1","Sales",48,12103,4]
["2016 Quarter 1","Sales",49,"D","D"]
["2016 Quarter 1","Sales",51,4178719,223]
["2016 Quarter 1","Sales",52,869360,58]
["2016 Quarter 1","Sales",53,2171287,121]
["2016 Quarter 1","Sales",54,1553889,190]
["2016 Quarter 1","Sales",55,"D","D"]
["2016 Quarter 1","Sales",56,1627882,213]
["2016 Quarter 1","Sales",61,138668,39]
["2016 Quarter 1","Sales",62,21005,22]
["2016 Quarter 1","Sales",71,769038,20]
["2016 Quarter 1","Sales",72,12588794,71]
["2016 Quarter 1","Sales",81,2532085,145]
["2016 Quarter 1","Sales",92,12836,3]
["2016 Quarter 2","Sales",11,6538,6]
["2016 Quarter 2","Sales",21,"D","D"]
["2016 Quarter 2","Sales",22,111453,3]
["2016 Quarter 2","Sales",23,13267304,427]
["2016 Quarter 2","Sales",31,448649,42]
["2016 Quarter 2","Sales",32,967858,72]
["2016 Quarter 2","Sales",33,322040,103]
["2016 Quarter 2","Sales",42,5286422,719]
["2016 Quarter 2","Sales",44,32556297,637]
["2016 Quarter 2","Sales",45,19787883,889]
["2016 Quarter 2","Sales",48,18692,4]
["2016 Quarter 2","Sales",49,"D","D"]
["2016 Quarter 2","Sales",51,4048098,213]
["2016 Quarter 2","Sales",52,1139944,68]
["2016 Quarter 2","Sales",53,2404682,128]
["2016 Quarter 2","Sales",54,1993412,197]
["2016 Quarter 2","Sales",55,"D","D"]
["2016 Quarter 2","Sales",56,2097297,217]
["2016 Quarter 2","Sales",61,85978,49]
["2016 Quarter 2","Sales",62,20725,21]
["2016 Quarter 2","Sales",71,849774,22]
["2016 Quarter 2","Sales",72,14452307,82]
["2016 Quarter 2","Sales",81,3035746,142]
["2016 Quarter 2","Sales",92,3693,3]
["2016 Quarter 3","Sales",11,3259,3]
["2016 Quarter 3","Sales",21,"D","D"]
["2016 Quarter 3","Sales",22,196458,3]
["2016 Quarter 3","Sales",23,14346438,447]
["2016 Quarter 3","Sales",31,614608,46]
["2016 Quarter 3","Sales",32,1091144,77]
["2016 Quarter 3","Sales",33,343836,92]
["2016 Quarter 3","Sales",42,5344356,719]
["2016 Quarter 3","Sales",44,31145162,643]
["2016 Quarter 3","Sales",45,20037802,908]
["2016 Quarter 3","Sales",48,252487,4]
["2016 Quarter 3","Sales",49,"D","D"]
["2016 Quarter 3","Sales",51,4352080,226]
["2016 Quarter 3","Sales",52,1173773,59]
["2016 Quarter 3","Sales",53,2392023,126]
["2016 Quarter 3","Sales",54,2322931,198]
["2016 Quarter 3","Sales",55,"D","D"]
["2016 Quarter 3","Sales",56,2104438,220]
["2016 Quarter 3","Sales",61,119624,48]
["2016 Quarter 3","Sales",62,23867,25]
["2016 Quarter 3","Sales",71,953997,22]
["2016 Quarter 3","Sales",72,16038986,81]
["2016 Quarter 3","Sales",81,2599013,148]
["2016 Quarter 3","Sales",92,3159,3]
["2016 Quarter 4","Sales",11,17576,7]
["2016 Quarter 4","Sales",21,6173,3]
["2016 Quarter 4","Sales",22,57828,3]
["2016 Quarter 4","Sales",23,12321131,443]
["2016 Quarter 4","Sales",31,378026,70]
["2016 Quarter 4","Sales",32,737590,86]
["2016 Quarter 4","Sales",33,454872,120]
["2016 Quarter 4","Sales",42,4384649,805]
["2016 Quarter 4","Sales",44,29474795,849]
["2016 Quarter 4","Sales",45,22377706,1320]
["2016 Quarter 4","Sales",48,9147,6]
["2016 Quarter 4","Sales",49,1749,4]
["2016 Quarter 4","Sales",51,5033747,250]
["2016 Quarter 4","Sales",52,1065515,57]
["2016 Quarter 4","Sales",53,2080265,131]
["2016 Quarter 4","Sales",54,2200952,273]
["2016 Quarter 4","Sales",55,"D","D"]
["2016 Quarter 4","Sales",56,2019819,250]
["2016 Quarter 4","Sales",61,111747,55]
["2016 Quarter 4","Sales",62,41249,31]
["2016 Quarter 4","Sales",71,829270,40]
["2016 Quarter 4","Sales",72,13817211,78]
["2016 Quarter 4","Sales",81,2819045,186]
["2016 Quarter 4","Sales",92,6681,3]
["2017 Quarter 1","Sales",11,6601,5]
["2017 Quarter 1","Sales",22,35728,3]
["2017 Quarter 1","Sales",23,14592750,432]
["2017 Quarter 1","Sales",31,348085,57]
["2017 Quarter 1","Sales",32,805896,79]
["2017 Quarter 1","Sales",33,601628,105]
["2017 Quarter 1","Sales",42,3963372,730]
["2017 Quarter 1","Sales",44,27732977,754]
["2017 Quarter 1","Sales",45,17706670,981]
["2017 Quarter 1","Sales",48,8441,6]
["2017 Quarter 1","Sales",49,1998,3]
["2017 Quarter 1","Sales",51,4359083,227]
["2017 Quarter 1","Sales",52,955891,59]
["2017 Quarter 1","Sales",53,2222335,118]
["2017 Quarter 1","Sales",54,1909855,207]
["2017 Quarter 1","Sales",55,"D","D"]
["2017 Quarter 1","Sales",56,1888974,224]
["2017 Quarter 1","Sales",61,92865,41]
["2017 Quarter 1","Sales",62,24861,27]
["2017 Quarter 1","Sales",71,790042,22]
["2017 Quarter 1","Sales",72,14145725,70]
["2017 Quarter 1","Sales",81,2691290,155]
["2017 Quarter 1","Sales",92,6933,3]
["2017 Quarter 2","Sales",11,8323,5]
["2017 Quarter 2","Sales",22,118952,5]
["2017 Quarter 2","Sales",23,17701058,426]
["2017 Quarter 2","Sales",31,361830,52]
["2017 Quarter 2","Sales",32,1674469,88]
["2017 Quarter 2","Sales",33,602096,104]
["2017 Quarter 2","Sales",42,4699623,743]
["2017 Quarter 2","Sales",44,34211922,755]
["2017 Quarter 2","Sales",45,19354525,1037]
["2017 Quarter 2","Sales",48,20999,5]
["2017 Quarter 2","Sales",49,"D","D"]
["2017 Quarter 2","Sales",51,4471726,236]
["2017 Quarter 2","Sales",52,1028554,56]
["2017 Quarter 2","Sales",53,2362107,118]
["2017 Quarter 2","Sales",54,2111116,207]
["2017 Quarter 2","Sales",55,"D","D"]
["2017 Quarter 2","Sales",56,1998746,232]
["2017 Quarter 2","Sales",61,72813,48]
["2017 Quarter 2","Sales",62,27178,22]
["2017 Quarter 2","Sales",71,870237,22]
["2017 Quarter 2","Sales",72,16141426,75]
["2017 Quarter 2","Sales",81,2731003,166]
["2017 Quarter 2","Sales",92,"D","D"]
["2017 Quarter 3","Sales",11,4495,3]
["2017 Quarter 3","Sales",22,178048,3]
["2017 Quarter 3","Sales",23,22756121,431]
["2017 Quarter 3","Sales",31,472660,53]
["2017 Quarter 3","Sales",32,2035362,79]
["2017 Quarter 3","Sales",33,524494,97]
["2017 Quarter 3","Sales",42,4287798,737]
["2017 Quarter 3","Sales",44,32685039,819]
["2017 Quarter 3","Sales",45,20612691,1089]
["2017 Quarter 3","Sales",48,3948,4]
["2017 Quarter 3","Sales",49,"D","D"]
["2017 Quarter 3","Sales",51,4217808,234]
["2017 Quarter 3","Sales",52,998373,54]
["2017 Quarter 3","Sales",53,2300335,122]
["2017 Quarter 3","Sales",54,2201001,218]
["2017 Quarter 3","Sales",55,"D","D"]
["2017 Quarter 3","Sales",56,2046894,235]
["2017 Quarter 3","Sales",61,108388,45]
["2017 Quarter 3","Sales",62,27952,24]
["2017 Quarter 3","Sales",71,1016801,30]
["2017 Quarter 3","Sales",72,17273818,84]
["2017 Quarter 3","Sales",81,2840513,166]
["2017 Quarter 3","Sales",92,1059,3]
["2017 Quarter 4","Sales",11,16727,9]
["2017 Quarter 4","Sales",21,"D","D"]
["2017 Quarter 4","Sales",22,63397,3]
["2017 Quarter 4","Sales",23,25325567,427]
["2017 Quarter 4","Sales",31,414775,81]
["2017 Quarter 4","Sales",32,1299383,99]
["2017 Quarter 4","Sales",33,379992,122]
["2017 Quarter 4","Sales",42,5217491,805]
["2017 Quarter 4","Sales",44,31049135,1008]
["2017 Quarter 4","Sales",45,23100595,1513]
["2017 Quarter 4","Sales",48,9078,7]
["2017 Quarter 4","Sales",49,2423,6]
["2017 Quarter 4","Sales",51,5121496,264]
["2017 Quarter 4","Sales",52,945875,58]
["2017 Quarter 4","Sales",53,2049689,132]
["2017 Quarter 4","Sales",54,2361730,275]
["2017 Quarter 4","Sales",55,3939,3]
["2017 Quarter 4","Sales",56,1933552,261]
["2017 Quarter 4","Sales",61,114865,48]
["2017 Quarter 4","Sales",62,47065,32]
["2017 Quarter 4","Sales",71,933336,53]
["2017 Quarter 4","Sales",72,14323351,80]
["2017 Quarter 4","Sales",81,2760317,190]
["2017 Quarter 4","Sales",92,8412,4]
["2018 Quarter 1","Sales",11,"D","D"]
["2018 Quarter 1","Sales",21,"D","D"]
["2018 Quarter 1","Sales",22,38587,3]
["2018 Quarter 1","Sales",23,22553629,430]
["2018 Quarter 1","Sales",31,445521,50]
["2018 Quarter 1","Sales",32,1324423,83]
["2018 Quarter 1","Sales",33,338609,92]
["2018 Quarter 1","Sales",42,4949660,736]
["2018 Quarter 1","Sales",44,29111630,720]
["2018 Quarter 1","Sales",45,19983111,856]
["2018 Quarter 1","Sales",48,6533,5]
["2018 Quarter 1","Sales",49,6007,4]
["2018 Quarter 1","Sales",51,4577033,239]
["2018 Quarter 1","Sales",52,1010069,55]
["2018 Quarter 1","Sales",53,2438325,128]
["2018 Quarter 1","Sales",54,2069520,217]
["2018 Quarter 1","Sales",55,"D","D"]
["2018 Quarter 1","Sales",56,3049340,222]
["2018 Quarter 1","Sales",61,75271,45]
["2018 Quarter 1","Sales",62,21896,20]
["2018 Quarter 1","Sales",71,788822,27]
["2018 Quarter 1","Sales",72,15159763,76]
["2018 Quarter 1","Sales",81,2788003,162]
["2018 Quarter 1","Sales",92,773,3]
["2018 Quarter 2","Sales",11,12290,5]
["2018 Quarter 2","Sales",22,122811,5]
["2018 Quarter 2","Sales",23,23179334,455]
["2018 Quarter 2","Sales",31,442204,60]
["2018 Quarter 2","Sales",32,1540466,90]
["2018 Quarter 2","Sales",33,467845,102]
["2018 Quarter 2","Sales",42,5467555,752]
["2018 Quarter 2","Sales",44,34569744,729]
["2018 Quarter 2","Sales",45,21518830,872]
["2018 Quarter 2","Sales",48,8701,7]
["2018 Quarter 2","Sales",49,7797,4]
["2018 Quarter 2","Sales",51,4603533,245]
["2018 Quarter 2","Sales",52,1174414,62]
["2018 Quarter 2","Sales",53,3010824,136]
["2018 Quarter 2","Sales",54,2355032,219]
["2018 Quarter 2","Sales",55,"D","D"]
["2018 Quarter 2","Sales",56,3453262,219]
["2018 Quarter 2","Sales",61,72352,44]
["2018 Quarter 2","Sales",62,22422,20]
["2018 Quarter 2","Sales",71,961858,30]
["2018 Quarter 2","Sales",72,17393804,84]
["2018 Quarter 2","Sales",81,2916891,168]
["2018 Quarter 2","Sales",92,1049,3]
["2018 Quarter 3","Sales",11,11945,3]
["2018 Quarter 3","Sales",21,"D","D"]
["2018 Quarter 3","Sales",22,163469,5]
["2018 Quarter 3","Sales",23,26053553,456]
["2018 Quarter 3","Sales",31,557869,56]
["2018 Quarter 3","Sales",32,1735276,90]
["2018 Quarter 3","Sales",33,354762,99]
["2018 Quarter 3","Sales",42,5002331,727]
["2018 Quarter 3","Sales",44,34433764,788]
["2018 Quarter 3","Sales",45,22740116,911]
["2018 Quarter 3","Sales",48,15781,9]
["2018 Quarter 3","Sales",49,6818,4]
["2018 Quarter 3","Sales",51,4540679,251]
["2018 Quarter 3","Sales",52,1139028,61]
["2018 Quarter 3","Sales",53,2180545,123]
["2018 Quarter 3","Sales",54,2340522,226]
["2018 Quarter 3","Sales",55,"D","D"]
["2018 Quarter 3","Sales",56,3466861,228]
["2018 Quarter 3","Sales",61,73053,42]
["2018 Quarter 3","Sales",62,28986,23]
["2018 Quarter 3","Sales",71,995327,30]
["2018 Quarter 3","Sales",72,18015046,85]
["2018 Quarter 3","Sales",81,2910133,169]
["2018 Quarter 3","Sales",92,"D","D"]
["2018 Quarter 4","Sales",11,27664,9]
["2018 Quarter 4","Sales",21,"D","D"]
["2018 Quarter 4","Sales",22,32098,4]
["2018 Quarter 4","Sales",23,25474109,450]
["2018 Quarter 4","Sales",31,382352,90]
["2018 Quarter 4","Sales",32,631054,98]
["2018 Quarter 4","Sales",33,280165,129]
["2018 Quarter 4","Sales",42,5533622,768]
["2018 Quarter 4","Sales",44,32027062,986]
["2018 Quarter 4","Sales",45,26653613,1210]
["2018 Quarter 4","Sales",48,14124,8]
["2018 Quarter 4","Sales",49,12427,6]
["2018 Quarter 4","Sales",51,5268309,296]
["2018 Quarter 4","Sales",52,1064497,65]
["2018 Quarter 4","Sales",53,1855151,123]
["2018 Quarter 4","Sales",54,2693234,271]
["2018 Quarter 4","Sales",55,"D","D"]
["2018 Quarter 4","Sales",56,4165397,261]
["2018 Quarter 4","Sales",61,66046,52]
["2018 Quarter 4","Sales",62,51674,31]
["2018 Quarter 4","Sales",71,909380,51]
["2018 Quarter 4","Sales",72,15539171,86]
["2018 Quarter 4","Sales",81,2832669,195]
["2018 Quarter 4","Sales",92,2131,4]
["2019 Quarter 1","Sales",11,7582,5]
["2019 Quarter 1","Sales",22,108439,5]
["2019 Quarter 1","Sales",23,11980848,413]
["2019 Quarter 1","Sales",31,363641,71]
["2019 Quarter 1","Sales",32,576691,88]
["2019 Quarter 1","Sales",33,329273,106]
["2019 Quarter 1","Sales",42,5754839,776]
["2019 Quarter 1","Sales",44,29709013,1037]
["2019 Quarter 1","Sales",45,22139547,1143]
["2019 Quarter 1","Sales",48,9210,3]
["2019 Quarter 1","Sales",49,9600,4]
["2019 Quarter 1","Sales",51,4899069,295]
["2019 Quarter 1","Sales",52,894882,64]
["2019 Quarter 1","Sales",53,1924978,115]
["2019 Quarter 1","Sales",54,2119305,257]
["2019 Quarter 1","Sales",55,"D","D"]
["2019 Quarter 1","Sales",56,3210198,232]
["2019 Quarter 1","Sales",61,67652,47]
["2019 Quarter 1","Sales",62,28278,22]
["2019 Quarter 1","Sales",71,894021,32]
["2019 Quarter 1","Sales",72,15463657,74]
["2019 Quarter 1","Sales",81,2750305,178]
["2019 Quarter 1","Sales",92,1709,4]
["2019 Quarter 2","Sales",11,9182,3]
["2019 Quarter 2","Sales",22,85441,5]
["2019 Quarter 2","Sales",23,17672411,456]
["2019 Quarter 2","Sales",31,468695,61]
["2019 Quarter 2","Sales",32,839536,107]
["2019 Quarter 2","Sales",33,542945,119]
["2019 Quarter 2","Sales",42,6941366,794]
["2019 Quarter 2","Sales",44,33936573,1129]
["2019 Quarter 2","Sales",45,24742094,1271]
["2019 Quarter 2","Sales",48,39854,8]
["2019 Quarter 2","Sales",49,11386,5]
["2019 Quarter 2","Sales",51,4772403,324]
["2019 Quarter 2","Sales",52,1118283,66]
["2019 Quarter 2","Sales",53,2313064,119]
["2019 Quarter 2","Sales",54,2442293,272]
["2019 Quarter 2","Sales",55,"D","D"]
["2019 Quarter 2","Sales",56,3680708,265]
["2019 Quarter 2","Sales",61,71866,51]
["2019 Quarter 2","Sales",62,48745,28]
["2019 Quarter 2","Sales",71,914107,39]
["2019 Quarter 2","Sales",72,17518764,83]
["2019 Quarter 2","Sales",81,3033865,186]
["2019 Quarter 2","Sales",92,4465,3]
["2019 Quarter 3","Sales",11,4847,4]
["2019 Quarter 3","Sales",21,"D","D"]
["2019 Quarter 3","Sales",22,151176,5]
["2019 Quarter 3","Sales",23,13021227,464]
["2019 Quarter 3","Sales",31,635568,70]
["2019 Quarter 3","Sales",32,778771,111]
["2019 Quarter 3","Sales",33,553891,118]
["2019 Quarter 3","Sales",42,6028071,784]
["2019 Quarter 3","Sales",44,32687572,1204]
["2019 Quarter 3","Sales",45,25726532,1330]
["2019 Quarter 3","Sales",48,17499,4]
["2019 Quarter 3","Sales",49,8949,3]
["2019 Quarter 3","Sales",51,4986301,330]
["2019 Quarter 3","Sales",52,1205228,67]
["2019 Quarter 3","Sales",53,2280045,124]
["2019 Quarter 3","Sales",54,2699698,279]
["2019 Quarter 3","Sales",55,"D","D"]
["2019 Quarter 3","Sales",56,3802476,245]
["2019 Quarter 3","Sales",61,79995,48]
["2019 Quarter 3","Sales",62,33857,23]
["2019 Quarter 3","Sales",71,1100676,39]
["2019 Quarter 3","Sales",72,18074442,82]
["2019 Quarter 3","Sales",81,3018932,180]
["2019 Quarter 3","Sales",92,3127,3]
["2019 Quarter 4","Sales",11,14615,10]
["2019 Quarter 4","Sales",21,"D","D"]
["2019 Quarter 4","Sales",22,26477,5]
["2019 Quarter 4","Sales",23,14507363,456]
["2019 Quarter 4","Sales",31,478140,79]
["2019 Quarter 4","Sales",32,946756,125]
["2019 Quarter 4","Sales",33,366580,139]
["2019 Quarter 4","Sales",42,5799464,873]
["2019 Quarter 4","Sales",44,31212005,1361]
["2019 Quarter 4","Sales",45,29901822,1548]
["2019 Quarter 4","Sales",48,183387,4]
["2019 Quarter 4","Sales",49,37151,4]
["2019 Quarter 4","Sales",51,5295724,360]
["2019 Quarter 4","Sales",52,1134893,61]
["2019 Quarter 4","Sales",53,1965243,126]
["2019 Quarter 4","Sales",54,2765315,316]
["2019 Quarter 4","Sales",55,"D","D"]
["2019 Quarter 4","Sales",56,4265254,271]
["2019 Quarter 4","Sales",61,68912,58]
["2019 Quarter 4","Sales",62,59852,27]
["2019 Quarter 4","Sales",71,1213998,49]
["2019 Quarter 4","Sales",72,16012920,77]
["2019 Quarter 4","Sales",81,3134813,187]
["2019 Quarter 4","Sales",92,2110,5]
["2020 Quarter 1","Sales",11,3825,10]
["2020 Quarter 1","Sales",22,20815,3]
["2020 Quarter 1","Sales",23,11590736,449]
["2020 Quarter 1","Sales",31,377245,84]
["2020 Quarter 1","Sales",32,339899,114]
["2020 Quarter 1","Sales",33,341162,116]
["2020 Quarter 1","Sales",42,7187230,832]
["2020 Quarter 1","Sales",44,29626283,1333]
["2020 Quarter 1","Sales",45,23897368,1468]
["2020 Quarter 1","Sales",48,50278,7]
["2020 Quarter 1","Sales",49,12263,3]
["2020 Quarter 1","Sales",51,4821504,361]
["2020 Quarter 1","Sales",52,982200,63]
["2020 Quarter 1","Sales",53,1962190,122]
["2020 Quarter 1","Sales",54,2157512,296]
["2020 Quarter 1","Sales",55,"D","D"]
["2020 Quarter 1","Sales",56,4186143,250]
["2020 Quarter 1","Sales",61,75361,55]
["2020 Quarter 1","Sales",62,40167,23]
["2020 Quarter 1","Sales",71,912062,35]
["2020 Quarter 1","Sales",72,14571266,76]
["2020 Quarter 1","Sales",81,2787404,180]
["2020 Quarter 1","Sales",92,501,3]
["2020 Quarter 2","Sales",11,17111,9]
["2020 Quarter 2","Sales",22,67251,4]
["2020 Quarter 2","Sales",23,11273404,427]
["2020 Quarter 2","Sales",31,361012,88]
["2020 Quarter 2","Sales",32,256225,111]
["2020 Quarter 2","Sales",33,730282,138]
["2020 Quarter 2","Sales",42,7230630,892]
["2020 Quarter 2","Sales",44,38055583,1520]
["2020 Quarter 2","Sales",45,29593871,1674]
["2020 Quarter 2","Sales",48,39166,7]
["2020 Quarter 2","Sales",49,26354,4]
["2020 Quarter 2","Sales",51,5457940,372]
["2020 Quarter 2","Sales",52,1012585,68]
["2020 Quarter 2","Sales",53,2086666,129]
["2020 Quarter 2","Sales",54,2598410,298]
["2020 Quarter 2","Sales",55,"D","D"]
["2020 Quarter 2","Sales",56,4732486,234]
["2020 Quarter 2","Sales",61,83833,55]
["2020 Quarter 2","Sales",62,36926,22]
["2020 Quarter 2","Sales",71,363950,37]
["2020 Quarter 2","Sales",72,14455906,79]
["2020 Quarter 2","Sales",81,2189337,185]
["2020 Quarter 2","Sales",92,6915,3]
["2020 Quarter 3","Sales",11,12655,10]
["2020 Quarter 3","Sales",22,154187,4]
["2020 Quarter 3","Sales",23,13093999,471]
["2020 Quarter 3","Sales",31,582451,84]
["2020 Quarter 3","Sales",32,361744,121]
["2020 Quarter 3","Sales",33,729900,153]
["2020 Quarter 3","Sales",42,7819202,939]
["2020 Quarter 3","Sales",44,38957043,1574]
["2020 Quarter 3","Sales",45,30211735,1755]
["2020 Quarter 3","Sales",48,38834,4]
["2020 Quarter 3","Sales",49,33305,5]
["2020 Quarter 3","Sales",51,5957058,397]
["2020 Quarter 3","Sales",52,1309415,67]
["2020 Quarter 3","Sales",53,2529317,130]
["2020 Quarter 3","Sales",54,3153466,305]
["2020 Quarter 3","Sales",55,"D","D"]
["2020 Quarter 3","Sales",56,4904219,249]
["2020 Quarter 3","Sales",61,144061,62]
["2020 Quarter 3","Sales",62,52772,27]
["2020 Quarter 3","Sales",71,1063703,35]
["2020 Quarter 3","Sales",72,18309788,82]
["2020 Quarter 3","Sales",81,2868994,175]
["2020 Quarter 3","Sales",92,1142,4]
["2020 Quarter 4","Sales",11,10021,10]
["2020 Quarter 4","Sales",21,"D","D"]
["2020 Quarter 4","Sales",22,48077,4]
["2020 Quarter 4","Sales",23,15955904,504]
["2020 Quarter 4","Sales",31,448847,118]
["2020 Quarter 4","Sales",32,306260,139]
["2020 Quarter 4","Sales",33,589023,183]
["2020 Quarter 4","Sales",42,7071631,1000]
["2020 Quarter 4","Sales",44,37583078,1696]
["2020 Quarter 4","Sales",45,33342414,1947]
["2020 Quarter 4","Sales",48,65214,9]
["2020 Quarter 4","Sales",49,463479,8]
["2020 Quarter 4","Sales",51,7114330,444]
["2020 Quarter 4","Sales",52,1113005,68]
["2020 Quarter 4","Sales",53,2039213,124]
["2020 Quarter 4","Sales",54,3332567,355]
["2020 Quarter 4","Sales",55,1850,3]
["2020 Quarter 4","Sales",56,6817818,279]
["2020 Quarter 4","Sales",61,59560,65]
["2020 Quarter 4","Sales",62,49124,32]
["2020 Quarter 4","Sales",71,780598,58]
["2020 Quarter 4","Sales",72,16046277,82]
["2020 Quarter 4","Sales",81,2911363,222]
["2020 Quarter 4","Sales",92,745,3]
["2021 Quarter 1","Sales",11,54696,11]
["2021 Quarter 1","Sales",22,58811,5]
["2021 Quarter 1","Sales",23,11518356,486]
["2021 Quarter 1","Sales",31,427291,99]
["2021 Quarter 1","Sales",32,242722,112]
["2021 Quarter 1","Sales",33,385949,153]
["2021 Quarter 1","Sales",42,6933496,992]
["2021 Quarter 1","Sales",44,35573081,1717]
["2021 Quarter 1","Sales",45,29008536,1913]
["2021 Quarter 1","Sales",48,29282,9]
["2021 Quarter 1","Sales",49,1160816,6]
["2021 Quarter 1","Sales",51,6770583,448]
["2021 Quarter 1","Sales",52,1093181,69]
["2021 Quarter 1","Sales",53,2050762,119]
["2021 Quarter 1","Sales",54,3135755,344]
["2021 Quarter 1","Sales",55,"D","D"]
["2021 Quarter 1","Sales",56,5806852,262]
["2021 Quarter 1","Sales",61,75708,66]
["2021 Quarter 1","Sales",62,62893,27]
["2021 Quarter 1","Sales",71,915279,39]
["2021 Quarter 1","Sales",72,16508922,83]
["2021 Quarter 1","Sales",81,2965574,184]
["2021 Quarter 1","Sales",92,519,3]
["2021 Quarter 2","Sales",11,14233,13]
["2021 Quarter 2","Sales",22,88441,4]
["2021 Quarter 2","Sales",23,14365874,500]
["2021 Quarter 2","Sales",31,577003,105]
["2021 Quarter 2","Sales",32,403410,134]
["2021 Quarter 2","Sales",33,566789,167]
["2021 Quarter 2","Sales",42,9430709,1007]
["2021 Quarter 2","Sales",44,45131754,1782]
["2021 Quarter 2","Sales",45,32062459,2010]
["2021 Quarter 2","Sales",48,66211,9]
["2021 Quarter 2","Sales",49,1373900,8]
["2021 Quarter 2","Sales",51,6593912,450]
["2021 Quarter 2","Sales",52,1358426,75]
["2021 Quarter 2","Sales",53,2573941,130]
["2021 Quarter 2","Sales",54,3052388,341]
["2021 Quarter 2","Sales",55,"D","D"]
["2021 Quarter 2","Sales",56,5427892,277]
["2021 Quarter 2","Sales",61,233137,58]
["2021 Quarter 2","Sales",62,59475,27]
["2021 Quarter 2","Sales",71,1152104,35]
["2021 Quarter 2","Sales",72,19512836,80]
["2021 Quarter 2","Sales",81,3211470,187]
["2021 Quarter 2","Sales",92,63039,3]
["2021 Quarter 3","Sales",11,8908,10]
["2021 Quarter 3","Sales",22,170102,3]
["2021 Quarter 3","Sales",23,17065481,514]
["2021 Quarter 3","Sales",31,626646,99]
["2021 Quarter 3","Sales",32,849076,141]
["2021 Quarter 3","Sales",33,622993,153]
["2021 Quarter 3","Sales",42,7591322,1029]
["2021 Quarter 3","Sales",44,41975254,1722]
["2021 Quarter 3","Sales",45,30742867,2002]
["2021 Quarter 3","Sales",48,44514,7]
["2021 Quarter 3","Sales",49,1555394,7]
["2021 Quarter 3","Sales",51,6762876,474]
["2021 Quarter 3","Sales",52,1400585,71]
["2021 Quarter 3","Sales",53,2918396,123]
["2021 Quarter 3","Sales",54,3327197,347]
["2021 Quarter 3","Sales",55,4583,3]
["2021 Quarter 3","Sales",56,5355706,286]
["2021 Quarter 3","Sales",61,134753,70]
["2021 Quarter 3","Sales",62,55962,25]
["2021 Quarter 3","Sales",71,1268803,42]
["2021 Quarter 3","Sales",72,21186672,86]
["2021 Quarter 3","Sales",81,3067410,179]
["2021 Quarter 3","Sales",92,5738,3]
["2021 Quarter 4","Sales",11,10218,11]
["2021 Quarter 4","Sales",21,"D","D"]
["2021 Quarter 4","Sales",22,43503,4]
["2021 Quarter 4","Sales",23,16190329,554]
["2021 Quarter 4","Sales",31,490873,118]
["2021 Quarter 4","Sales",32,391801,140]
["2021 Quarter 4","Sales",33,556947,203]
["2021 Quarter 4","Sales",42,7296170,1058]
["2021 Quarter 4","Sales",44,40390544,1913]
["2021 Quarter 4","Sales",45,34043606,2223]
["2021 Quarter 4","Sales",48,42239,6]
["2021 Quarter 4","Sales",49,1731235,6]
["2021 Quarter 4","Sales",51,7471214,514]
["2021 Quarter 4","Sales",52,1394181,71]
["2021 Quarter 4","Sales",53,2796505,122]
["2021 Quarter 4","Sales",54,3159392,394]
["2021 Quarter 4","Sales",55,"D","D"]
["2021 Quarter 4","Sales",56,6311929,290]
["2021 Quarter 4","Sales",61,77660,76]
["2021 Quarter 4","Sales",62,58420,30]
["2021 Quarter 4","Sales",71,1172905,57]
["2021 Quarter 4","Sales",72,18208980,88]
["2021 Quarter 4","Sales",81,3122826,219]
["2021 Quarter 4","Sales",92,2313,3]
["2022 Quarter 1","Sales",11,16234,14]
["2022 Quarter 1","Sales",22,60963,4]
["2022 Quarter 1","Sales",23,17763142,501]
["2022 Quarter 1","Sales",31,517064,98]
["2022 Quarter 1","Sales",32,368079,130]
["2022 Quarter 1","Sales",33,400166,177]
["2022 Quarter 1","Sales",42,8419093,1011]
["2022 Quarter 1","Sales",44,37438949,1834]
["2022 Quarter 1","Sales",45,28246494,2111]
["2022 Quarter 1","Sales",48,42868,6]
["2022 Quarter 1","Sales",49,1938621,5]
["2022 Quarter 1","Sales",51,6864993,471]
["2022 Quarter 1","Sales",52,1189261,72]
["2022 Quarter 1","Sales",53,2711083,115]
["2022 Quarter 1","Sales",54,2796121,365]
["2022 Quarter 1","Sales",55,4240,3]
["2022 Quarter 1","Sales",56,5309584,294]
["2022 Quarter 1","Sales",61,82480,72]
["2022 Quarter 1","Sales",62,64378,29]
["2022 Quarter 1","Sales",71,1166373,35]
["2022 Quarter 1","Sales",72,17674154,82]
["2022 Quarter 1","Sales",81,3077258,178]
["2022 Quarter 1","Sales",92,1514,3]

{"sheet":"NAICS","index":12,"n_rows":2307,"n_cols":2,"rows_kept":2307,"cut":false,"hidden":false,"merged":[]}
["NAICS Code","NAICS Title"]
[11,"Agriculture, Forestry, Fishing and Hunting"]
[111,"Crop Production "]
[1111,"Oilseed and Grain Farming"]
[11111,"Soybean Farming"]
[111110,"Soybean Farming"]
[11112,"Oilseed (except Soybean) Farming "]
[111120,"Oilseed (except Soybean) Farming "]
[11113,"Dry Pea and Bean Farming"]
[111130,"Dry Pea and Bean Farming "]
[11114,"Wheat Farming"]
[111140,"Wheat Farming"]
[11115,"Corn Farming"]
[111150,"Corn Farming "]
[11116,"Rice Farming"]
[111160,"Rice Farming"]
[11119,"Other Grain Farming"]
[111191,"Oilseed and Grain Combination Farming "]
[111199,"All Other Grain Farming "]
[1112,"Vegetable and Melon Farming "]
[11121,"Vegetable and Melon Farming"]
[111211,"Potato Farming "]
[111219,"Other Vegetable (except Potato) and Melon Farming "]
[1113,"Fruit and Tree Nut Farming "]
[11131,"Orange Groves"]
[111310,"Orange Groves"]
[11132,"Citrus (except Orange) Groves "]
[111320,"Citrus (except Orange) Groves "]
[11133,"Noncitrus Fruit and Tree Nut Farming"]
[111331,"Apple Orchards "]
[111332,"Grape Vineyards "]
[111333,"Strawberry Farming "]
[111334,"Berry (except Strawberry) Farming "]
[111335,"Tree Nut Farming "]
[111336,"Fruit and Tree Nut Combination Farming "]
[111339,"Other Noncitrus Fruit Farming "]
[1114,"Greenhouse, Nursery, and Floriculture Production "]
[11141,"Food Crops Grown Under Cover"]
[111411,"Mushroom Production "]
[111419,"Other Food Crops Grown Under Cover "]
[11142,"Nursery and Floriculture Production"]
[111421,"Nursery and Tree Production "]
[111422,"Floriculture Production "]
[1119,"Other Crop Farming "]
[11191,"Tobacco Farming"]
[111910,"Tobacco Farming"]
[11192,"Cotton Farming"]
[111920,"Cotton Farming"]
[11193,"Sugarcane Farming "]
[111930,"Sugarcane Farming"]
[11194,"Hay Farming "]
[111940,"Hay Farming "]
[11199,"All Other Crop Farming "]
[111991,"Sugar Beet Farming "]
[111992,"Peanut Farming "]
[111998,"All Other Miscellaneous Crop Farming "]
[112,"Animal Production and Aquaculture "]
[1121,"Cattle Ranching and Farming "]
[11211,"Beef Cattle Ranching and Farming, including Feedlots "]
[112111,"Beef Cattle Ranching and Farming "]
[112112,"Cattle Feedlots "]
[11212,"Dairy Cattle and Milk Production"]
[112120,"Dairy Cattle and Milk Production"]
[11213,"Dual-Purpose Cattle Ranching and Farming "]
[112130,"Dual-Purpose Cattle Ranching and Farming "]
[1122,"Hog and Pig Farming "]
[11221,"Hog and Pig Farming "]
[112210,"Hog and Pig Farming "]
[1123,"Poultry and Egg Production "]
[11231,"Chicken Egg Production "]
[112310,"Chicken Egg Production "]
[11232,"Broilers and Other Meat Type Chicken Production "]
[112320,"Broilers and Other Meat Type Chicken Production "]
[11233,"Turkey Production"]
[112330,"Turkey Production"]
[11234,"Poultry Hatcheries "]
[112340,"Poultry Hatcheries"]
[11239,"Other Poultry Production "]
[112390,"Other Poultry Production "]
[1124,"Sheep and Goat Farming "]
[11241,"Sheep Farming "]
[112410,"Sheep Farming"]
[11242,"Goat Farming"]
[112420,"Goat Farming"]
[1125,"Aquaculture "]
[11251,"Aquaculture "]
[112511,"Finfish Farming and Fish Hatcheries "]
[112512,"Shellfish Farming "]
[112519,"Other Aquaculture "]
[1129,"Other Animal Production "]
[11291,"Apiculture"]
[112910,"Apiculture"]
[11292,"Horses and Other Equine Production "]
[112920,"Horses and Other Equine Production"]
[11293,"Fur-Bearing Animal and Rabbit Production "]
[112930,"Fur-Bearing Animal and Rabbit Production"]
[11299,"All Other Animal Production "]
[112990,"All Other Animal Production "]
[113,"Forestry and Logging "]
[1131,"Timber Tract Operations "]
[11311,"Timber Tract Operations "]
[113110,"Timber Tract Operations"]
[1132,"Forest Nurseries and Gathering of Forest Products "]
[11321,"Forest Nurseries and Gathering of Forest Products "]
[113210,"Forest Nurseries and Gathering of Forest Products "]
[1133,"Logging "]
[11331,"Logging "]
[113310,"Logging "]
[114,"Fishing, Hunting and Trapping "]
[1141,"Fishing "]
[11411,"Fishing "]
[114111,"Finfish Fishing "]
[114112,"Shellfish Fishing "]
[114119,"Other Marine Fishing "]
[1142,"Hunting and Trapping "]
[11421,"Hunting and Trapping "]
[114210,"Hunting and Trapping"]
[115,"Support Activities for Agriculture and Forestry "]
[1151,"Support Activities for Crop Production "]
[11511,"Support Activities for Crop Production "]
[115111,"Cotton Ginning "]
[115112,"Soil Preparation, Planting, and Cultivating "]
[115113,"Crop Harvesting, Primarily by Machine "]
[115114,"Postharvest Crop Activities (except Cotton Ginning) "]
[115115,"Farm Labor Contractors and Crew Leaders "]
[115116,"Farm Management Services "]
[1152,"Support Activities for Animal Production "]
[11521,"Support Activities for Animal Production "]
[115210,"Support Activities for Animal Production"]
[1153,"Support Activities for Forestry "]
[11531,"Support Activities for Forestry "]
[115310,"Support Activities for Forestry"]
[21,"Mining, Quarrying, and Oil and Gas Extraction"]
[211,"Oil and Gas Extraction "]
[2111,"Oil and Gas Extraction "]
[21111,"Oil and Gas Extraction "]
[211111,"Crude Petroleum and Natural Gas Extraction "]
[211112,"Natural Gas Liquid Extraction "]
[212,"Mining (except Oil and Gas) "]
[2121,"Coal Mining "]
[21211,"Coal Mining "]
[212111,"Bituminous Coal and Lignite Surface Mining "]
[212112,"Bituminous Coal Underground Mining "]
[212113,"Anthracite Mining "]
[2122,"Metal Ore Mining "]
[21221,"Iron Ore Mining "]
[212210,"Iron Ore Mining"]
[21222,"Gold Ore and Silver Ore Mining "]
[212221,"Gold Ore Mining "]
[212222,"Silver Ore Mining "]
[21223,"Copper, Nickel, Lead, and Zinc Mining "]
[212231,"Lead Ore and Zinc Ore Mining "]
[212234,"Copper Ore and Nickel Ore Mining "]
[21229,"Other Metal Ore Mining "]
[212291,"Uranium-Radium-Vanadium Ore Mining "]
[212299,"All Other Metal Ore Mining "]
[2123,"Nonmetallic Mineral Mining and Quarrying "]
[21231,"Stone Mining and Quarrying "]
[212311,"Dimension Stone Mining and Quarrying "]
[212312,"Crushed and Broken Limestone Mining and Quarrying "]
[212313,"Crushed and Broken Granite Mining and Quarrying "]
[212319,"Other Crushed and Broken Stone Mining and Quarrying "]
[21232,"Sand, Gravel, Clay, and Ceramic and Refractory Minerals Mining and Quarrying "]
[212321,"Construction Sand and Gravel Mining "]
[212322,"Industrial Sand Mining "]
[212324,"Kaolin and Ball Clay Mining "]
[212325,"Clay and Ceramic and Refractory Minerals Mining "]
[21239,"Other Nonmetallic Mineral Mining and Quarrying "]
[212391,"Potash, Soda, and Borate Mineral Mining "]
[212392,"Phosphate Rock Mining "]
[212393,"Other Chemical and Fertilizer Mineral Mining "]
[212399,"All Other Nonmetallic Mineral Mining "]
[213,"Support Activities for Mining "]
[2131,"Support Activities for Mining "]
[21311,"Support Activities for Mining "]
[213111,"Drilling Oil and Gas Wells"]
[213112,"Support Activities for Oil and Gas Operations "]
[213113,"Support Activities for Coal Mining "]
[213114,"Support Activities for Metal Mining "]
[213115,"Support Activities for Nonmetallic Minerals (except Fuels) Mining "]
[22,"Utilities"]
[221,"Utilities "]
[2211,"Electric Power Generation, Transmission and Distribution"]
[22111,"Electric Power Generation "]
[221111,"Hydroelectric Power Generation "]
[221112,"Fossil Fuel Electric Power Generation "]
[221113,"Nuclear Electric Power Generation "]
[221114,"Solar Electric Power Generation "]
[221115,"Wind Electric Power Generation "]
[221116,"Geothermal Electric Power Generation "]
[221117,"Biomass Electric Power Generation "]
[221118,"Other Electric Power Generation "]
[221119,"Other Electric Power Generation"]
[22112,"Electric Power Transmission, Control, and Distribution "]
[221121,"Electric Bulk Power Transmission and Control "]
[221122,"Electric Power Distribution "]
[2212,"Natural Gas Distribution "]
[22121,"Natural Gas Distribution "]
[221210,"Natural Gas Distribution "]
[2213,"Water, Sewage and Other Systems "]
[22131,"Water Supply and Irrigation Systems "]
[221310,"Water Supply and Irrigation Systems "]
[22132,"Sewage Treatment Facilities "]
[221320,"Sewage Treatment Facilities "]
[22133,"Steam and Air-Conditioning Supply "]
[221330,"Steam and Air-Conditioning Supply "]
[23,"Construction"]
[236,"Construction of Buildings "]
[2361,"Residential Building Construction "]
[23611,"Residential Building Construction "]
[236115,"New Single-Family Housing Construction (except For-Sale Builders) "]
[236116,"New Multifamily Housing Construction (except For-Sale Builders) "]
[236117,"New Housing For-Sale Builders "]
[236118,"Residential Remodelers "]
[2362,"Nonresidential Building Construction "]
[23621,"Industrial Building Construction "]
[236210,"Industrial Building Construction "]
[23622,"Commercial and Institutional Building Construction "]
[236220,"Commercial and Institutional Building Construction "]
[237,"Heavy and Civil Engineering Construction "]
[2371,"Utility System Construction"]
[23711,"Water and Sewer Line and Related Structures Construction "]
[237110,"Water and Sewer Line and Related Structures Construction "]
[23712,"Oil and Gas Pipeline and Related Structures Construction "]
[237120,"Oil and Gas Pipeline and Related Structures Construction "]
[23713,"Power and Communication Line and Related Structures Construction "]
[237130,"Power and Communication Line and Related Structures Construction "]
[2372,"Land Subdivision "]
[23721,"Land Subdivision "]
[237210,"Land Subdivision "]
[2373,"Highway, Street, and Bridge Construction "]
[23731,"Highway, Street, and Bridge Construction "]
[237310,"Highway, Street, and Bridge Construction "]
[2379,"Other Heavy and Civil Engineering Construction "]
[23799,"Other Heavy and Civil Engineering Construction"]
[237990,"Other Heavy and Civil Engineering Construction "]
[238,"Specialty Trade Contractors "]
[2381,"Foundation, Structure, and Building Exterior Contractors "]
[23811,"Poured Concrete Foundation and Structure Contractors "]
[238110,"Poured Concrete Foundation and Structure Contractors "]
[23812,"Structural Steel and Precast Concrete Contractors "]
[238120,"Structural Steel and Precast Concrete Contractors "]
[23813,"Framing Contractors "]
[238130,"Framing Contractors "]
[23814,"Masonry Contractors "]
[238140,"Masonry Contractors "]
[23815,"Glass and Glazing Contractors "]
[238150,"Glass and Glazing Contractors "]
[23816,"Roofing Contractors "]
[238160,"Roofing Contractors "]
[23817,"Siding Contractors "]
[238170,"Siding Contractors "]
[23819,"Other Foundation, Structure, and Building Exterior Contractors "]
[238190,"Other Foundation, Structure, and Building Exterior Contractors "]
[2382,"Building Equipment Contractors "]
[23821,"Electrical Contractors and Other Wiring Installation Contractors "]
[238210,"Electrical Contractors and Other Wiring Installation Contractors"]
[23822,"Plumbing, Heating, and Air-Conditioning Contractors "]
[238220,"Plumbing, Heating, and Air-Conditioning Contractors "]
[23829,"Other Building Equipment Contractors "]
[238290,"Other Building Equipment Contractors "]
[2383,"Building Finishing Contractors "]
[23831,"Drywall and Insulation Contractors "]
[238310,"Drywall and Insulation Contractors "]
[23832,"Painting and Wall Covering Contractors "]
[238320,"Painting and Wall Covering Contractors"]
[23833,"Flooring Contractors "]
[238330,"Flooring Contractors"]
[23834,"Tile and Terrazzo Contractors"]
[238340,"Tile and Terrazzo Contractors"]
[23835,"Finish Carpentry Contractors "]
[238350,"Finish Carpentry Contractors"]
[23839,"Other Building Finishing Contractors "]
[238390,"Other Building Finishing Contractors"]
[2389,"Other Specialty Trade Contractors "]
[23891,"Site Preparation Contractors "]
[238910,"Site Preparation Contractors"]
[23899,"All Other Specialty Trade Contractors "]
[238990,"All Other Specialty Trade Contractors"]
["31-33","Manufacturing"]
[311,"Food Manufacturing "]
[3111,"Animal Food Manufacturing "]
[31111,"Animal Food Manufacturing "]
[311111,"Dog and Cat Food Manufacturing "]
[311119,"Other Animal Food Manufacturing "]
[3112,"Grain and Oilseed Milling "]
[31121,"Flour Milling and Malt Manufacturing "]
[311211,"Flour Milling "]
[311212,"Rice Milling "]
[311213,"Malt Manufacturing "]
[31122,"Starch and Vegetable Fats and Oils Manufacturing "]
[311221,"Wet Corn Milling "]
[311223,"Other Oilseed Processing"]
[311224,"Soybean and Other Oilseed Processing "]
[311225,"Fats and Oils Refining and Blending "]
[31123,"Breakfast Cereal Manufacturing "]
[311230,"Breakfast Cereal Manufacturing"]
[3113,"Sugar and Confectionery Product Manufacturing "]
[31131,"Sugar Manufacturing "]
[311313,"Beet Sugar Manufacturing "]
[311314,"Cane Sugar Manufacturing "]
[311330,"Confectionery Manufacturing from Purchased Chocolate"]
[31134,"Nonchocolate Confectionery Manufacturing "]
[311340,"Nonchocolate Confectionery Manufacturing"]
[31135,"Chocolate and Confectionery Manufacturing "]
[311351,"Chocolate and Confectionery Manufacturing from Cacao Beans "]
[311352,"Confectionery Manufacturing from Purchased Chocolate "]
[3114,"Fruit and Vegetable Preserving and Specialty Food Manufacturing "]
[31141,"Frozen Food Manufacturing "]
[311411,"Frozen Fruit, Juice, and Vegetable Manufacturing "]
[311412,"Frozen Specialty Food Manufacturing "]
[31142,"Fruit and Vegetable Canning, Pickling, and Drying "]
[311421,"Fruit and Vegetable Canning "]
[311422,"Specialty Canning "]
[311423,"Dried and Dehydrated Food Manufacturing "]
[3115,"Dairy Product Manufacturing "]
[31151,"Dairy Product (except Frozen) Manufacturing "]
[311511,"Fluid Milk Manufacturing "]
[311512,"Creamery Butter Manufacturing "]
[311513,"Cheese Manufacturing "]
[311514,"Dry, Condensed, and Evaporated Dairy Product Manufacturing "]
[31152,"Ice Cream and Frozen Dessert Manufacturing "]
[311520,"Ice Cream and Frozen Dessert Manufacturing"]
[3116,"Animal Slaughtering and Processing "]
[31161,"Animal Slaughtering and Processing "]
[311611,"Animal (except Poultry) Slaughtering "]
[311612,"Meat Processed from Carcasses "]
[311613,"Rendering and Meat Byproduct Processing "]
[311615,"Poultry Processing "]
[3117,"Seafood Product Preparation and Packaging "]
[31171,"Seafood Product Preparation and Packaging "]
[311710,"Seafood Product Preparation and Packaging"]
[311712,"Fresh and Frozen Seafood Processing"]
[3118,"Bakeries and Tortilla Manufacturing "]
[31181,"Bread and Bakery Product Manufacturing "]
[311811,"Retail Bakeries "]
[311812,"Commercial Bakeries "]
[311813,"Frozen Cakes, Pies, and Other Pastries Manufacturing "]
[31182,"Cookie, Cracker, and Pasta Manufacturing "]
[311821,"Cookie and Cracker Manufacturing "]
[311822,"Flour Mixes and Dough Manufacturing from Purchased Flour"]
[311824,"Dry Pasta, Dough, and Flour Mixes Manufacturing from Purchased Flour "]
[31183,"Tortilla Manufacturing "]
[311830,"Tortilla Manufacturing"]
[3119,"Other Food Manufacturing "]
[31191,"Snack Food Manufacturing "]
[311911,"Roasted Nuts and Peanut Butter Manufacturing "]
[311919,"Other Snack Food Manufacturing "]
[31192,"Coffee and Tea Manufacturing "]
[311920,"Coffee and Tea Manufacturing "]
[31193,"Flavoring Syrup and Concentrate Manufacturing "]
[311930,"Flavoring Syrup and Concentrate Manufacturing"]
[31194,"Seasoning and Dressing Manufacturing "]
[311941,"Mayonnaise, Dressing, and Other Prepared Sauce Manufacturing "]
[311942,"Spice and Extract Manufacturing "]
[31199,"All Other Food Manufacturing "]
[311991,"Perishable Prepared Food Manufacturing "]
[311999,"All Other Miscellaneous Food Manufacturing "]
[312,"Beverage and Tobacco Product Manufacturing "]
[3121,"Beverage Manufacturing "]
[31211,"Soft Drink and Ice Manufacturing "]
[312111,"Soft Drink Manufacturing "]
[312112,"Bottled Water Manufacturing "]
[312113,"Ice Manufacturing "]
[31212,"Breweries "]
[312120,"Breweries"]
[31213,"Wineries "]
[312130,"Wineries "]
[31214,"Distilleries "]
[312140,"Distilleries "]
[3122,"Tobacco Manufacturing "]
[31223,"Tobacco Manufacturing"]
[312230,"Tobacco Manufacturing "]
[313,"Textile Mills "]
[3131,"Fiber, Yarn, and Thread Mills "]
[31311,"Fiber, Yarn, and Thread Mills "]
[313110,"Fiber, Yarn, and Thread Mills "]
[313112,"Yarn Texturizing, Throwing, and Twisting Mills"]
[3132,"Fabric Mills "]
[31321,"Broadwoven Fabric Mills "]
[313210,"Broadwoven Fabric Mills"]
[31322,"Narrow Fabric Mills and Schiffli Machine Embroidery "]
[313220,"Narrow Fabric Mills and Schiffli Machine Embroidery"]
[313221,"Narrow Fabric Mills"]
[31323,"Nonwoven Fabric Mills "]
[313230,"Nonwoven Fabric Mills"]
[31324,"Knit Fabric Mills "]
[313240,"Knit Fabric Mills"]
[313249,"Other Knit Fabric and Lace Mills"]
[3133,"Textile and Fabric Finishing and Fabric Coating Mills "]
[31331,"Textile and Fabric Finishing Mills"]
[313310,"Textile and Fabric Finishing Mills "]
[313311,"Broadwoven Fabric Finishing Mills"]
[313312,"Textile and Fabric Finishing (except Broadwoven Fabric) Mill"]
[31332,"Fabric Coating Mills "]
[313320,"Fabric Coating Mills"]
[314,"Textile Product Mills "]
[3141,"Textile Furnishings Mills "]
[31411,"Carpet and Rug Mills "]
[314110,"Carpet and Rug Mills"]
[31412,"Curtain and Linen Mills "]
[314120,"Curtain and Linen Mills"]
[314121,"Curtain and Drapery Mills"]
[314129,"Other Household Textile Product Mills"]
[3149,"Other Textile Product Mills "]
[31491,"Textile Bag and Canvas Mills "]
[314910,"Textile Bag and Canvas Mills "]
[314911,"Textile Bag Mills"]
[314912,"Canvas and Related Product Mills"]
[31499,"All Other Textile Product Mills "]
[314991,"Rope, Cordage, and Twine Mills"]
[314994,"Rope, Cordage, Twine, Tire Cord, and Tire Fabric Mills "]
[314999,"All Other Miscellaneous Textile Product Mills "]
[315,"Apparel Manufacturing "]
[3151,"Apparel Knitting Mills "]
[31511,"Hosiery and Sock Mills "]
[315110,"Hosiery and Sock Mills"]
[31519,"Other Apparel Knitting Mills "]
[315190,"Other Apparel Knitting Mills "]
[315191,"Outerwear Knitting Mills"]
[3152,"Cut and Sew Apparel Manufacturing "]
[31521,"Cut and Sew Apparel Contractors "]
[315210,"Cut and Sew Apparel Contractors "]
[31522,"Men’s and Boys’ Cut and Sew Apparel Manufacturing "]
[315220,"Men’s and Boys’ Cut and Sew Apparel Manufacturing "]
[315228," Men's and Boys' Cut and Sew Other Outerwear Manufacturing"]
[315231," Women's and Girls' Cut and Sew Lingerie, Loungewear, and Nightwear Manufacturing"]
[315234,"Women's and Girls' Cut and Sew Suit, Coat, Tailored Jacket, and Skirt Manufacturing"]
[31524,"Women’s, Girls’, and Infants’ Cut and Sew Apparel Manufacturing"]
[315240,"Women’s, Girls’, and Infants’ Cut and Sew Apparel Manufacturing "]
[31528,"Other Cut and Sew Apparel Manufacturing "]
[315280,"Other Cut and Sew Apparel Manufacturing "]
[315299,"All Other Cuty and Sew Apparel Manufacturing"]
[3159,"Apparel Accessories and Other Apparel Manufacturing "]
[31599,"Apparel Accessories and Other Apparel Manufacturing "]
[315990,"Apparel Accessories and Other Apparel Manufacturing "]
[315991,"Hat, Cap, and Millinery Manufacturing"]
[315999,"Other Apparel Accessories and Other Apparel Manufacturing"]
[316,"Leather and Allied Product Manufacturing "]
[3161,"Leather and Hide Tanning and Finishing "]
[31611,"Leather and Hide Tanning and Finishing "]
[316110,"Leather and Hide Tanning and Finishing"]
[3162,"Footwear Manufacturing "]
[31621,"Footwear Manufacturing "]
[316210,"Footwear Manufacturing "]
[316213,"Men's Footwear (except Athletic) Manufacturing"]
[316214,"Women's Footwear (except Athletic) Manufacturing"]
[316219,"Other Footwear Manufacturing"]
[3169,"Other Leather and Allied Product Manufacturing "]
[31699,"Other Leather and Allied Product Manufacturing "]
[316992,"Women's Handbag and Purse Manufacturing "]
[316993,"Personal Leather Good (except Women's Handbag and Purse) Manufacturing "]
[316998,"All Other Leather Good and Allied Product Manufacturing "]
[316999,"All Other Leather Good Manufacturing"]
[32,"Manufacturing"]
[321,"Wood Product Manufacturing "]
[3211,"Sawmills and Wood Preservation "]
[32111,"Sawmills and Wood Preservation "]
[321113,"Sawmills "]
[321114,"Wood Preservation "]
[3212,"Veneer, Plywood, and Engineered Wood Product Manufacturing "]
[32121,"Veneer, Plywood, and Engineered Wood Product Manufacturing "]
[321211,"Hardwood Veneer and Plywood Manufacturing "]
[321212,"Softwood Veneer and Plywood Manufacturing "]
[321213,"Engineered Wood Member (except Truss) Manufacturing "]
[321214,"Truss Manufacturing "]
[321219,"Reconstituted Wood Product Manufacturing "]
[3219,"Other Wood Product Manufacturing "]
[32191,"MillworkT "]
[321911,"Wood Window and Door Manufacturing "]
[321912,"Cut Stock, Resawing Lumber, and Planing "]
[321918,"Other Millwork (including Flooring) "]
[32192,"Wood Container and Pallet Manufacturing "]
[321920,"Wood Container and Pallet Manufacturing"]
[32199,"All Other Wood Product Manufacturing "]
[321991,"Manufactured Home (Mobile Home) Manufacturing "]
[321992,"Prefabricated Wood Building Manufacturing "]
[321999,"All Other Miscellaneous Wood Product Manufacturing "]
[322,"Paper Manufacturing "]
[3221,"Pulp, Paper, and Paperboard Mills "]
[32211,"Pulp Mills "]
[322110,"Pulp Mills "]
[32212,"Paper Mills "]
[322121,"Paper (except Newsprint) Mills "]
[322122,"Newsprint Mills "]
[32213,"Paperboard Mills "]
[322130,"Paperboard Mills "]
[3222,"Converted Paper Product Manufacturing "]
[32221,"Paperboard Container Manufacturing "]
[322211,"Corrugated and Solid Fiber Box Manufacturing "]
[322212,"Folding Paperboard Box Manufacturing "]
[322213,"Setup Paperboard Box Manufacturing"]
[322219,"Other Paperboard Container Manufacturing "]
[32222,"Paper Bag and Coated and Treated Paper Manufacturing "]
[322220,"Paper Bag and Coated and Treated Paper Manufacturing"]
[322222,"Coated and Laminated Paper Manufacturing"]
[32223,"Stationery Product Manufacturing "]
[322230,"Stationery Product Manufacturing"]
[322232,"Envelope Manufacturing"]
[322233,"Stationery, Tablet, and Related Product Manufacturing"]
[32229,"Other Converted Paper Product Manufacturing "]
[322291,"Sanitary Paper Product Manufacturing "]
[322299,"All Other Converted Paper Product Manufacturing "]
[323,"Printing and Related Support Activities "]
[3231,"Printing and Related Support Activities "]
[32311,"Printing "]
[323110,"Commercial Lithographic Printing"]
[323111,"Commercial Printing (except Screen and Books) "]
[323112,"Commercial Flexographic Printing"]
[323113,"Commercial Screen Printing "]
[323114,"Quick Printing"]
[323115,"Digital Printing"]
[323116,"Manifold Business Forms Printing"]
[323117,"Books Printing "]
[323118,"Blankbook, Looseleaf Binders, and Devices"]
[323119,"Other Commercial Printing"]
[32312,"Support Activities for Printing "]
[323120,"Support Activities for Printing"]
[323122,"Prepress Services"]
[324,"Petroleum and Coal Products Manufacturing "]
[3241,"Petroleum and Coal Products Manufacturing "]
[32411,"Petroleum Refineries "]
[324110,"Petroleum Refineries"]
[32412,"Asphalt Paving, Roofing, and Saturated Materials Manufacturing "]
[324121,"Asphalt Paving Mixture and Block Manufacturing "]
[324122,"Asphalt Shingle and Coating Materials Manufacturing "]
[32419,"Other Petroleum and Coal Products Manufacturing "]
[324191,"Petroleum Lubricating Oil and Grease Manufacturing "]
[324199,"All Other Petroleum and Coal Products Manufacturing "]
[325,"Chemical Manufacturing "]
[3251,"Basic Chemical Manufacturing "]
[32511,"Petrochemical Manufacturing "]
[325110,"Petrochemical Manufacturing"]
[32512,"Industrial Gas Manufacturing "]
[325120,"Industrial Gas Manufacturing"]
[32513,"Synthetic Dye and Pigment Manufacturing "]
[325130,"Synthetic Dye and Pigment Manufacturing"]
[32518,"Other Basic Inorganic Chemical Manufacturing "]
[325180,"Other Basic Inorganic Chemical Manufacturing "]
[32519,"Other Basic Organic Chemical Manufacturing "]
[325193,"Ethyl Alcohol Manufacturing "]
[325194,"Cyclic Crude, Intermediate, and Gum and Wood Chemical Manufacturing "]
[325199,"All Other Basic Organic Chemical Manufacturing "]
[3252,"Resin, Synthetic Rubber, and Artificial Synthetic Fibers and Filaments Manufacturing "]
[32521,"Resin and Synthetic Rubber Manufacturing "]
[325211,"Plastics Material and Resin Manufacturing "]
[325212,"Synthetic Rubber Manufacturing "]
[32522,"Artificial and Synthetic Fibers and Filaments Manufacturing "]
[325220,"Artificial and Synthetic Fibers and Filaments Manufacturing"]
[3253,"Pesticide, Fertilizer, and Other Agricultural Chemical Manufacturing "]
[32531,"Fertilizer Manufacturing "]
[325311,"Nitrogenous Fertilizer Manufacturing "]
[325312,"Phosphatic Fertilizer Manufacturing "]
[325314,"Fertilizer (Mixing Only) Manufacturing "]
[32532,"Pesticide and Other Agricultural Chemical Manufacturing "]
[325320,"Pesticide and Other Agricultural Chemical Manufacturing"]
[3254,"Pharmaceutical and Medicine Manufacturing "]
[32541,"Pharmaceutical and Medicine Manufacturing "]
[325411,"Medicinal and Botanical Manufacturing "]
[325412,"Pharmaceutical Preparation Manufacturing "]
[325413,"In-Vitro Diagnostic Substance Manufacturing "]
[325414,"Biological Product (except Diagnostic) Manufacturing "]
[3255,"Paint, Coating, and Adhesive Manufacturing "]
[32551,"Paint and Coating Manufacturing "]
[325510,"Paint and Coating Manufacturing"]
[32552,"Adhesive Manufacturing "]
[325520,"Adhesive Manufacturing"]
[3256,"Soap, Cleaning Compound, and Toilet Preparation Manufacturing "]
[32561,"Soap and Cleaning Compound Manufacturing "]
[325611,"Soap and Other Detergent Manufacturing "]
[325612,"Polish and Other Sanitation Good Manufacturing "]
[325613,"Surface Active Agent Manufacturing "]
[32562,"Toilet Preparation Manufacturing "]
[325620,"Toilet Preparation Manufacturing"]
[3259,"Other Chemical Product and Preparation Manufacturing "]
[32591,"Printing Ink Manufacturing "]
[325910,"Printing Ink Manufacturing"]
[32592,"Explosives Manufacturing "]
[325920,"Explosives Manufacturing"]
[32599,"All Other Chemical Product and Preparation Manufacturing "]
[325991,"Custom Compounding of Purchased Resins "]
[325992,"Photographic Film, Paper, Plate, and Chemical Manufacturing "]
[325998,"All Other Miscellaneous Chemical Product and Preparation Manufacturing "]
[326,"Plastics and Rubber Products Manufacturing "]
[3261,"Plastics Product Manufacturing "]
[32611,"Plastics Packaging Materials and Unlaminated Film and Sheet Manufacturing "]
[326111,"Plastics Bag and Pouch Manufacturing "]
[326112,"Plastics Packaging Film and Sheet (including Laminated) Manufacturing "]
[326113,"Unlaminated Plastics Film and Sheet (except Packaging) Manufacturing "]
[32612,"Plastics Pipe, Pipe Fitting, and Unlaminated Profile Shape Manufacturing "]
[326121,"Unlaminated Plastics Profile Shape Manufacturing "]
[326122,"Plastics Pipe and Pipe Fitting Manufacturing "]
[32613,"Laminated Plastics Plate, Sheet (except Packaging), and Shape Manufacturing "]
[326130,"Laminated Plastics Plate, Sheet (except Packaging), and Shape Manufacturing"]
[32614,"Polystyrene Foam Product Manufacturing "]
[326140,"Polystyrene Foam Product Manufacturing"]
[32615,"Urethane and Other Foam Product (except Polystyrene) Manufacturing "]
[326150,"Urethane and Other Foam Product (except Polystyrene) Manufacturing"]
[32616,"Plastics Bottle Manufacturing "]
[326160,"Plastics Bottle Manufacturing"]
[32619,"Other Plastics Product Manufacturing "]
[326191,"Plastics Plumbing Fixture Manufacturing "]
[326199,"All Other Plastics Product Manufacturing "]
[3262,"Rubber Product Manufacturing "]
[32621,"Tire Manufacturing "]
[326211,"Tire Manufacturing (except Retreading) "]
[326212,"Tire Retreading "]
[32622,"Rubber and Plastics Hoses and Belting Manufacturing "]
[326220,"Rubber and Plastics Hoses and Belting Manufacturing"]
[32629,"Other Rubber Product Manufacturing "]
[326291,"Rubber Product Manufacturing for Mechanical Use "]
[326299,"All Other Rubber Product Manufacturing "]
[327,"Nonmetallic Mineral Product Manufacturing "]
[3271,"Clay Product and Refractory Manufacturing "]
[32711,"Pottery, Ceramics, and Plumbing Fixture Manufacturing "]
[327110,"Pottery, Ceramics, and Plumbing Fixture Manufacturing "]
[327112,"Vitreous China, Fine Earthenware, and Other Pottery"]
[32712,"Clay Building Material and Refractories Manufacturing "]
[327120,"Clay Building Material and Refractories Manufacturing "]
[327121,"Brick and Structural Clay Tile"]
[327122,"Ceramic Wall and Floor Tile Manufacturing"]
[327124,"Clay Refractory Manufacturing"]
[3272,"Glass and Glass Product Manufacturing "]
[32721,"Glass and Glass Product Manufacturing "]
[327211,"Flat Glass Manufacturing "]
[327212,"Other Pressed and Blown Glass and Glassware Manufacturing "]
[327213,"Glass Container Manufacturing "]
[327215,"Glass Product Manufacturing Made of Purchased Glass "]
[3273,"Cement and Concrete Product Manufacturing "]
[32731,"Cement Manufacturing "]
[327310,"Cement Manufacturing"]
[32732,"Ready-Mix Concrete Manufacturing "]
[327320,"Ready-Mix Concrete Manufacturing"]
[32733,"Concrete Pipe, Brick, and Block Manufacturing "]
[327331,"Concrete Block and Brick Manufacturing "]
[327332,"Concrete Pipe Manufacturing "]
[32739,"Other Concrete Product Manufacturing "]
[327390,"Other Concrete Product Manufacturing "]
[3274,"Lime and Gypsum Product Manufacturing "]
[32741,"Lime Manufacturing "]
[327410,"Lime Manufacturing"]
[32742,"Gypsum Product Manufacturing "]
[327420,"Gypsum Product Manufacturing"]
[3279,"Other Nonmetallic Mineral Product Manufacturing "]
[32791,"Abrasive Product Manufacturing "]
[327910,"Abrasive Product Manufacturing"]
[32799,"All Other Nonmetallic Mineral Product Manufacturing "]
[327991,"Cut Stone and Stone Product Manufacturing "]
[327992,"Ground or Treated Mineral and Earth Manufacturing "]
[327993,"Mineral Wool Manufacturing "]
[327999,"All Other Miscellaneous Nonmetallic Mineral Product Manufacturing "]
[33,"Manufacturing"]
[331,"Primary Metal Manufacturing "]
[3311,"Iron and Steel Mills and Ferroalloy Manufacturing "]
[33111,"Iron and Steel Mills and Ferroalloy Manufacturing "]
[331110,"Iron and Steel Mills and Ferroalloy Manufacturing "]
[331111,"Iron and Steel Mills"]
[3312,"Steel Product Manufacturing from Purchased SteelT "]
[33121,"Iron and Steel Pipe and Tube Manufacturing from Purchased SteelT "]
[331210,"Iron and Steel Pipe and Tube Manufacturing from Purchased Steel"]
[33122,"Rolling and Drawing of Purchased SteelT "]
[331221,"Rolled Steel Shape Manufacturing "]
[331222,"Steel Wire Drawing "]
[3313,"Alumina and Aluminum Production and Processing "]
[33131,"Alumina and Aluminum Production and Processing "]
[331313,"Alumina Refining and Primary Aluminum Production "]
[331314,"Secondary Smelting and Alloying of Aluminum "]
[331315,"Aluminum Sheet, Plate, and Foil Manufacturing "]
[331316,"Aluminum Extruded Product Manufacturing"]
[331318,"Other Aluminum Rolling, Drawing, and Extruding "]
[3314,"Nonferrous Metal (except Aluminum) Production and Processing "]
[33141,"Nonferrous Metal (except Aluminum) Smelting and Refining "]
[331410,"Nonferrous Metal (except Aluminum) Smelting and Refining "]
[33142,"Copper Rolling, Drawing, Extruding, and Alloying "]
[331420,"Copper Rolling, Drawing, Extruding, and Alloying"]
[33149,"Nonferrous Metal (except Copper and Aluminum) Rolling, Drawing, Extruding, and Alloying "]
[331491,"Nonferrous Metal (except Copper and Aluminum) Rolling, Drawing, and Extruding "]
[331492,"Secondary Smelting, Refining, and Alloying of Nonferrous Metal (except Copper and Aluminum) "]
[3315,"Foundries "]
[33151,"Ferrous Metal Foundries "]
[331511,"Iron Foundries "]
[331512,"Steel Investment Foundries "]
[331513,"Steel Foundries (except Investment) "]
[33152,"Nonferrous Metal Foundries "]
[331522,"Nonferrous (except Aluminum) Die-Casting Foundries"]
[331523,"Nonferrous Metal Die-Casting Foundries "]
[331524,"Aluminum Foundries (except Die-Casting) "]
[331525,"Copper Foundries (except die-casting)"]
[331528,"Other Nonferrous Foundries (except Die-Casting)"]
[331529,"Other Nonferrous Metal Foundries (except Die-Casting) "]
[332,"Fabricated Metal Product Manufacturing "]
[3321,"Forging and Stamping "]
[33211,"Forging and Stamping "]
[332111,"Iron and Steel Forging "]
[332112,"Nonferrous Forging "]
[332114,"Custom Roll Forming "]
[332117,"Powder Metallurgy Part Manufacturing "]
[332119,"Metal Crown, Closure, and Other Metal Stamping (except Automotive) "]
[3322,"Cutlery and Handtool Manufacturing "]
[33221,"Cutlery and Handtool Manufacturing "]
[332211,"Cutlery and Flatware (except Precious) Manufacturing"]
[332212,"Hand and Edge Tool Manufacturing"]
[332213,"Saw Blade and Handsaw Manufacturing"]
[332214,"Kitchen Utensil, Pot, and Pan Manufacturing"]
[332215,"Metal Kitchen Cookware, Utensil, Cutlery, and Flatware (except Precious) Manufacturing "]
[332216,"Saw Blade and Handtool Manufacturing "]
[3323,"Architectural and Structural Metals Manufacturing "]
[33231,"Plate Work and Fabricated Structural Product Manufacturing "]
[332311,"Prefabricated Metal Building and Component Manufacturing "]
[332312,"Fabricated Structural Metal Manufacturing "]
[332313,"Plate Work Manufacturing "]
[33232,"Ornamental and Architectural Metal Products Manufacturing "]
[332321,"Metal Window and Door Manufacturing "]
[332322,"Sheet Metal Work Manufacturing "]
[332323,"Ornamental and Architectural Metal Work Manufacturing "]
[3324,"Boiler, Tank, and Shipping Container Manufacturing "]
[33241,"Power Boiler and Heat Exchanger Manufacturing "]
[332410,"Power Boiler and Heat Exchanger Manufacturing"]
[33242,"Metal Tank (Heavy Gauge) Manufacturing "]
[332420,"Metal Tank (Heavy Gauge) Manufacturing"]
[33243,"Metal Can, Box, and Other Metal Container (Light Gauge) Manufacturing "]
[332431,"Metal Can Manufacturing "]
[332439,"Other Metal Container Manufacturing "]
[3325,"Hardware Manufacturing "]
[33251,"Hardware Manufacturing "]
[332510,"Hardware Manufacturing"]
[3326,"Spring and Wire Product Manufacturing "]
[33261,"Spring and Wire Product Manufacturing "]
[332613,"Spring Manufacturing "]
[332618,"Other Fabricated Wire Product Manufacturing "]
[3327,"Machine Shops; Turned Product; and Screw, Nut, and Bolt Manufacturing "]
[33271,"Machine Shops "]
[332710,"Machine Shops"]
[33272,"Turned Product and Screw, Nut, and Bolt Manufacturing "]
[332721,"Precision Turned Product Manufacturing "]
[332722,"Bolt, Nut, Screw, Rivet, and Washer Manufacturing "]
[3328,"Coating, Engraving, Heat Treating, and Allied Activities "]
[33281,"Coating, Engraving, Heat Treating, and Allied Activities "]
[332811,"Metal Heat Treating "]
[332812,"Metal Coating, Engraving (except Jewelry and Silverware), and Allied Services to Manufacturers "]
[332813,"Electroplating, Plating, Polishing, Anodizing, and Coloring "]
[3329,"Other Fabricated Metal Product Manufacturing "]
[33291,"Metal Valve Manufacturing "]
[332911,"Industrial Valve Manufacturing "]
[332912,"Fluid Power Valve and Hose Fitting Manufacturing "]
[332913,"Plumbing Fixture Fitting and Trim Manufacturing "]
[332919,"Other Metal Valve and Pipe Fitting Manufacturing "]
[33299,"All Other Fabricated Metal Product Manufacturing "]
[332991,"Ball and Roller Bearing Manufacturing"]
[332992,"Small Arms Ammunition Manufacturing "]
[332993,"Ammunition (except Small Arms) Manufacturing "]
[332994,"Small Arms, Ordnance, and Ordnance Accessories Manufacturing "]
[332996,"Fabricated Pipe and Pipe Fitting Manufacturing "]
[332998,"Enameled Iron and Metal Sanitary Ware Manufacturing"]
[332999,"All Other Miscellaneous Fabricated Metal Product Manufacturing "]
[333,"Machinery Manufacturing "]
[3331,"Agriculture, Construction, and Mining Machinery Manufacturing "]
[33311,"Agricultural Implement Manufacturing "]
[333111,"Farm Machinery and Equipment Manufacturing "]
[333319,"Other Commercial and Service Industry Machinery"]
[333112,"Lawn and Garden Tractor and Home Lawn and Garden Equipment Manufacturing "]
[33312,"Construction Machinery Manufacturing "]
[333120,"Construction Machinery Manufacturing"]
[33313,"Mining and Oil and Gas Field Machinery Manufacturing "]
[333131,"Mining Machinery and Equipment Manufacturing "]
[333132,"Oil and Gas Field Machinery and Equipment Manufacturing "]
[3332,"Industrial Machinery Manufacturing "]
[33324,"Industrial Machinery Manufacturing "]
[333241,"Food Product Machinery Manufacturing "]
[333242,"Semiconductor Machinery Manufacturing "]
[333243,"Sawmill, Woodworking, and Paper Machinery Manufacturing "]
[333244,"Printing Machinery and Equipment Manufacturing "]
[333249,"Other Industrial Machinery Manufacturing "]
[333292,"Textile Machinery Manufacturing"]
[333294,"Food Product Machinery Manufacturing"]
[333298,"All Other Industrial Machinery Manufacturing"]
[3333,"Commercial and Service Industry Machinery Manufacturing "]
[33331,"Commercial and Service Industry Machinery Manufacturing "]
[333314,"Optical Instrument and Lens Manufacturing "]
[333315,"Photographic and Photocopying Equipment Manufacturing"]
[333316,"Photographic and Photocopying Equipment Manufacturing "]
[333318,"Other Commercial and Service Industry Machinery Manufacturing "]
[3334,"Ventilation, Heating, Air-Conditioning, and Commercial Refrigeration Equipment Manufacturing "]
[33341,"Ventilation, Heating, Air-Conditioning, and Commercial Refrigeration Equipment Manufacturing "]
[333413,"Industrial and Commercial Fan and Blower and Air Purification Equipment Manufacturing "]
[333414,"Heating Equipment (except Warm Air Furnaces) Manufacturing "]
[333415,"Air-Conditioning and Warm Air Heating Equipment and Commercial and Industrial Refrigeration Equipment Manufacturing "]
[3335,"Metalworking Machinery Manufacturing "]
[33351,"Metalworking Machinery Manufacturing "]
[333511,"Industrial Mold Manufacturing "]
[333512,"Machine Tool (Metal Cutting Types) Manufacturing"]
[333514,"Special Die and Tool, Die Set, Jig, and Fixture Manufacturing "]
[333515,"Cutting Tool and Machine Tool Accessory Manufacturing "]
[333517,"Machine Tool Manufacturing "]
[333519,"Rolling Mill and Other Metalworking Machinery Manufacturing "]
[3336,"Engine, Turbine, and Power Transmission Equipment Manufacturing "]
[33361,"Engine, Turbine, and Power Transmission Equipment Manufacturing "]
[333611,"Turbine and Turbine Generator Set Units Manufacturing "]
[333612,"Speed Changer, Industrial High-Speed Drive, and Gear Manufacturing "]
[333613,"Mechanical Power Transmission Equipment Manufacturing "]
[333618,"Other Engine Equipment Manufacturing "]
[3339,"Other General Purpose Machinery Manufacturing "]
[33391,"Pump and Compressor Manufacturing "]
[333911,"Pump and Pumping Equipment Manufacturing "]
[333912,"Air and Gas Compressor Manufacturing "]
[333913,"Measuring and Dispensing Pump Manufacturing "]
[33392,"Material Handling Equipment Manufacturing "]
[333921,"Elevator and Moving Stairway Manufacturing "]
[333922,"Conveyor and Conveying Equipment Manufacturing "]
[333923,"Overhead Traveling Crane, Hoist, and Monorail System Manufacturing "]
[333924,"Industrial Truck, Tractor, Trailer, and Stacker Machinery Manufacturing "]
[33399,"All Other General Purpose Machinery Manufacturing "]
[333991,"Power-Driven Handtool Manufacturing "]
[333992,"Welding and Soldering Equipment Manufacturing "]
[333993,"Packaging Machinery Manufacturing "]
[333994,"Industrial Process Furnace and Oven Manufacturing "]
[333995,"Fluid Power Cylinder and Actuator Manufacturing "]
[333996,"Fluid Power Pump and Motor Manufacturing "]
[333997,"Scale and Balance Manufacturing "]
[333999,"All Other Miscellaneous General Purpose Machinery Manufacturing "]
[334,"Computer and Electronic Product Manufacturing "]
[3341,"Computer and Peripheral Equipment Manufacturing "]
[33411,"Computer and Peripheral Equipment Manufacturing "]
[334111,"Electronic Computer Manufacturing "]
[334112,"Computer Storage Device Manufacturing "]
[334118,"Computer Terminal and Other Computer Peripheral Equipment Manufacturing "]
[334119,"Other Computer Peripheral Equipment Manufacturing"]
[3342,"Communications Equipment Manufacturing "]
[33421,"Telephone Apparatus Manufacturing "]
[334210,"Telephone Apparatus Manufacturing"]
[33422,"Radio and Television Broadcasting and Wireless Communications Equipment Manufacturing "]
[334220,"Radio and Television Broadcasting and Wireless Communications Equipment Manufacturing"]
[33429,"Other Communications Equipment Manufacturing "]
[334290,"Other Communications Equipment Manufacturing"]
[3343,"Audio and Video Equipment Manufacturing "]
[33431,"Audio and Video Equipment Manufacturing "]
[334310,"Audio and Video Equipment Manufacturing"]
[3344,"Semiconductor and Other Electronic Component Manufacturing "]
[33441,"Semiconductor and Other Electronic Component Manufacturing "]
[334411,"Electron Tube Manufacturing"]
[334412,"Bare Printed Circuit Board Manufacturing  "]
[334413,"Semiconductor and Related Device Manufacturing "]
[334416,"Capacitor, Resistor, Coil, Transformer, and Other Inductor Manufacturing "]
[334417,"Electronic Connector Manufacturing "]
[334418,"Printed Circuit Assembly (Electronic Assembly) Manufacturing "]
[334419,"Other Electronic Component Manufacturing "]
[3345,"Navigational, Measuring, Electromedical, and Control Instruments Manufacturing "]
[33451,"Navigational, Measuring, Electromedical, and Control Instruments Manufacturing "]
[334510,"Electromedical and Electrotherapeutic Apparatus Manufacturing "]
[334511,"Search, Detection, Navigation, Guidance, Aeronautical, and Nautical System and Instrument Manufacturing "]
[334512,"Automatic Environmental Control Manufacturing for Residential, Commercial, and Appliance Use "]
[334513,"Instruments and Related Products Manufacturing for Measuring, Displaying, and Controlling Industrial Process Variables "]
[334514,"Totalizing Fluid Meter and Counting Device Manufacturing "]
[334515,"Instrument Manufacturing for Measuring and Testing Electricity and Electrical Signals "]
[334516,"Analytical Laboratory Instrument Manufacturing "]
[334517,"Irradiation Apparatus Manufacturing "]
[334519,"Other Measuring and Controlling Device Manufacturing "]
[3346,"Manufacturing and Reproducing Magnetic and Optical MediaT "]
[33461,"Manufacturing and Reproducing Magnetic and Optical MediaT "]
[334611,"Software Reproducing"]
[334612,"Prerecorded Compact Disc (except Software), Tape, and Record Reproducing"]
[334613,"Blank Magnetic and Optical Recording Media Manufacturing "]
[334614,"Software and Other Prerecorded Compact Disc, Tape, and Record Reproducing "]
[335,"Electrical Equipment, Appliance, and Component Manufacturing "]
[3351,"Electric Lighting Equipment Manufacturing "]
[33511,"Electric Lamp Bulb and Part Manufacturing "]
[335110,"Electric Lamp Bulb and Part Manufacturing"]
[33512,"Lighting Fixture Manufacturing "]
[335121,"Residential Electric Lighting Fixture Manufacturing "]
[335122,"Commercial, Industrial, and Institutional Electric Lighting Fixture Manufacturing "]
[335129,"Other Lighting Equipment Manufacturing "]
[3352,"Household Appliance Manufacturing "]
[33521,"Small Electrical Appliance Manufacturing "]
[335210,"Small Electrical Appliance Manufacturing"]
[335211,"Electric Housewares and Household Fan Manufacturing"]
[335212,"Household Vacuum Cleaner Manufacturing"]
[33522,"Major Appliance Manufacturing "]
[335221,"Household Cooking Appliance Manufacturing "]
[335222,"Household Refrigerator and Home Freezer Manufacturing "]
[335224,"Household Laundry Equipment Manufacturing "]
[335228,"Other Major Household Appliance Manufacturing "]
[3353,"Electrical Equipment Manufacturing "]
[33531,"Electrical Equipment Manufacturing "]
[335311,"Power, Distribution, and Specialty Transformer Manufacturing "]
[335312,"Motor and Generator Manufacturing "]
[335313,"Switchgear and Switchboard Apparatus Manufacturing "]
[335314,"Relay and Industrial Control Manufacturing "]
[3359,"Other Electrical Equipment and Component Manufacturing "]
[33591,"Battery Manufacturing "]
[335911,"Storage Battery Manufacturing "]
[335912,"Primary Battery Manufacturing "]
[33592,"Communication and Energy Wire and Cable Manufacturing "]
[335921,"Fiber Optic Cable Manufacturing "]
[335929,"Other Communication and Energy Wire Manufacturing "]
[33593,"Wiring Device Manufacturing "]
[335931,"Current-Carrying Wiring Device Manufacturing "]
[335932,"Noncurrent-Carrying Wiring Device Manufacturing "]
[33599,"All Other Electrical Equipment and Component Manufacturing "]
[335991,"Carbon and Graphite Product Manufacturing "]
[335999,"All Other Miscellaneous Electrical Equipment and Component Manufacturing "]
[336,"Transportation Equipment Manufacturing "]
[3361,"Motor Vehicle Manufacturing "]
[33611,"Automobile and Light Duty Motor Vehicle Manufacturing "]
[336111,"Automobile Manufacturing "]
[336112,"Light Truck and Utility Vehicle Manufacturing "]
[33612,"Heavy Duty Truck Manufacturing "]
[336120,"Heavy Duty Truck Manufacturing"]
[3362,"Motor Vehicle Body and Trailer Manufacturing "]
[33621,"Motor Vehicle Body and Trailer Manufacturing "]
[336211,"Motor Vehicle Body Manufacturing "]
[336212,"Truck Trailer Manufacturing "]
[336213,"Motor Home Manufacturing "]
[336214,"Travel Trailer and Camper Manufacturing "]
[3363,"Motor Vehicle Parts Manufacturing "]
[33631,"Motor Vehicle Gasoline Engine and Engine Parts Manufacturing "]
[336310,"Motor Vehicle Gasoline Engine and Engine Parts Manufacturing"]
[33632,"Motor Vehicle Electrical and Electronic Equipment Manufacturing "]
[336320,"Motor Vehicle Electrical and Electronic Equipment Manufacturing"]
[33633,"Motor Vehicle Steering and Suspension Components (except Spring) Manufacturing "]
[336330,"Motor Vehicle Steering and Suspension Components (except Spring) Manufacturing"]
[33634,"Motor Vehicle Brake System Manufacturing "]
[336340,"Motor Vehicle Brake System Manufacturing"]
[33635,"Motor Vehicle Transmission and Power Train Parts Manufacturing "]
[336350,"Motor Vehicle Transmission and Power Train Parts Manufacturing"]
[33636,"Motor Vehicle Seating and Interior Trim Manufacturing "]
[336360,"Motor Vehicle Seating and Interior Trim Manufacturing"]
[33637,"Motor Vehicle Metal Stamping "]
[336370,"Motor Vehicle Metal Stamping"]
[33639,"Other Motor Vehicle Parts Manufacturing "]
[336390,"Other Motor Vehicle Parts Manufacturing"]
[336399,"All Other Motor Vehicle Parts Manufacturing"]
[3364,"Aerospace Product and Parts Manufacturing "]
[33641,"Aerospace Product and Parts Manufacturing "]
[336411,"Aircraft Manufacturing "]
[336412,"Aircraft Engine and Engine Parts Manufacturing "]
[336413,"Other Aircraft Parts and Auxiliary Equipment Manufacturing "]
[336414,"Guided Missile and Space Vehicle Manufacturing "]
[336415,"Guided Missile and Space Vehicle Propulsion Unit and Propulsion Unit Parts Manufacturing "]
[336419,"Other Guided Missile and Space Vehicle Parts and Auxiliary Equipment Manufacturing "]
[3365,"Railroad Rolling Stock Manufacturing "]
[33651,"Railroad Rolling Stock Manufacturing "]
[336510,"Railroad Rolling Stock Manufacturing"]
[3366,"Ship and Boat Building "]
[33661,"Ship and Boat Building "]
[336611,"Ship Building and Repairing "]
[336612,"Boat Building "]
[3369,"Other Transportation Equipment Manufacturing "]
[33699,"Other Transportation Equipment Manufacturing "]
[336991,"Motorcycle, Bicycle, and Parts Manufacturing "]
[336992,"Military Armored Vehicle, Tank, and Tank Component Manufacturing "]
[336999,"All Other Transportation Equipment Manufacturing "]
[337,"Furniture and Related Product Manufacturing "]
[3371,"Household and Institutional Furniture and Kitchen Cabinet Manufacturing "]
[33711,"Wood Kitchen Cabinet and Countertop Manufacturing "]
[337110,"Wood Kitchen Cabinet and Countertop Manufacturing"]
[33712,"Household and Institutional Furniture Manufacturing "]
[337121,"Upholstered Household Furniture Manufacturing "]
[337122,"Nonupholstered Wood Household Furniture Manufacturing "]
[337124,"Metal Household Furniture Manufacturing "]
[337125,"Household Furniture (except Wood and Metal) Manufacturing "]
[337127,"Institutional Furniture Manufacturing "]
[3372,"Office Furniture (including Fixtures) Manufacturing "]
[33721,"Office Furniture (including Fixtures) Manufacturing "]
[337211,"Wood Office Furniture Manufacturing "]
[337212,"Custom Architectural Woodwork and Millwork Manufacturing "]
[337214,"Office Furniture (except Wood) Manufacturing "]
[337215,"Showcase, Partition, Shelving, and Locker Manufacturing "]
[3379,"Other Furniture Related Product Manufacturing "]
[33791,"Mattress Manufacturing "]
[337910,"Mattress Manufacturing"]
[33792,"Blind and Shade Manufacturing "]
[337920,"Blind and Shade Manufacturing"]
[339,"Miscellaneous Manufacturing "]
[3391,"Medical Equipment and Supplies Manufacturing "]
[33911,"Medical Equipment and Supplies Manufacturing "]
[339112,"Surgical and Medical Instrument Manufacturing "]
[339113,"Surgical Appliance and Supplies Manufacturing "]
[339114,"Dental Equipment and Supplies Manufacturing "]
[339115,"Ophthalmic Goods Manufacturing "]
[339116,"Dental Laboratories "]
[3399,"Other Miscellaneous Manufacturing "]
[33991,"Jewelry and Silverware Manufacturing "]
[339910,"Jewelry and Silverware Manufacturing "]
[339911,"Jewelry (except Costume) Manufacturing"]
[339913,"Jewelers' Material and Lapidary Work Manufacturing"]
[339914,"Costume Jewelry and Novelty Manufacturing"]
[33992,"Sporting and Athletic Goods Manufacturing "]
[339920,"Sporting and Athletic Goods Manufacturing"]
[33993,"Doll, Toy, and Game Manufacturing "]
[339930,"Doll, Toy, and Game Manufacturing"]
[339931,"Doll and Stuffed Toy Manufacturing"]
[339932,"Game, Toy, and Children's Vehicle Manufacturing"]
[33994,"Office Supplies (except Paper) Manufacturing "]
[339940,"Office Supplies (except Paper) Manufacturing"]
[339942,"Lead Pencil and Art Good Manufacturing"]
[339943,"Marking Device Manufacturing"]
[33995,"Sign Manufacturing "]
[339950,"Sign Manufacturing"]
[33999,"All Other Miscellaneous Manufacturing "]
[339991,"Gasket, Packing, and Sealing Device Manufacturing "]
[339992,"Musical Instrument Manufacturing "]
[339993,"Fastener, Button, Needle, and Pin Manufacturing "]
[339994,"Broom, Brush, and Mop Manufacturing "]
[339995,"Burial Casket Manufacturing "]
[339999,"All Other Miscellaneous Manufacturing "]
[42,"Wholesale Trade"]
[423,"Merchant Wholesalers, Durable Goods "]
[4231,"Motor Vehicle and Motor Vehicle Parts and Supplies Merchant Wholesalers "]
[42311,"Automobile and Other Motor Vehicle Merchant Wholesalers "]
[423110,"Automobile and Other Motor Vehicle Merchant Wholesalers "]
[42312,"Motor Vehicle Supplies and New Parts Merchant Wholesalers "]
[423120,"Motor Vehicle Supplies and New Parts Merchant Wholesalers "]
[42313,"Tire and Tube Merchant Wholesalers "]
[423130,"Tire and Tube Merchant Wholesalers "]
[42314,"Motor Vehicle Parts (Used) Merchant Wholesalers "]
[423140,"Motor Vehicle Parts (Used) Merchant Wholesalers "]
[4232,"Furniture and Home Furnishing Merchant Wholesalers "]
[42321,"Furniture Merchant Wholesalers "]
[423210,"Furniture Merchant Wholesalers "]
[42322,"Home Furnishing Merchant Wholesalers "]
[423220,"Home Furnishing Merchant Wholesalers "]
[4233,"Lumber and Other Construction Materials Merchant Wholesalers "]
[42331,"Lumber, Plywood, Millwork, and Wood Panel Merchant Wholesalers "]
[423310,"Lumber, Plywood, Millwork, and Wood Panel Merchant Wholesalers "]
[42332,"Brick, Stone, and Related Construction Material Merchant Wholesalers "]
[423320,"Brick, Stone, and Related Construction Material Merchant Wholesalers "]
[42333,"Roofing, Siding, and Insulation Material Merchant Wholesalers "]
[423330,"Roofing, Siding, and Insulation Material Merchant Wholesalers "]
[42339,"Other Construction Material Merchant Wholesalers "]
[423390,"Other Construction Material Merchant Wholesalers "]
[4234,"Professional and Commercial Equipment and Supplies Merchant Wholesalers "]
[42341,"Photographic Equipment and Supplies Merchant Wholesalers "]
[423410,"Photographic Equipment and Supplies Merchant Wholesalers "]
[42342,"Office Equipment Merchant Wholesalers "]
[423420,"Office Equipment Merchant Wholesalers "]
[42343,"Computer and Computer Peripheral Equipment and Software Merchant Wholesalers "]
[423430,"Computer and Computer Peripheral Equipment and Software Merchant Wholesalers "]
[42344,"Other Commercial Equipment Merchant Wholesalers "]
[423440,"Other Commercial Equipment Merchant Wholesalers "]
[42345,"Medical, Dental, and Hospital Equipment and Supplies Merchant Wholesalers "]
[423450,"Medical, Dental, and Hospital Equipment and Supplies Merchant Wholesalers "]
[42346,"Ophthalmic Goods Merchant Wholesalers "]
[423460,"Ophthalmic Goods Merchant Wholesalers "]
[42349,"Other Professional Equipment and Supplies Merchant Wholesalers "]
[423490,"Other Professional Equipment and Supplies Merchant Wholesalers "]
[4235,"Metal and Mineral (except Petroleum) Merchant Wholesalers "]
[42351,"Metal Service Centers and Other Metal Merchant Wholesalers "]
[423510,"Metal Service Centers and Other Metal Merchant Wholesalers "]
[42352,"Coal and Other Mineral and Ore Merchant Wholesalers "]
[423520,"Coal and Other Mineral and Ore Merchant Wholesalers "]
[4236,"Household Appliances and Electrical and Electronic Goods Merchant Wholesalers "]
[42361,"Electrical Apparatus and Equipment, Wiring Supplies, and Related Equipment Merchant Wholesalers "]
[423610,"Electrical Apparatus and Equipment, Wiring Supplies, and Related Equipment Merchant Wholesalers "]
[423620,"Household Appliances, Electric Housewares, and Consumer Electronics Merchant Wholesalers "]
[42369,"Other Electronic Parts and Equipment Merchant Wholesalers "]
[423690,"Other Electronic Parts and Equipment Merchant Wholesalers "]
[4237,"Hardware, and Plumbing and Heating Equipment and Supplies Merchant Wholesalers "]
[42371,"Hardware Merchant Wholesalers "]
[423710,"Hardware Merchant Wholesalers "]
[42372,"Plumbing and Heating Equipment and Supplies (Hydronics) Merchant Wholesalers "]
[423720,"Plumbing and Heating Equipment and Supplies (Hydronics) Merchant Wholesalers "]
[42373,"Warm Air Heating and Air-Conditioning Equipment and Supplies Merchant Wholesalers "]
[423730,"Warm Air Heating and Air-Conditioning Equipment and Supplies Merchant Wholesalers "]
[42374,"Refrigeration Equipment and Supplies Merchant Wholesalers "]
[423740,"Refrigeration Equipment and Supplies Merchant Wholesalers "]
[4238,"Machinery, Equipment, and Supplies Merchant Wholesalers "]
[42381,"Construction and Mining (except Oil Well) Machinery and Equipment Merchant Wholesalers "]
[423810,"Construction and Mining (except Oil Well) Machinery and Equipment Merchant Wholesalers "]
[42382,"Farm and Garden Machinery and Equipment Merchant Wholesalers "]
[423820,"Farm and Garden Machinery and Equipment Merchant Wholesalers "]
[42383,"Industrial Machinery and Equipment Merchant Wholesalers "]
[423830,"Industrial Machinery and Equipment Merchant Wholesalers "]
[42384,"Industrial Supplies Merchant Wholesalers "]
[423840,"Industrial Supplies Merchant Wholesalers"]
[42385,"Service Establishment Equipment and Supplies Merchant Wholesalers "]
[423850,"Service Establishment Equipment and Supplies Merchant Wholesalers "]
[42386,"Transportation Equipment and Supplies (except Motor Vehicle) Merchant Wholesalers "]
[423860,"Transportation Equipment and Supplies (except Motor Vehicle) Merchant Wholesalers "]
[4239,"Miscellaneous Durable Goods Merchant Wholesalers "]
[42391,"Sporting and Recreational Goods and Supplies Merchant Wholesalers"]
[423910,"Sporting and Recreational Goods and Supplies Merchant Wholesalers "]
[42392,"Toy and Hobby Goods and Supplies Merchant Wholesalers "]
[423920,"Toy and Hobby Goods and Supplies Merchant Wholesalers "]
[42393,"Recyclable Material Merchant Wholesalers "]
[423930,"Recyclable Material Merchant Wholesalers "]
[42394,"Jewelry, Watch, Precious Stone, and Precious Metal Merchant Wholesalers "]
[423940,"Jewelry, Watch, Precious Stone, and Precious Metal Merchant Wholesalers "]
[42399,"Other Miscellaneous Durable Goods Merchant Wholesalers "]
[423990,"Other Miscellaneous Durable Goods Merchant Wholesalers "]
[424,"Merchant Wholesalers, Nondurable Goods "]
[4241,"Paper and Paper Product Merchant Wholesalers "]
[42411,"Printing and Writing Paper Merchant Wholesalers "]
[424110,"Printing and Writing Paper Merchant Wholesalers "]
[42412,"Stationery and Office Supplies Merchant Wholesalers "]
[424120,"Stationery and Office Supplies Merchant Wholesalers "]
[42413,"Industrial and Personal Service Paper Merchant Wholesalers "]
[424130,"Industrial and Personal Service Paper Merchant Wholesalers "]
[4242,"Drugs and Druggists' Sundries Merchant Wholesalers "]
[42421,"Drugs and Druggists' Sundries Merchant Wholesalers "]
[424210,"Drugs and Druggists' Sundries Merchant Wholesalers "]
[4243,"Apparel, Piece Goods, and Notions Merchant Wholesalers "]
[42431,"Piece Goods, Notions, and Other Dry Goods Merchant Wholesalers "]
[424310,"Piece Goods, Notions, and Other Dry Goods Merchant Wholesalers "]
[42432,"Men's and Boys' Clothing and Furnishings Merchant Wholesalers "]
[424320,"Men's and Boys' Clothing and Furnishings Merchant Wholesalers "]
[42433,"Women's, Children's, and Infants' Clothing and Accessories Merchant Wholesalers "]
[424330,"Women's, Children's, and Infants' Clothing and Accessories Merchant Wholesalers "]
[42434,"Footwear Merchant Wholesalers "]
[424340,"Footwear Merchant Wholesalers "]
[4244,"Grocery and Related Product Merchant Wholesalers "]
[42441,"General Line Grocery Merchant Wholesalers "]
[424410,"General Line Grocery Merchant Wholesalers "]
[42442,"Packaged Frozen Food Merchant Wholesalers "]
[424420,"Packaged Frozen Food Merchant Wholesalers "]
[42443,"Dairy Product (except Dried or Canned) Merchant Wholesalers "]
[424430,"Dairy Product (except Dried or Canned) Merchant Wholesalers "]
[42444,"Poultry and Poultry Product Merchant Wholesalers "]
[424440,"Poultry and Poultry Product Merchant Wholesalers "]
[42445,"Confectionery Merchant Wholesalers "]
[424450,"Confectionery Merchant Wholesalers "]
[42446,"Fish and Seafood Merchant Wholesalers "]
[424460,"Fish and Seafood Merchant Wholesalers "]
[42447,"Meat and Meat Product Merchant Wholesalers "]
[424470,"Meat and Meat Product Merchant Wholesalers "]
[42448,"Fresh Fruit and Vegetable Merchant Wholesalers "]
[424480,"Fresh Fruit and Vegetable Merchant Wholesalers "]
[42449,"Other Grocery and Related Products Merchant Wholesalers "]
[424490,"Other Grocery and Related Products Merchant Wholesalers "]
[4245,"Farm Product Raw Material Merchant Wholesalers "]
[42451,"Grain and Field Bean Merchant Wholesalers "]
[424510,"Grain and Field Bean Merchant Wholesalers "]
[42452,"Livestock Merchant Wholesalers "]
[424520,"Livestock Merchant Wholesalers "]
[42459,"Other Farm Product Raw Material Merchant Wholesalers "]
[424590,"Other Farm Product Raw Material Merchant Wholesalers "]
[4246,"Chemical and Allied Products Merchant Wholesalers "]
[42461,"Plastics Materials and Basic Forms and Shapes Merchant Wholesalers "]
[424610,"Plastics Materials and Basic Forms and Shapes Merchant Wholesalers "]
[42469,"Other Chemical and Allied Products Merchant Wholesalers "]
[424690,"Other Chemical and Allied Products Merchant Wholesalers "]
[4247,"Petroleum and Petroleum Products Merchant Wholesalers "]
[42471,"Petroleum Bulk Stations and Terminals "]
[424710,"Petroleum Bulk Stations and Terminals "]
[42472,"Petroleum and Petroleum Products Merchant Wholesalers (except Bulk Stations and Terminals) "]
[424720,"Petroleum and Petroleum Products Merchant Wholesalers (except Bulk Stations and Terminals) "]
[4248,"Beer, Wine, and Distilled Alcoholic Beverage Merchant Wholesalers "]
[42481,"Beer and Ale Merchant Wholesalers "]
[424810,"Beer and Ale Merchant Wholesalers "]
[42482,"Wine and Distilled Alcoholic Beverage Merchant Wholesalers "]
[424820,"Wine and Distilled Alcoholic Beverage Merchant Wholesalers "]
[4249,"Miscellaneous Nondurable Goods Merchant Wholesalers "]
[42491,"Farm Supplies Merchant Wholesalers "]
[424910,"Farm Supplies Merchant Wholesalers "]
[42492,"Book, Periodical, and Newspaper Merchant Wholesalers "]
[424920,"Book, Periodical, and Newspaper Merchant Wholesalers "]
[42493,"Flower, Nursery Stock, and Florists' Supplies Merchant Wholesalers "]
[424930,"Flower, Nursery Stock, and Florists' Supplies Merchant Wholesalers "]
[42494,"Tobacco and Tobacco Product Merchant Wholesalers "]
[424940,"Tobacco and Tobacco Product Merchant Wholesalers "]
[42495,"Paint, Varnish, and Supplies Merchant Wholesalers "]
[424950,"Paint, Varnish, and Supplies Merchant Wholesalers "]
[42499,"Other Miscellaneous Nondurable Goods Merchant Wholesalers "]
[424990,"Other Miscellaneous Nondurable Goods Merchant Wholesalers "]
[425,"Wholesale Electronic Markets and Agents and Brokers "]
[4251,"Wholesale Electronic Markets and Agents and Brokers "]
[42511,"Business to Business Electronic Markets "]
[425110,"Business to Business Electronic Markets "]
[42512,"Wholesale Trade Agents and Brokers "]
[425120,"Wholesale Trade Agents and Brokers "]
[44,"Retail Trade"]
[441,"Motor Vehicle and Parts Dealers "]
[4411,"Automobile Dealers "]
[44111,"New Car Dealers "]
[441110,"New Car Dealers "]
[44112,"Used Car Dealers "]
[441120,"Used Car Dealers "]
[4412,"Other Motor Vehicle Dealers "]
[44121,"Recreational Vehicle Dealers "]
[441210,"Recreational Vehicle Dealers "]
[44122,"Motorcycle, Boat, and Other Motor Vehicle Dealers "]
[441221,"Motorcycle Dealers"]
[441222,"Boat Dealers "]
[441228,"Motorcycle, ATV, and All Other Motor Vehicle Dealers "]
[441229,"All Other Motor Vehicle Dealers"]
[4413,"Automotive Parts, Accessories, and Tire Stores "]
[44131,"Automotive Parts and Accessories Stores "]
[441310,"Automotive Parts and Accessories Stores "]
[44132,"Tire Dealers "]
[441320,"Tire Dealers "]
[442,"Furniture and Home Furnishings Stores "]
[4421,"Furniture Stores "]
[44211,"Furniture Stores "]
[442110,"Furniture Stores "]
[4422,"Home Furnishings Stores "]
[44221,"Floor Covering Stores "]
[442210,"Floor Covering Stores "]
[44229,"Other Home Furnishings Stores "]
[442291,"Window Treatment Stores "]
[442299,"All Other Home Furnishings Stores "]
[443,"Electronics and Appliance Stores "]
[4431,"Electronics and Appliance Stores "]
[44314,"Electronics and Appliance Stores "]
[443111,"Household Appliance Stores"]
[443112,"Radio, Television, and Other Electronics Stores"]
[443120,"Computer and Software Stores"]
[443130,"Camera and Photographic Supplies Stores"]
[443141,"Household Appliance Stores "]
[443142,"Electronics Stores "]
[444,"Building Material and Garden Equipment and Supplies Dealers "]
[4441,"Building Material and Supplies Dealers "]
[44411,"Home Centers "]
[444110,"Home Centers "]
[44412,"Paint and Wallpaper Stores "]
[444120,"Paint and Wallpaper Stores "]
[44413,"Hardware Stores "]
[444130,"Hardware Stores "]
[44419,"Other Building Material Dealers "]
[444190,"Other Building Material Dealers "]
[4442,"Lawn and Garden Equipment and Supplies Stores "]
[44421,"Outdoor Power Equipment Stores "]
[444210,"Outdoor Power Equipment Stores "]
[44422,"Nursery, Garden Center, and Farm Supply Stores "]
[444220,"Nursery, Garden Center, and Farm Supply Stores "]
[445,"Food and Beverage Stores "]
[4451,"Grocery Stores "]
[44511,"Supermarkets and Other Grocery (except Convenience) Stores "]
[445110,"Supermarkets and Other Grocery (except Convenience) Stores "]
[44512,"Convenience Stores "]
[445120,"Convenience Stores "]
[4452,"Specialty Food Stores "]
[44521,"Meat Markets "]
[445210,"Meat Markets "]
[44522,"Fish and Seafood Markets "]
[445220,"Fish and Seafood Markets "]
[44523,"Fruit and Vegetable Markets "]
[445230,"Fruit and Vegetable Markets "]
[44529,"Other Specialty Food Stores "]
[445291,"Baked Goods Stores "]
[445292,"Confectionery and Nut Stores "]
[445299,"All Other Specialty Food Stores "]
[4453,"Beer, Wine, and Liquor Stores "]
[44531,"Beer, Wine, and Liquor Stores "]
[445310,"Beer, Wine, and Liquor Stores "]
[446,"Health and Personal Care Stores "]
[4461,"Health and Personal Care Stores "]
[44611,"Pharmacies and Drug Stores "]
[446110,"Pharmacies and Drug Stores "]
[44612,"Cosmetics, Beauty Supplies, and Perfume Stores "]
[446120,"Cosmetics, Beauty Supplies, and Perfume Stores "]
[44613,"Optical Goods Stores "]
[446130,"Optical Goods Stores "]
[44619,"Other Health and Personal Care Stores "]
[446191,"Food (Health) Supplement Stores "]
[446199,"All Other Health and Personal Care Stores "]
[447,"Gasoline Stations "]
[4471,"Gasoline Stations "]
[44711,"Gasoline Stations with Convenience Stores "]
[447110,"Gasoline Stations with Convenience Stores "]
[44719,"Other Gasoline Stations "]
[447190,"Other Gasoline Stations "]
[448,"Clothing and Clothing Accessories Stores "]
[4481,"Clothing Stores "]
[44811,"Men's Clothing Stores "]
[448110,"Men's Clothing Stores "]
[44812,"Women's Clothing Stores "]
[448120,"Women's Clothing Stores "]
[44813,"Children's and Infants' Clothing Stores "]
[448130,"Children's and Infants' Clothing Stores "]
[44814,"Family Clothing Stores "]
[448140,"Family Clothing Stores "]
[44815,"Clothing Accessories Stores "]
[448150,"Clothing Accessories Stores "]
[44819,"Other Clothing Stores "]
[448190,"Other Clothing Stores "]
[4482,"Shoe Stores "]
[44821,"Shoe Stores "]
[448210,"Shoe Stores "]
[4483,"Jewelry, Luggage, and Leather Goods Stores "]
[44831,"Jewelry Stores "]
[448310,"Jewelry Stores "]
[44832,"Luggage and Leather Goods Stores "]
[448320,"Luggage and Leather Goods Stores "]
[45,"Retail Trade"]
[451,"Sporting Goods, Hobby, Musical Instrument, and Book Stores "]
[4511,"Sporting Goods, Hobby, and Musical Instrument Stores "]
[45111,"Sporting Goods Stores "]
[451110,"Sporting Goods Stores "]
[45112,"Hobby, Toy, and Game Stores "]
[451120,"Hobby, Toy, and Game Stores "]
[45113,"Sewing, Needlework, and Piece Goods Stores "]
[451130,"Sewing, Needlework, and Piece Goods Stores "]
[45114,"Musical Instrument and Supplies Stores "]
[451140,"Musical Instrument and Supplies Stores "]
[4512,"Book Stores and News Dealers "]
[45121,"Book Stores and News Dealers "]
[451211,"Book Stores "]
[451212,"News Dealers and Newsstands "]
[451220,"Prerecorded Tape, Compact Disc, and Record Stores"]
[452,"General Merchandise Stores "]
[4521,"Department Stores "]
[45211,"Department Stores "]
[452111,"Department Stores (except Discount Department Stores) "]
[452112,"Discount Department Stores "]
[4529,"Other General Merchandise Stores "]
[45291,"Warehouse Clubs and Supercenters "]
[452910,"Warehouse Clubs and Supercenters "]
[45299,"All Other General Merchandise Stores "]
[452990,"All Other General Merchandise Stores "]
[453,"Miscellaneous Store Retailers "]
[4531,"Florists "]
[45311,"Florists "]
[453110,"Florists "]
[4532,"Office Supplies, Stationery, and Gift Stores "]
[45321,"Office Supplies and Stationery Stores "]
[453210,"Office Supplies and Stationery Stores "]
[45322,"Gift, Novelty, and Souvenir Stores "]
[453220,"Gift, Novelty, and Souvenir Stores "]
[4533,"Used Merchandise Stores "]
[45331,"Used Merchandise Stores "]
[453310,"Used Merchandise Stores "]
[4539,"Other Miscellaneous Store Retailers "]
[45391,"Pet and Pet Supplies Stores "]
[453910,"Pet and Pet Supplies Stores "]
[45392,"Art Dealers "]
[453920,"Art Dealers "]
[45393,"Manufactured (Mobile) Home Dealers "]
[453930,"Manufactured (Mobile) Home Dealers "]
[45399,"All Other Miscellaneous Store Retailers "]
[453991,"Tobacco Stores "]
[453998,"All Other Miscellaneous Store Retailers (except Tobacco Stores) "]
[454,"Nonstore Retailers "]
[4541,"Electronic Shopping and Mail-Order Houses "]
[45411,"Electronic Shopping and Mail-Order Houses "]
[454111,"Electronic Shopping "]
[454112,"Electronic Auctions "]
[454113,"Mail-Order Houses "]
[4542,"Vending Machine Operators "]
[45421,"Vending Machine Operators "]
[454210,"Vending Machine Operators "]
[4543,"Direct Selling Establishments "]
[45431,"Fuel Dealers "]
[454310,"Fuel Dealers "]
[454311,"Heating Oil Dealers"]
[454312,"Liquefied Petroleum Gas (Bottled Gas) Dealers"]
[454319,"Other Fuel Dealers"]
[45439,"Other Direct Selling Establishments "]
[454390,"Other Direct Selling Establishments "]
[48,"Transportation and Warehousing"]
[481,"Air Transportation "]
[4811,"Scheduled Air Transportation "]
[48111,"Scheduled Air Transportation "]
[481111,"Scheduled Passenger Air Transportation "]
[481112,"Scheduled Freight Air Transportation "]
[4812,"Nonscheduled Air Transportation "]
[48121,"Nonscheduled Air Transportation "]
[481211,"Nonscheduled Chartered Passenger Air Transportation "]
[481212,"Nonscheduled Chartered Freight Air Transportation "]
[481219,"Other Nonscheduled Air Transportation "]
[482,"Rail Transportation "]
[4821,"Rail Transportation "]
[48211,"Rail Transportation "]
[482111,"Line-Haul Railroads "]
[482112,"Short Line Railroads "]
[483,"Water Transportation "]
[4831,"Deep Sea, Coastal, and Great Lakes Water Transportation "]
[48311,"Deep Sea, Coastal, and Great Lakes Water Transportation "]
[483111,"Deep Sea Freight Transportation "]
[483112,"Deep Sea Passenger Transportation "]
[483113,"Coastal and Great Lakes Freight Transportation "]
[483114,"Coastal and Great Lakes Passenger Transportation "]
[4832,"Inland Water Transportation "]
[48321,"Inland Water Transportation "]
[483211,"Inland Water Freight Transportation "]
[483212,"Inland Water Passenger Transportation "]
[484,"Truck Transportation "]
[4841,"General Freight Trucking "]
[48411,"General Freight Trucking, LocalT "]
[484110,"General Freight Trucking, Local "]
[48412,"General Freight Trucking, Long-Distance "]
[484121,"General Freight Trucking, Long-Distance, Truckload "]
[484122,"General Freight Trucking, Long-Distance, Less Than Truckload "]
[4842,"Specialized Freight Trucking "]
[48421,"Used Household and Office Goods Moving "]
[484210,"Used Household and Office Goods Moving"]
[48422,"Specialized Freight (except Used Goods) Trucking, LocalT "]
[484220,"Specialized Freight (except Used Goods) Trucking, Local "]
[48423,"Specialized Freight (except Used Goods) Trucking, Long-Distance "]
[484230,"Specialized Freight (except Used Goods) Trucking, Long-Distance "]
[485,"Transit and Ground Passenger Transportation "]
[4851,"Urban Transit Systems "]
[48511,"Urban Transit Systems "]
[485111,"Mixed Mode Transit Systems "]
[485112,"Commuter Rail Systems "]
[485113,"Bus and Other Motor Vehicle Transit Systems "]
[485119,"Other Urban Transit Systems "]
[4852,"Interurban and Rural Bus Transportation "]
[48521,"Interurban and Rural Bus Transportation "]
[485210,"Interurban and Rural Bus Transportation"]
[4853,"Taxi and Limousine Service "]
[48531,"Taxi Service "]
[485310,"Taxi Service "]
[48532,"Limousine Service "]
[485320,"Limousine Service"]
[4854,"School and Employee Bus Transportation "]
[48541,"School and Employee Bus Transportation "]
[485410,"School and Employee Bus Transportation"]
[4855,"Charter Bus Industry "]
[48551,"Charter Bus Industry "]
[485510,"Charter Bus Industry"]
[4859,"Other Transit and Ground Passenger Transportation "]
[48599,"Other Transit and Ground Passenger Transportation "]
[485991,"Special Needs Transportation "]
[485999,"All Other Transit and Ground Passenger Transportation "]
[486,"Pipeline Transportation "]
[4861,"Pipeline Transportation of Crude OilT "]
[48611,"Pipeline Transportation of Crude OilT "]
[486110,"Pipeline Transportation of Crude Oil"]
[4862,"Pipeline Transportation of Natural Gas "]
[48621,"Pipeline Transportation of Natural Gas "]
[486210,"Pipeline Transportation of Natural Gas"]
[4869,"Other Pipeline Transportation "]
[48691,"Pipeline Transportation of Refined Petroleum Products "]
[486910,"Pipeline Transportation of Refined Petroleum Products"]
[48699,"All Other Pipeline Transportation "]
[486990,"All Other Pipeline Transportation"]
[487,"Scenic and Sightseeing Transportation "]
[4871,"Scenic and Sightseeing Transportation, LandT "]
[48711,"Scenic and Sightseeing Transportation, LandT "]
[487110,"Scenic and Sightseeing Transportation, Land"]
[4872,"Scenic and Sightseeing Transportation, Water "]
[48721,"Scenic and Sightseeing Transportation, Water "]
[487210,"Scenic and Sightseeing Transportation, Water"]
[4879,"Scenic and Sightseeing Transportation, Other "]
[48799,"Scenic and Sightseeing Transportation, Other "]
[487990,"Scenic and Sightseeing Transportation, Other"]
[488,"Support Activities for Transportation "]
[4881,"Support Activities for Air Transportation "]
[48811,"Airport Operations "]
[488111,"Air Traffic Control"]
[488119,"Other Airport Operations "]
[48819,"Other Support Activities for Air Transportation "]
[488190,"Other Support Activities for Air Transportation"]
[4882,"Support Activities for Rail Transportation "]
[48821,"Support Activities for Rail Transportation "]
[488210,"Support Activities for Rail Transportation"]
[4883,"Support Activities for Water Transportation "]
[48831,"Port and Harbor Operations "]
[488310,"Port and Harbor Operations"]
[48832,"Marine Cargo Handling "]
[488320,"Marine Cargo Handling"]
[48833,"Navigational Services to Shipping "]
[488330,"Navigational Services to Shipping "]
[48839,"Other Support Activities for Water Transportation "]
[488390,"Other Support Activities for Water Transportation"]
[4884,"Support Activities for Road Transportation "]
[48841,"Motor Vehicle Towing "]
[488410,"Motor Vehicle Towing"]
[48849,"Other Support Activities for Road Transportation "]
[488490,"Other Support Activities for Road Transportation "]
[4885,"Freight Transportation ArrangementT "]
[48851,"Freight Transportation ArrangementT "]
[488510,"Freight Transportation Arrangement "]
[4889,"Other Support Activities for Transportation "]
[48899,"Other Support Activities for Transportation "]
[488991,"Packing and Crating "]
[488999,"All Other Support Activities for Transportation "]
[49,"Transportation and Warehousing"]
[491,"Postal Service "]
[4911,"Postal Service "]
[49111,"Postal Service "]
[491110,"Postal Service"]
[492,"Couriers and Messengers "]
[4921,"Couriers and Express Delivery Services "]
[49211,"Couriers and Express Delivery Services "]
[492110,"Couriers and Express Delivery Services"]
[4922,"Local Messengers and Local Delivery "]
[49221,"Local Messengers and Local Delivery "]
[492210,"Local Messengers and Local Delivery"]
[493,"Warehousing and Storage "]
[4931,"Warehousing and Storage "]
[49311,"General Warehousing and Storage "]
[493110,"General Warehousing and Storage "]
[49312,"Refrigerated Warehousing and Storage "]
[493120,"Refrigerated Warehousing and Storage"]
[49313,"Farm Product Warehousing and Storage"]
[493130,"Farm Product Warehousing and Storage"]
[49319,"Other Warehousing and Storage "]
[493190,"Other Warehousing and Storage"]
[51,"Information"]
[511,"Publishing Industries (except Internet) "]
[5111,"Newspaper, Periodical, Book, and Directory Publishers "]
[51111,"Newspaper Publishers "]
[511110,"Newspaper Publishers "]
[51112,"Periodical Publishers "]
[511120,"Periodical Publishers "]
[51113,"Book Publishers "]
[511130,"Book Publishers "]
[51114,"Directory and Mailing List Publishers "]
[511140,"Directory and Mailing List Publishers "]
[51119,"Other Publishers "]
[511191,"Greeting Card Publishers "]
[511199,"All Other Publishers "]
[5112,"Software Publishers "]
[51121,"Software Publishers "]
[511210,"Software Publishers"]
[512,"Motion Picture and Sound Recording Industries "]
[5121,"Motion Picture and Video Industries "]
[51211,"Motion Picture and Video Production "]
[512110,"Motion Picture and Video Production "]
[51212,"Motion Picture and Video Distribution "]
[512120,"Motion Picture and Video Distribution"]
[51213,"Motion Picture and Video Exhibition "]
[512131,"Motion Picture Theaters (except Drive-Ins) "]
[512132,"Drive-In Motion Picture Theaters "]
[51219,"Postproduction Services and Other Motion Picture and Video Industries "]
[512191,"Teleproduction and Other Postproduction Services "]
[512199,"Other Motion Picture and Video Industries "]
[5122,"Sound Recording Industries "]
[51221,"Record Production "]
[512210,"Record Production"]
[51222,"Integrated Record Production/Distribution "]
[512220,"Integrated Record Production/Distribution"]
[51223,"Music Publishers "]
[512230,"Music Publishers"]
[51224,"Sound Recording Studios "]
[512240,"Sound Recording Studios"]
[51229,"Other Sound Recording Industries "]
[512290,"Other Sound Recording Industries"]
[515,"Broadcasting (except Internet) "]
[5151,"Radio and Television Broadcasting "]
[51511,"Radio Broadcasting "]
[515111,"Radio Networks "]
[515112,"Radio Stations "]
[51512,"Television Broadcasting "]
[515120,"Television Broadcasting"]
[5152,"Cable and Other Subscription Programming "]
[51521,"Cable and Other Subscription Programming "]
[515210,"Cable and Other Subscription Programming"]
[516110,"Internet Publishing and Broadcasting"]
[517,"Telecommunications "]
[5171,"Wired Telecommunications Carriers "]
[51711,"Wired Telecommunications Carriers "]
[517110,"Wired Telecommunications Carriers "]
[5172,"Wireless Telecommunications Carriers (except Satellite) "]
[51721,"Wireless Telecommunications Carriers (except Satellite) "]
[517210,"Wireless Telecommunications Carriers (except Satellite)"]
[517211,"Paging"]
[517212,"Cellular and Other Wireless Telecommunications"]
[517310,"Telecommunications Resellers"]
[5174,"Satellite Telecommunications "]
[51741,"Satellite Telecommunications "]
[517410,"Satellite Telecommunications"]
[517510,"Cable and Other Program Distribution"]
[5179,"Other Telecommunications "]
[51791,"Other Telecommunications "]
[517910,"Other Telecommunications"]
[517911,"Telecommunications Resellers "]
[517919,"All Other Telecommunications "]
[518,"Data Processing, Hosting, and Related Services "]
[518111,"Internet Service Providers"]
[518112,"Web Search Portals"]
[5182,"Data Processing, Hosting, and Related Services "]
[51821,"Data Processing, Hosting, and Related Services "]
[518210,"Data Processing, Hosting, and Related Services"]
[519,"Other Information Services "]
[5191,"Other Information Services "]
[51911,"News Syndicates "]
[519110,"News Syndicates"]
[51912,"Libraries and Archives "]
[519120,"Libraries and Archives "]
[51913,"Internet Publishing and Broadcasting and Web Search Portals "]
[519130,"Internet Publishing and Broadcasting and Web Search Portals"]
[51919,"All Other Information Services "]
[519190,"All Other Information Services"]
[52,"Finance and Insurance"]
[521,"Monetary Authorities-Central Bank"]
[5211,"Monetary Authorities-Central Bank"]
[52111,"Monetary Authorities-Central Bank"]
[521110,"Monetary Authorities-Central Bank"]
[522,"Credit Intermediation and Related Activities "]
[5221,"Depository Credit Intermediation "]
[52211,"Commercial Banking "]
[522110,"Commercial Banking "]
[52212,"Savings Institutions "]
[522120,"Savings Institutions "]
[52213,"Credit Unions "]
[522130,"Credit Unions "]
[52219,"Other Depository Credit Intermediation "]
[522190,"Other Depository Credit Intermediation "]
[5222,"Nondepository Credit Intermediation "]
[52221,"Credit Card Issuing "]
[522210,"Credit Card Issuing "]
[52222,"Sales Financing "]
[522220,"Sales Financing "]
[52229,"Other Nondepository Credit Intermediation "]
[522291,"Consumer Lending "]
[522292,"Real Estate Credit "]
[522293,"International Trade Financing "]
[522294,"Secondary Market Financing "]
[522298,"All Other Nondepository Credit Intermediation "]
[5223,"Activities Related to Credit Intermediation "]
[52231,"Mortgage and Nonmortgage Loan Brokers "]
[522310,"Mortgage and Nonmortgage Loan Brokers "]
[52232,"Financial Transactions Processing, Reserve, and Clearinghouse Activities "]
[522320,"Financial Transactions Processing, Reserve, and Clearinghouse Activities "]
[52239,"Other Activities Related to Credit Intermediation "]
[522390,"Other Activities Related to Credit Intermediation "]
[523,"Securities, Commodity Contracts, and Other Financial Investments and Related Activities "]
[5231,"Securities and Commodity Contracts Intermediation and Brokerage "]
[52311,"Investment Banking and Securities Dealing "]
[523110,"Investment Banking and Securities Dealing "]
[52312,"Securities Brokerage "]
[523120,"Securities Brokerage "]
[52313,"Commodity Contracts Dealing "]
[523130,"Commodity Contracts Dealing "]
[52314,"Commodity Contracts Brokerage "]
[523140,"Commodity Contracts Brokerage "]
[5232,"Securities and Commodity Exchanges "]
[52321,"Securities and Commodity Exchanges "]
[523210,"Securities and Commodity Exchanges"]
[5239,"Other Financial Investment Activities "]
[52391,"Miscellaneous Intermediation "]
[523910,"Miscellaneous Intermediation "]
[52392,"Portfolio Management "]
[523920,"Portfolio Management "]
[52393,"Investment Advice "]
[523930,"Investment Advice "]
[52399,"All Other Financial Investment Activities "]
[523991,"Trust, Fiduciary, and Custody Activities "]
[523999,"Miscellaneous Financial Investment Activities "]
[524,"Insurance Carriers and Related Activities "]
[5241,"Insurance Carriers "]
[52411,"Direct Life, Health, and Medical Insurance Carriers "]
[524113,"Direct Life Insurance Carriers "]
[524114,"Direct Health and Medical Insurance Carriers "]
[52412,"Direct Insurance (except Life, Health, and Medical) Carriers "]
[524126,"Direct Property and Casualty Insurance Carriers "]
[524127,"Direct Title Insurance Carriers "]
[524128,"Other Direct Insurance (except Life, Health, and Medical) Carriers "]
[52413,"Reinsurance Carriers "]
[524130,"Reinsurance Carriers "]
[5242,"Agencies, Brokerages, and Other Insurance Related Activities "]
[52421,"Insurance Agencies and Brokerages "]
[524210,"Insurance Agencies and Brokerages "]
[52429,"Other Insurance Related Activities "]
[524291,"Claims Adjusting "]
[524292,"Third Party Administration of Insurance and Pension Funds "]
[524298,"All Other Insurance Related Activities "]
[525,"Funds, Trusts, and Other Financial Vehicles "]
[5251,"Insurance and Employee Benefit Funds "]
[52511,"Pension Funds "]
[525110,"Pension Funds "]
[52512,"Health and Welfare Funds "]
[525120,"Health and Welfare Funds "]
[52519,"Other Insurance Funds "]
[525190,"Other Insurance Funds "]
[5259,"Other Investment Pools and Funds"]
[52591,"Open-End Investment Funds "]
[525910,"Open-End Investment Funds "]
[52592,"Trusts, Estates, and Agency Accounts "]
[525920,"Trusts, Estates, and Agency Accounts "]
[52599,"Other Financial Vehicles "]
[525990,"Other Financial Vehicles "]
[53,"Real Estate and Rental and Leasing"]
[531,"Real Estate "]
[5311,"Lessors of Real Estate "]
[53111,"Lessors of Residential Buildings and Dwellings "]
[531110,"Lessors of Residential Buildings and Dwellings "]
[53112,"Lessors of Nonresidential Buildings (except Miniwarehouses) "]
[531120,"Lessors of Nonresidential Buildings (except Miniwarehouses) "]
[53113,"Lessors of Miniwarehouses and Self-Storage Units "]
[531130,"Lessors of Miniwarehouses and Self-Storage Units "]
[53119,"Lessors of Other Real Estate Property "]
[531190,"Lessors of Other Real Estate Property "]
[5312,"Offices of Real Estate Agents and Brokers "]
[53121,"Offices of Real Estate Agents and Brokers "]
[531210,"Offices of Real Estate Agents and Brokers"]
[5313,"Activities Related to Real Estate "]
[53131,"Real Estate Property Managers "]
[531311,"Residential Property Managers "]
[531312,"Nonresidential Property Managers "]
[53132,"Offices of Real Estate Appraisers "]
[531320,"Offices of Real Estate Appraisers "]
[53139,"Other Activities Related to Real Estate "]
[531390,"Other Activities Related to Real Estate "]
[532,"Rental and Leasing Services "]
[5321,"Automotive Equipment Rental and Leasing "]
[53211,"Passenger Car Rental and Leasing "]
[532111,"Passenger Car Rental "]
[532112,"Passenger Car Leasing "]
[53212,"Truck, Utility Trailer, and RV (Recreational Vehicle) Rental and Leasing "]
[532120,"Truck, Utility Trailer, and RV (Recreational Vehicle) Rental and Leasing "]
[5322,"Consumer Goods RentalT "]
[53221,"Consumer Electronics and Appliances RentalT "]
[532210,"Consumer Electronics and Appliances Rental"]
[53222,"Formal Wear and Costume RentalT "]
[532220,"Formal Wear and Costume Rental"]
[53223,"Video Tape and Disc RentalT "]
[532230,"Video Tape and Disc Rental"]
[53229,"Other Consumer Goods RentalT "]
[532291,"Home Health Equipment Rental "]
[532292,"Recreational Goods Rental "]
[532299,"All Other Consumer Goods Rental "]
[5323,"General Rental Centers "]
[53231,"General Rental Centers "]
[532310,"General Rental Centers"]
[5324,"Commercial and Industrial Machinery and Equipment Rental and Leasing "]
[53241,"Construction, Transportation, Mining, and Forestry Machinery and Equipment Rental and Leasing "]
[532411,"Commercial Air, Rail, and Water Transportation Equipment Rental and Leasing "]
[532412,"Construction, Mining, and Forestry Machinery and Equipment Rental and Leasing "]
[53242,"Office Machinery and Equipment Rental and Leasing "]
[532420,"Office Machinery and Equipment Rental and Leasing"]
[53249,"Other Commercial and Industrial Machinery and Equipment Rental and Leasing "]
[532490,"Other Commercial and Industrial Machinery and Equipment Rental and Leasing "]
[533,"Lessors of Nonfinancial Intangible Assets (except Copyrighted Works) "]
[5331,"Lessors of Nonfinancial Intangible Assets (except Copyrighted Works) "]
[53311,"Lessors of Nonfinancial Intangible Assets (except Copyrighted Works) "]
[533110,"Lessors of Nonfinancial Intangible Assets (except Copyrighted Works)"]
[54,"Professional, Scientific, and Technical Services"]
[541,"Professional, Scientific, and Technical Services "]
[5411,"Legal Services"]
[54111,"Offices of Lawyers "]
[541110,"Offices of Lawyers"]
[54112,"Offices of Notaries "]
[541120,"Offices of Notaries"]
[54119,"Other Legal Services "]
[541191,"Title Abstract and Settlement Offices "]
[541199,"All Other Legal Services "]
[5412,"Accounting, Tax Preparation, Bookkeeping, and Payroll Services "]
[54121,"Accounting, Tax Preparation, Bookkeeping, and Payroll Services "]
[541211,"Offices of Certified Public Accountants "]
[541213,"Tax Preparation Services "]
[541214,"Payroll Services "]
[541219,"Other Accounting Services "]
[5413,"Architectural, Engineering, and Related Services "]
[54131,"Architectural Services "]
[541310,"Architectural Services"]
[54132,"Landscape Architectural Services "]
[541320,"Landscape Architectural Services"]
[54133,"Engineering Services "]
[541330,"Engineering Services"]
[54134,"Drafting Services "]
[541340,"Drafting Services"]
[54135,"Building Inspection Services "]
[541350,"Building Inspection Services"]
[54136,"Geophysical Surveying and Mapping Services "]
[541360,"Geophysical Surveying and Mapping Services"]
[54137,"Surveying and Mapping (except Geophysical) Services "]
[541370,"Surveying and Mapping (except Geophysical) Services"]
[54138,"Testing Laboratories "]
[541380,"Testing Laboratories"]
[5414,"Specialized Design Services "]
[54141,"Interior Design Services "]
[541410,"Interior Design Services"]
[54142,"Industrial Design Services "]
[541420,"Industrial Design Services"]
[54143,"Graphic Design Services "]
[541430,"Graphic Design Services"]
[54149,"Other Specialized Design Services "]
[541490,"Other Specialized Design Services"]
[5415,"Computer Systems Design and Related Services "]
[54151,"Computer Systems Design and Related Services "]
[541511,"Custom Computer Programming Services "]
[541512,"Computer Systems Design Services "]
[541513,"Computer Facilities Management Services "]
[541519,"Other Computer Related Services"]
[5416,"Management, Scientific, and Technical Consulting Services "]
[54161,"Management Consulting Services "]
[541611,"Administrative Management and General Management Consulting Services "]
[541612,"Human Resources Consulting Services "]
[541613,"Marketing Consulting Services "]
[541614,"Process, Physical Distribution, and Logistics Consulting Services "]
[541618,"Other Management Consulting Services "]
[54162,"Environmental Consulting Services "]
[541620,"Environmental Consulting Services"]
[54169,"Other Scientific and Technical Consulting Services "]
[541690,"Other Scientific and Technical Consulting Services"]
[5417,"Scientific Research and Development Services "]
[54171,"Research and Development in the Physical, Engineering, and Life Sciences "]
[541710,"Research and Development in the Physical, Engineering, and Life Sciences "]
[541711,"Research and Development in Biotechnology "]
[541712,"Research and Development in the Physical, Engineering, and Life Sciences (except Biotechnology) "]
[54172,"Research and Development in the Social Sciences and Humanities "]
[541720,"Research and Development in the Social Sciences and Humanities "]
[5418,"Advertising, Public Relations, and Related Services "]
[54181,"Advertising Agencies "]
[541810,"Advertising Agencies"]
[54182,"Public Relations Agencies "]
[541820,"Public Relations Agencies"]
[54183,"Media Buying Agencies "]
[541830,"Media Buying Agencies"]
[54184,"Media Representatives "]
[541840,"Media Representatives"]
[54185,"Outdoor Advertising "]
[541850,"Outdoor Advertising"]
[54186,"Direct Mail Advertising "]
[541860,"Direct Mail Advertising"]
[54187,"Advertising Material Distribution Services "]
[541870,"Advertising Material Distribution Services"]
[54189,"Other Services Related to Advertising "]
[541890,"Other Services Related to Advertising "]
[5419,"Other Professional, Scientific, and Technical Services "]
[54191,"Marketing Research and Public Opinion Polling "]
[541910,"Marketing Research and Public Opinion Polling"]
[54192,"Photographic Services "]
[541921,"Photography Studios, Portrait "]
[541922,"Commercial Photography "]
[54193,"Translation and Interpretation Services "]
[541930,"Translation and Interpretation Services"]
[54194,"Veterinary Services "]
[541940,"Veterinary Services "]
[54199,"All Other Professional, Scientific, and Technical Services "]
[541990,"All Other Professional, Scientific, and Technical Services"]
[55,"Management of Companies and Enterprises "]
[551,"Management of Companies and Enterprises "]
[5511,"Management of Companies and Enterprises "]
[55111,"Management of Companies and Enterprises "]
[551111,"Offices of Bank Holding Companies "]
[551112,"Offices of Other Holding Companies "]
[551114,"Corporate, Subsidiary, and Regional Managing Offices "]
[56,"Administrative and Support and Waste Management and Remediation Services"]
[561,"Administrative and Support Services "]
[5611,"Office Administrative Services "]
[56111,"Office Administrative Services "]
[561110,"Office Administrative Services"]
[5612,"Facilities Support Services "]
[56121,"Facilities Support Services "]
[561210,"Facilities Support Services"]
[5613,"Employment Services "]
[56131,"Employment Placement Agencies and Executive Search Services "]
[561310,"Employment Placement Agencies"]
[561311,"Employment Placement Agencies "]
[561312,"Executive Search Services "]
[56132,"Temporary Help Services "]
[561320,"Temporary Help Services"]
[56133,"Professional Employer Organizations "]
[561330,"Professional Employer Organizations"]
[5614,"Business Support Services "]
[56141,"Document Preparation Services "]
[561410,"Document Preparation Services"]
[56142,"Telephone Call Centers "]
[561421,"Telephone Answering Services "]
[561422,"Telemarketing Bureaus and Other Contact Centers "]
[56143,"Business Service Centers "]
[561431,"Private Mail Centers "]
[561439,"Other Business Service Centers (including Copy Shops) "]
[56144,"Collection Agencies "]
[561440,"Collection Agencies"]
[56145,"Credit Bureaus "]
[561450,"Credit Bureaus"]
[56149,"Other Business Support Services "]
[561491,"Repossession Services "]
[561492,"Court Reporting and Stenotype Services "]
[561499,"All Other Business Support Services "]
[5615,"Travel Arrangement and Reservation Services "]
[56151,"Travel Agencies "]
[561510,"Travel Agencies"]
[56152,"Tour Operators "]
[561520,"Tour Operators"]
[56159,"Other Travel Arrangement and Reservation Services "]
[561591,"Convention and Visitors Bureaus "]
[561599,"All Other Travel Arrangement and Reservation Services "]
[5616,"Investigation and Security Services "]
[56161,"Investigation, Guard, and Armored Car Services "]
[561611,"Investigation Services "]
[561612,"Security Guards and Patrol Services "]
[561613,"Armored Car Services "]
[56162,"Security Systems Services "]
[561621,"Security Systems Services (except Locksmiths) "]
[561622,"Locksmiths "]
[5617,"Services to Buildings and Dwellings "]
[56171,"Exterminating and Pest Control Services "]
[561710,"Exterminating and Pest Control Services"]
[56172,"Janitorial Services "]
[561720,"Janitorial Services "]
[56173,"Landscaping Services "]
[561730,"Landscaping Services"]
[56174,"Carpet and Upholstery Cleaning Services "]
[561740,"Carpet and Upholstery Cleaning Services"]
[56179,"Other Services to Buildings and Dwellings "]
[561790,"Other Services to Buildings and Dwellings "]
[5619,"Other Support Services "]
[56191,"Packaging and Labeling Services "]
[561910,"Packaging and Labeling Services"]
[56192,"Convention and Trade Show Organizers "]
[561920,"Convention and Trade Show Organizers"]
[56199,"All Other Support Services "]
[561990,"All Other Support Services"]
[562,"Waste Management and Remediation Services "]
[5621,"Waste Collection "]
[56211,"Waste Collection "]
[562111,"Solid Waste Collection "]
[562112,"Hazardous Waste Collection "]
[562119,"Other Waste Collection "]
[5622,"Waste Treatment and Disposal "]
[56221,"Waste Treatment and Disposal "]
[562211,"Hazardous Waste Treatment and Disposal "]
[562212,"Solid Waste Landfill "]
[562213,"Solid Waste Combustors and Incinerators "]
[562219,"Other Nonhazardous Waste Treatment and Disposal "]
[5629,"Remediation and Other Waste Management Services "]
[56291,"Remediation Services "]
[562910,"Remediation Services "]
[56292,"Materials Recovery Facilities "]
[562920,"Materials Recovery Facilities "]
[56299,"All Other Waste Management Services "]
[562991,"Septic Tank and Related Services "]
[562998,"All Other Miscellaneous Waste Management Services "]
[61,"Educational Services"]
[611,"Educational Services "]
[6111,"Elementary and Secondary Schools "]
[61111,"Elementary and Secondary Schools "]
[611110,"Elementary and Secondary Schools "]
[6112,"Junior Colleges "]
[61121,"Junior Colleges "]
[611210,"Junior Colleges "]
[6113,"Colleges, Universities, and Professional Schools "]
[61131,"Colleges, Universities, and Professional Schools "]
[611310,"Colleges, Universities, and Professional Schools "]
[6114,"Business Schools and Computer and Management Training "]
[61141,"Business and Secretarial Schools "]
[611410,"Business and Secretarial Schools "]
[61142,"Computer Training "]
[611420,"Computer Training "]
[61143,"Professional and Management Development Training "]
[611430,"Professional and Management Development Training "]
[6115,"Technical and Trade Schools "]
[61151,"Technical and Trade Schools "]
[611511,"Cosmetology and Barber Schools "]
[611512,"Flight Training "]
[611513,"Apprenticeship Training "]
[611519,"Other Technical and Trade Schools "]
[6116,"Other Schools and Instruction "]
[61161,"Fine Arts Schools "]
[611610,"Fine Arts Schools "]
[61162,"Sports and Recreation Instruction "]
[611620,"Sports and Recreation Instruction "]
[61163,"Language Schools "]
[611630,"Language Schools "]
[61169,"All Other Schools and Instruction "]
[611691,"Exam Preparation and Tutoring "]
[611692,"Automobile Driving Schools "]
[611699,"All Other Miscellaneous Schools and Instruction "]
[6117,"Educational Support Services "]
[61171,"Educational Support Services "]
[611710,"Educational Support Services"]
[62,"Health Care and Social Assistance"]
[621,"Ambulatory Health Care Services "]
[6211,"Offices of Physicians "]
[62111,"Offices of Physicians "]
[621111,"Offices of Physicians (except Mental Health Specialists) "]
[621112,"Offices of Physicians, Mental Health Specialists "]
[6212,"Offices of Dentists "]
[62121,"Offices of Dentists "]
[621210,"Offices of Dentists "]
[6213,"Offices of Other Health Practitioners "]
[62131,"Offices of Chiropractors "]
[621310,"Offices of Chiropractors "]
[62132,"Offices of Optometrists "]
[621320,"Offices of Optometrists"]
[62133,"Offices of Mental Health Practitioners (except Physicians) "]
[621330,"Offices of Mental Health Practitioners (except Physicians) "]
[62134,"Offices of Physical, Occupational and Speech Therapists, and Audiologists "]
[621340,"Offices of Physical, Occupational and Speech Therapists, and Audiologists "]
[62139,"Offices of All Other Health Practitioners "]
[621391,"Offices of Podiatrists "]
[621399,"Offices of All Other Miscellaneous Health Practitioners "]
[6214,"Outpatient Care Centers "]
[62141,"Family Planning Centers "]
[621410,"Family Planning Centers "]
[62142,"Outpatient Mental Health and Substance Abuse Centers "]
[621420,"Outpatient Mental Health and Substance Abuse Centers "]
[62149,"Other Outpatient Care Centers "]
[621491,"HMO Medical Centers "]
[621492,"Kidney Dialysis Centers "]
[621493,"Freestanding Ambulatory Surgical and Emergency Centers "]
[621498,"All Other Outpatient Care Centers "]
[6215,"Medical and Diagnostic Laboratories "]
[62151,"Medical and Diagnostic Laboratories "]
[621511,"Medical Laboratories "]
[621512,"Diagnostic Imaging Centers "]
[6216,"Home Health Care Services "]
[62161,"Home Health Care Services "]
[621610,"Home Health Care Services"]
[6219,"Other Ambulatory Health Care Services "]
[62191,"Ambulance Services "]
[621910,"Ambulance Services "]
[62199,"All Other Ambulatory Health Care Services "]
[621991,"Blood and Organ Banks "]
[621999,"All Other Miscellaneous Ambulatory Health Care Services "]
[622,"Hospitals "]
[6221,"General Medical and Surgical Hospitals "]
[62211,"General Medical and Surgical Hospitals "]
[622110,"General Medical and Surgical Hospitals "]
[6222,"Psychiatric and Substance Abuse Hospitals "]
[62221,"Psychiatric and Substance Abuse Hospitals "]
[622210,"Psychiatric and Substance Abuse Hospitals "]
[6223,"Specialty (except Psychiatric and Substance Abuse) Hospitals "]
[62231,"Specialty (except Psychiatric and Substance Abuse) Hospitals "]
[622310,"Specialty (except Psychiatric and Substance Abuse) Hospitals "]
[623,"Nursing and Residential Care Facilities "]
[6231,"Nursing Care Facilities (Skilled Nursing Facilities) "]
[62311,"Nursing Care Facilities (Skilled Nursing Facilities) "]
[623110,"Nursing Care Facilities (Skilled Nursing Facilities) "]
[6232,"Residential Intellectual and Developmental Disability, Mental Health, and Substance Abuse Facilities"]
[62321,"Residential Intellectual and Developmental Disability Facilities "]
[623210,"Residential Intellectual and Developmental Disability Facilities "]
[62322,"Residential Mental Health and Substance Abuse Facilities "]
[623220,"Residential Mental Health and Substance Abuse Facilities "]
[6233,"Continuing Care Retirement Communities and Assisted Living Facilities for the Elderly "]
[62331,"Continuing Care Retirement Communities and Assisted Living Facilities for the Elderly "]
[623311,"Continuing Care Retirement Communities "]
[623312,"Assisted Living Facilities for the Elderly "]
[6239,"Other Residential Care Facilities "]
[62399,"Other Residential Care Facilities "]
[623990,"Other Residential Care Facilities "]
[624,"Social Assistance "]
[6241,"Individual and Family Services "]
[62411,"Child and Youth Services "]
[624110,"Child and Youth Services "]
[62412,"Services for the Elderly and Persons with Disabilities "]
[624120,"Services for the Elderly and Persons with Disabilities "]
[62419,"Other Individual and Family Services "]
[624190,"Other Individual and Family Services "]
[6242,"Community Food and Housing, and Emergency and Other Relief Services "]
[62421,"Community Food Services "]
[624210,"Community Food Services "]
[62422,"Community Housing Services "]
[624221,"Temporary Shelters "]
[624229,"Other Community Housing Services "]
[62423,"Emergency and Other Relief Services "]
[624230,"Emergency and Other Relief Services "]
[6243,"Vocational Rehabilitation Services "]
[62431,"Vocational Rehabilitation Services "]
[624310,"Vocational Rehabilitation Services "]
[6244,"Child Day Care Services "]
[62441,"Child Day Care Services "]
[624410,"Child Day Care Services "]
[71,"Arts, Entertainment, and Recreation"]
[711,"Performing Arts, Spectator Sports, and Related Industries "]
[7111,"Performing Arts Companies "]
[71111,"Theater Companies and Dinner Theaters "]
[711110,"Theater Companies and Dinner Theaters "]
[71112,"Dance Companies "]
[711120,"Dance Companies "]
[71113,"Musical Groups and Artists "]
[711130,"Musical Groups and Artists "]
[71119,"Other Performing Arts Companies "]
[711190,"Other Performing Arts Companies "]
[7112,"Spectator Sports "]
[71121,"Spectator Sports "]
[711211,"Sports Teams and Clubs "]
[711212,"Racetracks "]
[711219,"Other Spectator Sports "]
[7113,"Promoters of Performing Arts, Sports, and Similar Events "]
[71131,"Promoters of Performing Arts, Sports, and Similar Events with Facilities "]
[711310,"Promoters of Performing Arts, Sports, and Similar Events with Facilities "]
[71132,"Promoters of Performing Arts, Sports, and Similar Events without Facilities "]
[711320,"Promoters of Performing Arts, Sports, and Similar Events without Facilities "]
[7114,"Agents and Managers for Artists, Athletes, Entertainers, and Other Public Figures "]
[71141,"Agents and Managers for Artists, Athletes, Entertainers, and Other Public Figures "]
[711410,"Agents and Managers for Artists, Athletes, Entertainers, and Other Public Figures"]
[7115,"Independent Artists, Writers, and Performers "]
[71151,"Independent Artists, Writers, and Performers "]
[711510,"Independent Artists, Writers, and Performers "]
[712,"Museums, Historical Sites, and Similar Institutions "]
[7121,"Museums, Historical Sites, and Similar Institutions "]
[71211,"Museums "]
[712110,"Museums "]
[71212,"Historical Sites "]
[712120,"Historical Sites"]
[71213,"Zoos and Botanical Gardens "]
[712130,"Zoos and Botanical Gardens "]
[71219,"Nature Parks and Other Similar Institutions "]
[712190,"Nature Parks and Other Similar Institutions"]
[713,"Amusement, Gambling, and Recreation Industries "]
[7131,"Amusement Parks and Arcades "]
[71311,"Amusement and Theme Parks "]
[713110,"Amusement and Theme Parks "]
[71312,"Amusement Arcades "]
[713120,"Amusement Arcades"]
[7132,"Gambling Industries "]
[71321,"Casinos (except Casino Hotels) "]
[713210,"Casinos (except Casino Hotels)"]
[71329,"Other Gambling Industries "]
[713290,"Other Gambling Industries "]
[7139,"Other Amusement and Recreation Industries "]
[71391,"Golf Courses and Country Clubs "]
[713910,"Golf Courses and Country Clubs"]
[71392,"Skiing Facilities "]
[713920,"Skiing Facilities"]
[71393,"Marinas "]
[713930,"Marinas"]
[71394,"Fitness and Recreational Sports Centers "]
[713940,"Fitness and Recreational Sports Centers "]
[71395,"Bowling Centers "]
[713950,"Bowling Centers"]
[71399,"All Other Amusement and Recreation Industries "]
[713990,"All Other Amusement and Recreation Industries "]
[72,"Accommodation and Food Services"]
[721,"Accommodation "]
[7211,"Traveler Accommodation "]
[72111,"Hotels (except Casino Hotels) and Motels "]
[721110,"Hotels (except Casino Hotels) and Motels "]
[72112,"Casino Hotels "]
[721120,"Casino Hotels"]
[72119,"Other Traveler Accommodation "]
[721191,"Bed-and-Breakfast Inns "]
[721199,"All Other Traveler Accommodation "]
[7212,"RV (Recreational Vehicle) Parks and Recreational Camps "]
[72121,"RV (Recreational Vehicle) Parks and Recreational Camps "]
[721211,"RV (Recreational Vehicle) Parks and Campgrounds "]
[721214,"Recreational and Vacation Camps (except Campgrounds) "]
[7213,"Rooming and Boarding Houses "]
[72131,"Rooming and Boarding Houses "]
[721310,"Rooming and Boarding Houses "]
[722,"Food Services and Drinking Places "]
[722212,"Cafeterias"]
[7223,"Special Food Services "]
[72231,"Food Service Contractors "]
[722310,"Food Service Contractors"]
[72232,"Caterers "]
[722320,"Caterers"]
[72233,"Mobile Food Services "]
[722330,"Mobile Food Services"]
[7224,"Drinking Places (Alcoholic Beverages) "]
[72241,"Drinking Places (Alcoholic Beverages) "]
[722410,"Drinking Places (Alcoholic Beverages) "]
[7225,"Restaurants and Other Eating Places"]
[72251,"Restaurants and Other Eating Places"]
[722511,"Full-Service Restaurants "]
[722513,"Limited-Service Restaurants "]
[722514,"Cafeterias, Grill Buffets, and Buffets "]
[722515,"Snack and Nonalcoholic Beverage Bars "]
[81,"Other Services (except Public Administration)"]
[811,"Repair and Maintenance "]
[8111,"Automotive Repair and Maintenance "]
[81111,"Automotive Mechanical and Electrical Repair and Maintenance "]
[811111,"General Automotive Repair "]
[811112,"Automotive Exhaust System Repair "]
[811113,"Automotive Transmission Repair "]
[811118,"Other Automotive Mechanical and Electrical Repair and Maintenance "]
[81112,"Automotive Body, Paint, Interior, and Glass Repair"]
[811121,"Automotive Body, Paint, and Interior Repair and Maintenance "]
[811122,"Automotive Glass Replacement Shops "]
[81119,"Other Automotive Repair and Maintenance "]
[811191,"Automotive Oil Change and Lubrication Shops "]
[811192,"Car Washes "]
[811198,"All Other Automotive Repair and Maintenance "]
[8112,"Electronic and Precision Equipment Repair and Maintenance "]
[81121,"Electronic and Precision Equipment Repair and Maintenance "]
[811211,"Consumer Electronics Repair and Maintenance "]
[811212,"Computer and Office Machine Repair and Maintenance "]
[811213,"Communication Equipment Repair and Maintenance "]
[811219,"Other Electronic and Precision Equipment Repair and Maintenance "]
[8113,"Commercial and Industrial Machinery and Equipment (except Automotive and Electronic) Repair and Maintenance "]
[81131,"Commercial and Industrial Machinery and Equipment (except Automotive and Electronic) Repair and Maintenance "]
[811310,"Commercial and Industrial Machinery and Equipment (except Automotive and Electronic) Repair and Maintenance "]
[8114,"Personal and Household Goods Repair and Maintenance "]
[81141,"Home and Garden Equipment and Appliance Repair and Maintenance "]
[811411,"Home and Garden Equipment Repair and Maintenance "]
[811412,"Appliance Repair and Maintenance "]
[81142,"Reupholstery and Furniture Repair "]
[811420,"Reupholstery and Furniture Repair"]
[81143,"Footwear and Leather Goods Repair"]
[811430,"Footwear and Leather Goods Repair"]
[81149,"Other Personal and Household Goods Repair and Maintenance "]
[811490,"Other Personal and Household Goods Repair and Maintenance "]
[812,"Personal and Laundry Services"]
[8121,"Personal Care Services "]
[81211,"Hair, Nail, and Skin Care Services "]
[812111,"Barber Shops "]
[812112,"Beauty Salons "]
[812113,"Nail Salons "]
[81219,"Other Personal Care Services "]
[812191,"Diet and Weight Reducing Centers "]
[812199,"Other Personal Care Services "]
[8122,"Death Care Services "]
[81221,"Funeral Homes and Funeral Services "]
[812210,"Funeral Homes and Funeral Services "]
[81222,"Cemeteries and Crematories "]
[812220,"Cemeteries and Crematories "]
[8123,"Drycleaning and Laundry Services "]
[81231,"Coin-Operated Laundries and Drycleaners "]
[812310,"Coin-Operated Laundries and Drycleaners "]
[81232,"Drycleaning and Laundry Services (except Coin-Operated) "]
[812320,"Drycleaning and Laundry Services (except Coin-Operated) "]
[81233,"Linen and Uniform Supply "]
[812331,"Linen Supply "]
[812332,"Industrial Launderers "]
[8129,"Other Personal Services "]
[81291,"Pet Care (except Veterinary) Services "]
[812910,"Pet Care (except Veterinary) Services "]
[81292,"Photofinishing "]
[812921,"Photofinishing Laboratories (except One-Hour) "]
[812922,"One-Hour Photofinishing "]
[81293,"Parking Lots and Garages "]
[812930,"Parking Lots and Garages "]
[81299,"All Other Personal Services "]
[812990,"All Other Personal Services "]
[813,"Religious, Grantmaking, Civic, Professional, and Similar Organizations"]
[8131,"Religious Organizations "]
[81311,"Religious Organizations "]
[813110,"Religious Organizations "]
[8132,"Grantmaking and Giving Services "]
[81321,"Grantmaking and Giving Services "]
[813211,"Grantmaking Foundations "]
[813212,"Voluntary Health Organizations "]
[813219,"Other Grantmaking and Giving Services "]
[8133,"Social Advocacy Organizations "]
[81331,"Social Advocacy Organizations "]
[813311,"Human Rights Organizations "]
[813312,"Environment, Conservation and Wildlife Organizations "]
[813319,"Other Social Advocacy Organizations "]
[8134,"Civic and Social Organizations "]
[81341,"Civic and Social Organizations "]
[813410,"Civic and Social Organizations "]
[8139,"Business, Professional, Labor, Political, and Similar Organizations "]
[81391,"Business Associations "]
[813910,"Business Associations "]
[81392,"Professional Organizations "]
[813920,"Professional Organizations "]
[81393,"Labor Unions and Similar Labor Organizations "]
[813930,"Labor Unions and Similar Labor Organizations "]
[81394,"Political Organizations "]
[813940,"Political Organizations "]
[81399,"Other Similar Organizations (except Business, Professional, Labor, and Political Organizations) "]
[813990,"Other Similar Organizations (except Business, Professional, Labor, and Political Organizations) "]
[814,"Private Households "]
[8141,"Private Households "]
[81411,"Private Households "]
[814110,"Private Households"]
[92,"Public Administration"]
[921,"Executive, Legislative, and Other General Government Support "]
[9211,"Executive, Legislative, and Other General Government Support "]
[92111,"Executive Offices "]
[921110,"Executive Offices "]
[92112,"Legislative Bodies "]
[921120,"Legislative Bodies "]
[92113,"Public Finance Activities "]
[921130,"Public Finance Activities "]
[92114,"Executive and Legislative Offices, Combined "]
[921140,"Executive and Legislative Offices, Combined "]
[92115,"American Indian and Alaska Native Tribal Governments "]
[921150,"American Indian and Alaska Native Tribal Governments "]
[92119,"Other General Government Support "]
[921190,"Other General Government Support "]
[922,"Justice, Public Order, and Safety Activities "]
[9221,"Justice, Public Order, and Safety Activities "]
[92211,"Courts "]
[922110,"Courts "]
[92212,"Police Protection "]
[922120,"Police Protection "]
[92213,"Legal Counsel and Prosecution "]
[922130,"Legal Counsel and Prosecution "]
[92214,"Correctional Institutions "]
[922140,"Correctional Institutions "]
[92215,"Parole Offices and Probation Offices "]
[922150,"Parole Offices and Probation Offices "]
[92216,"Fire Protection "]
[922160,"Fire Protection "]
[92219,"Other Justice, Public Order, and Safety Activities "]
[922190,"Other Justice, Public Order, and Safety Activities "]
[923,"Administration of Human Resource Programs "]
[9231,"Administration of Human Resource Programs "]
[92311,"Administration of Education Programs "]
[923110,"Administration of Education Programs "]
[92312,"Administration of Public Health Programs "]
[923120,"Administration of Public Health Programs "]
[92313,"Administration of Human Resource Programs (except Education, Public Health, and Veterans' Affairs Programs) "]
[923130,"Administration of Human Resource Programs (except Education, Public Health, and Veterans' Affairs Programs) "]
[92314,"Administration of Veterans' Affairs "]
[923140,"Administration of Veterans' Affairs "]
[924,"Administration of Environmental Quality Programs "]
[9241,"Administration of Environmental Quality Programs "]
[92411,"Administration of Air and Water Resource and Solid Waste Management Programs "]
[924110,"Administration of Air and Water Resource and Solid Waste Management Programs "]
[92412,"Administration of Conservation Programs "]
[924120,"Administration of Conservation Programs "]
[925,"Administration of Housing Programs, Urban Planning, and Community Development "]
[9251,"Administration of Housing Programs, Urban Planning, and Community Development "]
[92511,"Administration of Housing Programs "]
[925110,"Administration of Housing Programs "]
[92512,"Administration of Urban Planning and Community and Rural Development "]
[925120,"Administration of Urban Planning and Community and Rural Development "]
[926,"Administration of Economic Programs "]
[9261,"Administration of Economic Programs "]
[92611,"Administration of General Economic Programs "]
[926110,"Administration of General Economic Programs "]
[92612,"Regulation and Administration of Transportation Programs "]
[926120,"Regulation and Administration of Transportation Programs "]
[92613,"Regulation and Administration of Communications, Electric, Gas, and Other Utilities "]
[926130,"Regulation and Administration of Communications, Electric, Gas, and Other Utilities "]
[92614,"Regulation of Agricultural Marketing and Commodities "]
[926140,"Regulation of Agricultural Marketing and Commodities "]
[92615,"Regulation, Licensing, and Inspection of Miscellaneous Commercial Sectors "]
[926150,"Regulation, Licensing, and Inspection of Miscellaneous Commercial Sectors "]
[927,"Space Research and Technology "]
[9271,"Space Research and Technology "]
[92711,"Space Research and Technology "]
[927110,"Space Research and Technology "]
[928,"National Security and International Affairs "]
[9281,"National Security and International Affairs "]
[92811,"National Security "]
[928110,"National Security "]
[92812,"International Affairs "]
[928120,"International Affairs "]